CRAN Package Check Results for Package aidar

Last updated on 2015-03-01 00:49:30.

Flavor Version Tinstall Tcheck Ttotal Status Flags
r-devel-linux-x86_64-debian-clang 1.0.0 0.99 27.82 28.81 NOTE
r-devel-linux-x86_64-debian-gcc 1.0.0 0.93 27.05 27.98 NOTE
r-devel-linux-x86_64-fedora-clang 1.0.0 59.59 NOTE
r-devel-linux-x86_64-fedora-gcc 1.0.0 54.98 NOTE
r-devel-osx-x86_64-clang 1.0.0 55.64 NOTE
r-devel-windows-ix86+x86_64 1.0.0 6.00 40.00 46.00 NOTE
r-patched-linux-x86_64 1.0.0 1.04 31.88 32.92 NOTE
r-patched-solaris-sparc 1.0.0 393.50 NOTE
r-patched-solaris-x86 1.0.0 86.30 NOTE
r-release-linux-ix86 1.0.0 2.22 40.76 42.98 NOTE
r-release-linux-x86_64 1.0.0 1.04 31.16 32.20 NOTE
r-release-osx-x86_64-mavericks 1.0.0 NOTE
r-release-osx-x86_64-snowleopard 1.0.0 OK
r-release-windows-ix86+x86_64 1.0.0 4.00 48.00 52.00 NOTE
r-oldrel-windows-ix86+x86_64 1.0.0 4.00 54.00 58.00 NOTE

Check Details

Version: 1.0.0
Check: DESCRIPTION meta-information
Result: NOTE
    Malformed Description field: should contain one or more complete sentences.
Flavors: r-devel-linux-x86_64-debian-clang, r-devel-linux-x86_64-debian-gcc, r-devel-linux-x86_64-fedora-clang, r-devel-linux-x86_64-fedora-gcc, r-devel-osx-x86_64-clang, r-devel-windows-ix86+x86_64

Version: 1.0.0
Check: dependencies in R code
Result: NOTE
    Package in Depends field not imported from: ‘XML’
     These packages need to be imported from (in the NAMESPACE file)
     for when this namespace is loaded but not attached.
Flavors: r-devel-linux-x86_64-debian-clang, r-devel-linux-x86_64-debian-gcc, r-devel-linux-x86_64-fedora-clang, r-devel-linux-x86_64-fedora-gcc, r-devel-osx-x86_64-clang, r-devel-windows-ix86+x86_64, r-patched-linux-x86_64, r-patched-solaris-x86

Version: 1.0.0
Check: R code for possible problems
Result: NOTE
    getAnnotation: no visible global function definition for ‘xmlRoot’
    getAnnotation: no visible global function definition for ‘xmlTreeParse’
    getAnnotation: no visible global function definition for ‘getNodeSet’
    getAnnotation: no visible binding for global variable ‘xmlGetAttr’
    getBins: no visible global function definition for ‘xmlGetAttr’
    getCloud1D: no visible global function definition for ‘xmlRoot’
    getCloud1D: no visible global function definition for ‘xmlTreeParse’
    getCloud1D: no visible global function definition for ‘getNodeSet’
    getCloud1D: no visible binding for global variable ‘xmlGetAttr’
    getCloud2D: no visible global function definition for ‘xmlRoot’
    getCloud2D: no visible global function definition for ‘xmlTreeParse’
    getCloud2D: no visible global function definition for ‘getNodeSet’
    getCloud2D: no visible binding for global variable ‘xmlGetAttr’
    getCloud3D: no visible global function definition for ‘xmlRoot’
    getCloud3D: no visible global function definition for ‘xmlTreeParse’
    getCloud3D: no visible global function definition for ‘getNodeSet’
    getCloud3D: no visible binding for global variable ‘xmlGetAttr’
    getEntries: no visible global function definition for ‘xmlGetAttr’
    getFileInfo: no visible global function definition for ‘xmlRoot’
    getFileInfo: no visible global function definition for ‘xmlTreeParse’
    getFileInfo: no visible binding for global variable ‘xmlGetAttr’
    getFileInfo: no visible global function definition for ‘getNodeSet’
    getHisto1D: no visible global function definition for ‘xmlRoot’
    getHisto1D: no visible global function definition for ‘xmlTreeParse’
    getHisto1D: no visible global function definition for ‘getNodeSet’
    getHisto1D: no visible binding for global variable ‘xmlGetAttr’
    getHisto1D: no visible global function definition for ‘xmlGetAttr’
    getHisto2D: no visible global function definition for ‘xmlRoot’
    getHisto2D: no visible global function definition for ‘xmlTreeParse’
    getHisto2D: no visible global function definition for ‘getNodeSet’
    getHisto2D: no visible binding for global variable ‘xmlGetAttr’
    getHisto3D: no visible global function definition for ‘xmlRoot’
    getHisto3D: no visible global function definition for ‘xmlTreeParse’
    getHisto3D: no visible global function definition for ‘getNodeSet’
    getHisto3D: no visible binding for global variable ‘xmlGetAttr’
    getProfile1D: no visible global function definition for ‘xmlRoot’
    getProfile1D: no visible global function definition for ‘xmlTreeParse’
    getProfile1D: no visible global function definition for ‘getNodeSet’
    getProfile1D: no visible binding for global variable ‘xmlGetAttr’
    getProfile2D: no visible global function definition for ‘xmlRoot’
    getProfile2D: no visible global function definition for ‘xmlTreeParse’
    getProfile2D: no visible global function definition for ‘getNodeSet’
    getProfile2D: no visible binding for global variable ‘xmlGetAttr’
    getRow: no visible global function definition for ‘getNodeSet’
    getRow: no visible binding for global variable ‘xmlGetAttr’
    getTuple: no visible global function definition for ‘xmlRoot’
    getTuple: no visible global function definition for ‘xmlTreeParse’
    getTuple: no visible global function definition for ‘getNodeSet’
    getTuple: no visible binding for global variable ‘xmlGetAttr’
    getXAxisInfo: no visible global function definition for ‘xmlGetAttr’
    getXStats: no visible global function definition for ‘xmlGetAttr’
    getYAxisInfo: no visible global function definition for ‘xmlGetAttr’
    getYStats: no visible global function definition for ‘xmlGetAttr’
Flavors: r-devel-linux-x86_64-debian-clang, r-devel-linux-x86_64-debian-gcc, r-devel-linux-x86_64-fedora-clang, r-devel-linux-x86_64-fedora-gcc, r-devel-osx-x86_64-clang, r-devel-windows-ix86+x86_64, r-patched-linux-x86_64, r-patched-solaris-sparc, r-patched-solaris-x86, r-release-linux-ix86, r-release-linux-x86_64, r-release-osx-x86_64-mavericks, r-release-windows-ix86+x86_64

Version: 1.0.0
Check: dependencies in R code
Result: NOTE
    Package in Depends field not imported from: ‘XML’
     These packages need to be imported from (in the NAMESPACE file)
     for when this namespace is loaded but not attached.
    See the information on DESCRIPTION files in the chapter ‘Creating R
    packages’ of the ‘Writing R Extensions’ manual.
Flavors: r-patched-solaris-sparc, r-release-linux-ix86, r-release-linux-x86_64, r-release-osx-x86_64-mavericks, r-release-windows-ix86+x86_64, r-oldrel-windows-ix86+x86_64