CRAN Package Check Results for Package aidar

Last updated on 2014-04-21 12:43:12.

Flavor Version Tinstall Tcheck Ttotal Status Flags
r-devel-linux-x86_64-debian-clang 1.0.0 1.16 32.56 33.72 NOTE
r-devel-linux-x86_64-debian-gcc 1.0.0 1.17 33.09 34.26 NOTE
r-devel-linux-x86_64-fedora-clang 1.0.0 69.28 NOTE
r-devel-linux-x86_64-fedora-gcc 1.0.0 67.85 NOTE
r-devel-osx-x86_64-clang 1.0.0 54.75 NOTE
r-devel-osx-x86_64-gcc 1.0.0 ERROR
r-devel-windows-ix86+x86_64 1.0.0 4.00 50.00 54.00 NOTE
r-patched-linux-x86_64 1.0.0 1.18 32.68 33.86 NOTE
r-patched-solaris-sparc 1.0.0 376.10 NOTE
r-patched-solaris-x86 1.0.0 86.20 NOTE
r-release-linux-x86_64 1.0.0 1.12 32.94 34.06 NOTE
r-release-osx-x86_64-mavericks 1.0.0 WARN
r-release-osx-x86_64-snowleopard 1.0.0 OK
r-release-windows-ix86+x86_64 1.0.0 6.00 68.00 74.00 NOTE
r-oldrel-windows-ix86+x86_64 1.0.0 3.00 58.00 61.00 NOTE

Check Details

Version: 1.0.0
Check: dependencies in R code
Result: NOTE
    Package in Depends field not imported from: ‘XML’
     These packages need to be imported from (in the NAMESPACE file)
     for when this namespace is loaded but not attached.
    See the information on DESCRIPTION files in the chapter ‘Creating R
    packages’ of the ‘Writing R Extensions’ manual.
Flavors: r-devel-linux-x86_64-debian-clang, r-devel-linux-x86_64-debian-gcc, r-devel-linux-x86_64-fedora-clang, r-devel-linux-x86_64-fedora-gcc, r-devel-osx-x86_64-clang, r-devel-windows-ix86+x86_64, r-patched-linux-x86_64, r-patched-solaris-sparc, r-patched-solaris-x86, r-release-linux-x86_64, r-release-osx-x86_64-mavericks, r-release-windows-ix86+x86_64, r-oldrel-windows-ix86+x86_64

Version: 1.0.0
Check: package dependencies
Result: ERROR
    Package required but not available: ‘XML’
    
    See the information on DESCRIPTION files in the chapter ‘Creating R
    packages’ of the ‘Writing R Extensions’ manual.
Flavor: r-devel-osx-x86_64-gcc

Version: 1.0.0
Check: PDF version of manual
Result: WARNING
    LaTeX errors when creating PDF version.
    This typically indicates Rd problems.
    LaTeX errors found:
    ! LaTeX Error: File `upquote.sty' not found.
    
    Type X to quit or <RETURN> to proceed,
    or enter new name. (Default extension: sty)
    
    a2aa54/Rd2.tex:8: ==> Fatal error occurred, no output PDF file produced!
Flavor: r-release-osx-x86_64-mavericks