CRAN Package Check Results for Package aidar

Last updated on 2014-07-26 19:50:18.

Flavor Version Tinstall Tcheck Ttotal Status Flags
r-devel-linux-x86_64-debian-clang 1.0.0 1.17 30.55 31.72 NOTE
r-devel-linux-x86_64-debian-gcc 1.0.0 1.05 30.66 31.71 NOTE
r-devel-linux-x86_64-fedora-clang 1.0.0 66.90 NOTE
r-devel-linux-x86_64-fedora-gcc 1.0.0 65.41 NOTE
r-devel-osx-x86_64-clang 1.0.0 58.48 NOTE
r-devel-windows-ix86+x86_64 1.0.0 3.00 49.00 52.00 NOTE
r-patched-linux-x86_64 1.0.0 1.13 33.31 34.44 NOTE
r-patched-solaris-sparc 1.0.0 376.10 NOTE
r-patched-solaris-x86 1.0.0 83.90 NOTE
r-release-linux-ix86 1.0.0 1.44 40.61 42.05 NOTE
r-release-linux-x86_64 1.0.0 1.13 31.32 32.45 NOTE
r-release-osx-x86_64-mavericks 1.0.0 NOTE
r-release-osx-x86_64-snowleopard 1.0.0 OK
r-release-windows-ix86+x86_64 1.0.0 5.00 47.00 52.00 NOTE
r-oldrel-windows-ix86+x86_64 1.0.0 3.00 58.00 61.00 NOTE

Check Details

Version: 1.0.0
Check: dependencies in R code
Result: NOTE
    Package in Depends field not imported from: ‘XML’
     These packages need to be imported from (in the NAMESPACE file)
     for when this namespace is loaded but not attached.
    See the information on DESCRIPTION files in the chapter ‘Creating R
    packages’ of the ‘Writing R Extensions’ manual.
Flavors: r-devel-linux-x86_64-debian-clang, r-devel-linux-x86_64-debian-gcc, r-devel-linux-x86_64-fedora-clang, r-devel-linux-x86_64-fedora-gcc, r-devel-osx-x86_64-clang, r-devel-windows-ix86+x86_64, r-patched-linux-x86_64, r-patched-solaris-sparc, r-patched-solaris-x86, r-release-linux-ix86, r-release-linux-x86_64, r-release-osx-x86_64-mavericks, r-release-windows-ix86+x86_64, r-oldrel-windows-ix86+x86_64