CRAN Package Check Results for Package aif360

Last updated on 2022-09-24 23:57:27 CEST.

Flavor Version Tinstall Tcheck Ttotal Status Flags
r-devel-linux-x86_64-debian-clang 0.1.0 8.11 74.69 82.80 NOTE
r-devel-linux-x86_64-debian-gcc 0.1.0 6.83 57.26 64.09 NOTE
r-devel-linux-x86_64-fedora-clang 0.1.0 107.97 NOTE
r-devel-linux-x86_64-fedora-gcc 0.1.0 112.40 NOTE
r-devel-windows-x86_64 0.1.0 27.00 102.00 129.00 NOTE
r-patched-linux-x86_64 0.1.0 6.66 74.71 81.37 NOTE
r-release-linux-x86_64 0.1.0 7.21 70.35 77.56 NOTE
r-release-macos-arm64 0.1.0 30.00 NOTE
r-release-macos-x86_64 0.1.0 49.00 NOTE
r-release-windows-x86_64 0.1.0 20.00 101.00 121.00 NOTE
r-oldrel-macos-arm64 0.1.0 41.00 NOTE
r-oldrel-macos-x86_64 0.1.0 66.00 NOTE
r-oldrel-windows-ix86+x86_64 0.1.0 18.00 93.00 111.00 NOTE

Additional issues

donttest

Check Details

Version: 0.1.0
Check: LazyData
Result: NOTE
     'LazyData' is specified without a 'data' directory
Flavors: r-devel-linux-x86_64-debian-clang, r-devel-linux-x86_64-debian-gcc, r-devel-linux-x86_64-fedora-clang, r-devel-linux-x86_64-fedora-gcc, r-devel-windows-x86_64, r-patched-linux-x86_64, r-release-linux-x86_64, r-release-macos-arm64, r-release-macos-x86_64, r-release-windows-x86_64, r-oldrel-macos-arm64, r-oldrel-macos-x86_64, r-oldrel-windows-ix86+x86_64