CRAN Package Check Results for Package airGRteaching

Last updated on 2019-04-23 16:50:28 CEST.

Flavor Version Tinstall Tcheck Ttotal Status Flags
r-devel-linux-x86_64-debian-clang 0.2.6.14 4.42 49.31 53.73 OK
r-devel-linux-x86_64-debian-gcc 0.2.6.14 3.47 39.49 42.96 OK
r-devel-linux-x86_64-fedora-clang 0.2.6.14 64.46 OK
r-devel-linux-x86_64-fedora-gcc 0.2.6.14 63.01 OK
r-devel-windows-ix86+x86_64 0.2.6.14 15.00 86.00 101.00 OK
r-patched-linux-x86_64 0.2.6.14 4.40 49.17 53.57 OK
r-patched-solaris-x86 0.2.6.14 101.50 OK
r-release-linux-x86_64 0.2.6.14 3.10 47.86 50.96 OK
r-release-windows-ix86+x86_64 0.2.6.14 5.00 70.00 75.00 OK
r-release-osx-x86_64 0.2.6.14 OK
r-oldrel-windows-ix86+x86_64 0.2.6.14 8.00 82.00 90.00 OK
r-oldrel-osx-x86_64 0.2.3.2 NOTE

Check Details

Version: 0.2.3.2
Check: dependencies in R code
Result: NOTE
    Namespace in Imports field not imported from: ‘htmlwidgets’
     All declared Imports should be used.
Flavor: r-oldrel-osx-x86_64