CRAN Package Check Results for Package airportr

Last updated on 2023-11-28 18:49:10 CET.

Flavor Version Tinstall Tcheck Ttotal Status Flags
r-devel-linux-x86_64-debian-clang 0.1.3 5.35 49.87 55.22 OK
r-devel-linux-x86_64-debian-gcc 0.1.3 4.24 37.70 41.94 OK
r-devel-linux-x86_64-fedora-clang 0.1.3 67.84 NOTE
r-devel-linux-x86_64-fedora-gcc 0.1.3 75.95 NOTE
r-devel-windows-x86_64 0.1.3 5.00 59.00 64.00 OK
r-patched-linux-x86_64 0.1.3 4.09 47.35 51.44 OK
r-release-linux-x86_64 0.1.3 3.62 46.40 50.02 OK
r-release-macos-arm64 0.1.3 31.00 OK
r-release-macos-x86_64 0.1.3 47.00 OK
r-release-windows-x86_64 0.1.3 8.00 63.00 71.00 OK
r-oldrel-macos-arm64 0.1.3 27.00 NOTE
r-oldrel-macos-x86_64 0.1.3 37.00 NOTE
r-oldrel-windows-x86_64 0.1.3 7.00 66.00 73.00 OK

Check Details

Version: 0.1.3
Check: data for non-ASCII characters
Result: NOTE Note: found 710 marked UTF-8 strings Flavors: r-devel-linux-x86_64-fedora-clang, r-devel-linux-x86_64-fedora-gcc, r-oldrel-macos-arm64, r-oldrel-macos-x86_64