Last updated on 2022-07-04 16:52:20 CEST.
Flavor | Version | Tinstall | Tcheck | Ttotal | Status | Flags |
---|---|---|---|---|---|---|
r-devel-linux-x86_64-debian-clang | 1.3.0 | 5.25 | 58.85 | 64.10 | NOTE | |
r-devel-linux-x86_64-debian-gcc | 1.3.0 | 4.13 | 44.44 | 48.57 | NOTE | |
r-devel-linux-x86_64-fedora-clang | 1.3.0 | 82.65 | NOTE | |||
r-devel-linux-x86_64-fedora-gcc | 1.3.0 | 82.00 | NOTE | |||
r-devel-windows-x86_64 | 1.3.0 | 19.00 | 89.00 | 108.00 | NOTE | |
r-patched-linux-x86_64 | 1.3.0 | 3.39 | 55.77 | 59.16 | NOTE | |
r-release-linux-x86_64 | 1.3.0 | 4.30 | 54.60 | 58.90 | NOTE | |
r-release-macos-arm64 | 1.3.0 | 27.00 | NOTE | |||
r-release-macos-x86_64 | 1.3.0 | 38.00 | NOTE | |||
r-release-windows-x86_64 | 1.3.0 | 16.00 | 87.00 | 103.00 | NOTE | |
r-oldrel-macos-arm64 | 1.3.0 | 28.00 | NOTE | |||
r-oldrel-macos-x86_64 | 1.3.0 | 43.00 | NOTE | |||
r-oldrel-windows-ix86+x86_64 | 1.3.0 | 13.00 | 86.00 | 99.00 | NOTE |
Version: 1.3.0
Check: LazyData
Result: NOTE
'LazyData' is specified without a 'data' directory
Flavors: r-devel-linux-x86_64-debian-clang, r-devel-linux-x86_64-debian-gcc, r-devel-linux-x86_64-fedora-clang, r-devel-linux-x86_64-fedora-gcc, r-devel-windows-x86_64, r-patched-linux-x86_64, r-release-linux-x86_64, r-release-macos-arm64, r-release-macos-x86_64, r-release-windows-x86_64, r-oldrel-macos-arm64, r-oldrel-macos-x86_64, r-oldrel-windows-ix86+x86_64