CRAN Package Check Results for Package akima

Last updated on 2018-02-22 16:47:29 CET.

Flavor Version Tinstall Tcheck Ttotal Status Flags
r-devel-linux-x86_64-debian-clang 0.6-2 9.68 25.70 35.38 NOTE
r-devel-linux-x86_64-debian-gcc 0.6-2 6.87 22.56 29.43 NOTE
r-devel-linux-x86_64-fedora-clang 0.6-2 45.65 NOTE
r-devel-linux-x86_64-fedora-gcc 0.6-2 43.97 NOTE
r-devel-windows-ix86+x86_64 0.6-2 41.00 51.00 92.00 OK
r-patched-linux-x86_64 0.6-2 8.08 29.96 38.04 NOTE
r-patched-solaris-x86 0.6-2 60.00 OK
r-release-linux-x86_64 0.6-2 7.92 30.19 38.11 NOTE
r-release-windows-ix86+x86_64 0.6-2 39.00 64.00 103.00 OK
r-release-osx-x86_64 0.6-2 OK
r-oldrel-windows-ix86+x86_64 0.6-2 26.00 49.00 75.00 OK
r-oldrel-osx-x86_64 0.6-2 OK

Check Details

Version: 0.6-2
Check: compiled code
Result: NOTE
    File ‘akima/libs/akima.so’:
     Found no call to: ‘R_useDynamicSymbols’
    
    It is good practice to register native routines and to disable symbol
    search.
    
    See ‘Writing portable packages’ in the ‘Writing R Extensions’ manual.
Flavors: r-devel-linux-x86_64-debian-clang, r-devel-linux-x86_64-debian-gcc, r-devel-linux-x86_64-fedora-clang, r-devel-linux-x86_64-fedora-gcc, r-patched-linux-x86_64, r-release-linux-x86_64