CRAN Package Check Results for Package akima

Last updated on 2015-04-25 15:46:09.

Flavor Version Tinstall Tcheck Ttotal Status Flags
r-devel-linux-x86_64-debian-clang 0.5-11 6.37 10.66 17.03 NOTE
r-devel-linux-x86_64-debian-gcc 0.5-11 6.03 10.74 16.77 NOTE
r-devel-linux-x86_64-fedora-clang 0.5-11 29.52 NOTE
r-devel-linux-x86_64-fedora-gcc 0.5-11 29.42 NOTE
r-devel-osx-x86_64-clang 0.5-11 32.98 NOTE
r-devel-windows-ix86+x86_64 0.5-11 23.00 25.00 48.00 NOTE
r-patched-linux-x86_64 0.5-11 5.99 10.34 16.33 NOTE
r-patched-solaris-sparc 0.5-11 199.40 NOTE
r-patched-solaris-x86 0.5-11 48.10 ERROR
r-release-linux-x86_64 0.5-11 6.00 10.58 16.58 NOTE
r-release-osx-x86_64-mavericks 0.5-11 NOTE
r-release-osx-x86_64-snowleopard 0.5-11 NOTE
r-release-windows-ix86+x86_64 0.5-11 20.00 26.00 46.00 NOTE
r-oldrel-windows-ix86+x86_64 0.5-11 30.00 24.00 54.00 OK

Memtest notes: valgrind

Check Details

Version: 0.5-11
Check: DESCRIPTION meta-information
Result: NOTE
    Malformed Description field: should contain one or more complete sentences.
Flavors: r-devel-windows-ix86+x86_64, r-release-windows-ix86+x86_64