CRAN Package Check Results for Package akima

Last updated on 2020-09-28 07:49:53 CEST.

Flavor Version Tinstall Tcheck Ttotal Status Flags
r-devel-linux-x86_64-debian-clang 0.6-2.1 11.88 36.96 48.84 OK
r-devel-linux-x86_64-debian-gcc 0.6-2.1 9.46 28.55 38.01 OK
r-devel-linux-x86_64-fedora-clang 0.6-2.1 70.62 NOTE
r-devel-linux-x86_64-fedora-gcc 0.6-2.1 59.15 OK
r-devel-windows-ix86+x86_64 0.6-2.1 34.00 70.00 104.00 OK
r-patched-linux-x86_64 0.6-2.1 10.23 35.51 45.74 OK
r-patched-solaris-x86 0.6-2.1 78.50 OK
r-release-linux-x86_64 0.6-2.1 9.77 35.53 45.30 OK
r-release-macos-x86_64 0.6-2.1 OK
r-release-windows-ix86+x86_64 0.6-2.1 48.00 65.00 113.00 OK
r-oldrel-macos-x86_64 0.6-2.1 OK
r-oldrel-windows-ix86+x86_64 0.6-2.1 32.00 67.00 99.00 OK

Check Details

Version: 0.6-2.1
Check: Rd cross-references
Result: NOTE
    Undeclared package ‘tripack’ in Rd xrefs
Flavor: r-devel-linux-x86_64-fedora-clang