CRAN Package Check Results for Package akima

Last updated on 2017-11-24 09:47:27 CET.

Flavor Version Tinstall Tcheck Ttotal Status Flags
r-devel-linux-x86_64-debian-clang 0.6-2 5.88 29.01 34.89 NOTE
r-devel-linux-x86_64-debian-gcc 0.6-2 13.60 47.74 61.34 NOTE
r-devel-linux-x86_64-fedora-clang 0.6-2 40.92 NOTE
r-devel-linux-x86_64-fedora-gcc 0.6-2 39.65 NOTE
r-devel-windows-ix86+x86_64 0.6-2 36.00 49.00 85.00 OK
r-patched-linux-x86_64 0.6-2 7.27 51.87 59.14 NOTE
r-patched-solaris-x86 0.6-2 62.20 OK
r-release-linux-x86_64 0.6-2 7.87 51.47 59.34 NOTE
r-release-windows-ix86+x86_64 0.6-2 27.00 71.00 98.00 OK
r-release-osx-x86_64 0.6-2 OK
r-oldrel-windows-ix86+x86_64 0.6-2 26.00 60.00 86.00 OK
r-oldrel-osx-x86_64 0.6-2 OK

Check Details

Version: 0.6-2
Check: compiled code
Result: NOTE
    File ‘akima/libs/akima.so’:
     Found no call to: ‘R_useDynamicSymbols’
    
    It is good practice to register native routines and to disable symbol
    search.
    
    See ‘Writing portable packages’ in the ‘Writing R Extensions’ manual.
Flavors: r-devel-linux-x86_64-debian-clang, r-devel-linux-x86_64-debian-gcc, r-devel-linux-x86_64-fedora-clang, r-devel-linux-x86_64-fedora-gcc, r-patched-linux-x86_64, r-release-linux-x86_64