CRAN Package Check Results for Package akima

Last updated on 2020-07-09 07:49:15 CEST.

Flavor Version Tinstall Tcheck Ttotal Status Flags
r-devel-linux-x86_64-debian-clang 0.6-2.1 11.35 35.42 46.77 OK
r-devel-linux-x86_64-debian-gcc 0.6-2.1 9.63 28.28 37.91 OK
r-devel-linux-x86_64-fedora-clang 0.6-2.1 69.62 NOTE
r-devel-linux-x86_64-fedora-gcc 0.6-2.1 57.23 OK
r-devel-windows-ix86+x86_64 0.6-2.1 31.00 66.00 97.00 OK
r-patched-linux-x86_64 0.6-2.1 10.46 35.34 45.80 OK
r-patched-solaris-x86 0.6-2.1 78.30 OK
r-release-linux-x86_64 0.6-2.1 10.07 35.36 45.43 OK
r-release-osx-x86_64 0.6-2.1 OK
r-release-windows-ix86+x86_64 0.6-2.1 31.00 98.00 129.00 OK
r-oldrel-osx-x86_64 0.6-2.1 OK
r-oldrel-windows-ix86+x86_64 0.6-2.1 32.00 77.00 109.00 OK

Check Details

Version: 0.6-2.1
Check: Rd cross-references
Result: NOTE
    Undeclared package ‘tripack’ in Rd xrefs
Flavor: r-devel-linux-x86_64-fedora-clang