CRAN Package Check Results for Package akima

Last updated on 2017-03-29 06:47:52.

Flavor Version Tinstall Tcheck Ttotal Status Flags
r-devel-linux-x86_64-debian-clang 0.6-2 7.83 20.55 28.38 NOTE
r-devel-linux-x86_64-debian-gcc 0.6-2 7.79 19.38 27.17 NOTE
r-devel-linux-x86_64-fedora-clang 0.6-2 43.10 NOTE --no-stop-on-test-error
r-devel-linux-x86_64-fedora-gcc 0.6-2 45.72 NOTE --no-stop-on-test-error
r-devel-macos-x86_64-clang 0.6-2 38.62 NOTE --no-stop-on-test-error
r-devel-windows-ix86+x86_64 0.6-2 30.00 48.00 78.00 OK
r-patched-linux-x86_64 0.6-2 7.29 19.93 27.22 NOTE
r-patched-solaris-sparc 0.6-2 259.30 OK
r-patched-solaris-x86 0.6-2 63.60 OK
r-release-linux-x86_64 0.6-2 6.72 16.28 23.00 OK
r-release-osx-x86_64-mavericks 0.6-2 OK
r-release-windows-ix86+x86_64 0.6-2 35.00 89.00 124.00 OK
r-oldrel-windows-ix86+x86_64 0.6-2 27.00 43.00 70.00 OK

Check Details

Version: 0.6-2
Check: compiled code
Result: NOTE
    File ‘akima/libs/akima.so’:
     Found no call to: ‘R_useDynamicSymbols’
    
    It is good practice to register native routines and to disable symbol
    search.
    
    See ‘Writing portable packages’ in the ‘Writing R Extensions’ manual.
Flavors: r-devel-linux-x86_64-debian-clang, r-devel-linux-x86_64-debian-gcc, r-patched-linux-x86_64

Version: 0.6-2
Flags: --no-stop-on-test-error
Check: compiled code
Result: NOTE
    File ‘akima/libs/akima.so’:
     Found no call to: ‘R_useDynamicSymbols’
    
    It is good practice to register native routines and to disable symbol
    search.
    
    See ‘Writing portable packages’ in the ‘Writing R Extensions’ manual.
Flavors: r-devel-linux-x86_64-fedora-clang, r-devel-linux-x86_64-fedora-gcc, r-devel-macos-x86_64-clang