CRAN Package Check Results for Package akima

Last updated on 2017-05-26 06:46:28.

Flavor Version Tinstall Tcheck Ttotal Status Flags
r-devel-linux-x86_64-debian-clang 0.6-2 8.31 19.72 28.03 NOTE
r-devel-linux-x86_64-debian-gcc 0.6-2 7.65 19.92 27.57 NOTE
r-devel-linux-x86_64-fedora-clang 0.6-2 45.26 NOTE --no-stop-on-test-error
r-devel-linux-x86_64-fedora-gcc 0.6-2 42.55 NOTE --no-stop-on-test-error
r-devel-windows-ix86+x86_64 0.6-2 35.00 76.00 111.00 OK
r-patched-linux-x86_64 0.6-2 7.29 19.58 26.88 NOTE
r-patched-solaris-sparc 0.6-2 259.30 OK
r-patched-solaris-x86 0.6-2 57.90 OK
r-release-linux-x86_64 0.6-2 7.26 19.55 26.82 NOTE
r-release-windows-ix86+x86_64 0.6-2 41.00 99.00 140.00 OK
r-release-osx-x86_64 0.6-2 OK
r-oldrel-windows-ix86+x86_64 0.6-2 41.00 42.00 83.00 OK
r-oldrel-osx-x86_64 0.6-2 OK

Check Details

Version: 0.6-2
Check: compiled code
Result: NOTE
    File ‘akima/libs/akima.so’:
     Found no call to: ‘R_useDynamicSymbols’
    
    It is good practice to register native routines and to disable symbol
    search.
    
    See ‘Writing portable packages’ in the ‘Writing R Extensions’ manual.
Flavors: r-devel-linux-x86_64-debian-clang, r-devel-linux-x86_64-debian-gcc, r-patched-linux-x86_64, r-release-linux-x86_64

Version: 0.6-2
Flags: --no-stop-on-test-error
Check: compiled code
Result: NOTE
    File ‘akima/libs/akima.so’:
     Found no call to: ‘R_useDynamicSymbols’
    
    It is good practice to register native routines and to disable symbol
    search.
    
    See ‘Writing portable packages’ in the ‘Writing R Extensions’ manual.
Flavors: r-devel-linux-x86_64-fedora-clang, r-devel-linux-x86_64-fedora-gcc