CRAN Package Check Results for Package akima

Last updated on 2017-07-26 02:47:40.

Flavor Version Tinstall Tcheck Ttotal Status Flags
r-devel-linux-x86_64-debian-clang 0.6-2 7.64 27.25 34.89 NOTE
r-devel-linux-x86_64-debian-gcc 0.6-2 7.75 27.60 35.35 NOTE
r-devel-linux-x86_64-fedora-clang 0.6-2 43.90 NOTE
r-devel-linux-x86_64-fedora-gcc 0.6-2 45.30 NOTE
r-devel-windows-ix86+x86_64 0.6-2 48.00 56.00 104.00 OK
r-patched-linux-x86_64 0.6-2 7.12 26.98 34.11 NOTE
r-patched-solaris-x86 0.6-2 57.00 OK
r-release-linux-x86_64 0.6-2 7.21 27.06 34.27 NOTE
r-release-windows-ix86+x86_64 0.6-2 28.00 73.00 101.00 OK
r-release-osx-x86_64 0.6-2 OK
r-oldrel-windows-ix86+x86_64 0.6-2 29.00 46.00 75.00 OK
r-oldrel-osx-x86_64 0.6-2 OK

Check Details

Version: 0.6-2
Check: compiled code
Result: NOTE
    File ‘akima/libs/akima.so’:
     Found no call to: ‘R_useDynamicSymbols’
    
    It is good practice to register native routines and to disable symbol
    search.
    
    See ‘Writing portable packages’ in the ‘Writing R Extensions’ manual.
Flavors: r-devel-linux-x86_64-debian-clang, r-devel-linux-x86_64-debian-gcc, r-devel-linux-x86_64-fedora-clang, r-devel-linux-x86_64-fedora-gcc, r-patched-linux-x86_64, r-release-linux-x86_64