CRAN Package Check Results for Package akima

Last updated on 2017-09-22 02:47:21.

Flavor Version Tinstall Tcheck Ttotal Status Flags
r-devel-linux-x86_64-debian-clang 0.6-2 7.40 19.79 27.19 NOTE
r-devel-linux-x86_64-debian-gcc 0.6-2 5.93 19.73 25.66 NOTE
r-devel-linux-x86_64-fedora-clang 0.6-2 44.91 NOTE
r-devel-linux-x86_64-fedora-gcc 0.6-2 44.48 NOTE
r-devel-windows-ix86+x86_64 0.6-2 35.00 51.00 86.00 OK
r-patched-linux-x86_64 0.6-2 5.77 19.81 25.58 NOTE
r-patched-solaris-x86 0.6-2 57.50 OK
r-release-linux-x86_64 0.6-2 5.86 20.09 25.94 NOTE
r-release-windows-ix86+x86_64 0.6-2 28.00 54.00 82.00 OK
r-release-osx-x86_64 0.6-2 OK
r-oldrel-windows-ix86+x86_64 0.6-2 28.00 41.00 69.00 OK
r-oldrel-osx-x86_64 0.6-2 OK

Check Details

Version: 0.6-2
Check: compiled code
Result: NOTE
    File ‘akima/libs/akima.so’:
     Found no call to: ‘R_useDynamicSymbols’
    
    It is good practice to register native routines and to disable symbol
    search.
    
    See ‘Writing portable packages’ in the ‘Writing R Extensions’ manual.
Flavors: r-devel-linux-x86_64-debian-clang, r-devel-linux-x86_64-debian-gcc, r-devel-linux-x86_64-fedora-clang, r-devel-linux-x86_64-fedora-gcc, r-patched-linux-x86_64, r-release-linux-x86_64