CRAN Package Check Results for Package alabama

Last updated on 2016-07-26 18:48:07.

Flavor Version Tinstall Tcheck Ttotal Status Flags
r-devel-linux-x86_64-debian-clang 2015.3-1 0.75 13.59 14.34 NOTE
r-devel-linux-x86_64-debian-gcc 2015.3-1 0.69 13.57 14.26 NOTE
r-devel-linux-x86_64-fedora-clang 2015.3-1 21.23 NOTE
r-devel-linux-x86_64-fedora-gcc 2015.3-1 18.13 NOTE
r-devel-osx-x86_64-clang 2015.3-1 18.74 NOTE
r-devel-windows-ix86+x86_64 2015.3-1 2.00 29.00 31.00 NOTE
r-patched-linux-x86_64 2015.3-1 0.86 13.75 14.61 NOTE
r-patched-solaris-sparc 2015.3-1 118.80 NOTE
r-patched-solaris-x86 2015.3-1 24.60 NOTE
r-release-linux-x86_64 2015.3-1 0.64 13.18 13.82 NOTE
r-release-osx-x86_64-mavericks 2015.3-1 NOTE
r-release-windows-ix86+x86_64 2015.3-1 3.00 36.00 39.00 NOTE
r-oldrel-windows-ix86+x86_64 2015.3-1 3.00 20.00 23.00 OK

Check Details

Version: 2015.3-1
Check: R code for possible problems
Result: NOTE
    adpbar: no visible global function definition for ‘optim’
    alabama: no visible global function definition for ‘optim’
    auglag: no visible global function definition for ‘modifyList’
    auglag1: no visible global function definition for ‘optim’
    auglag1: no visible global function definition for ‘nlminb’
    auglag2: no visible global function definition for ‘optim’
    auglag2: no visible global function definition for ‘nlminb’
    auglag3: no visible global function definition for ‘optim’
    auglag3: no visible global function definition for ‘nlminb’
    augpen: no visible global function definition for ‘optim’
    constrOptim.nl: no visible global function definition for ‘modifyList’
    Undefined global functions or variables:
     modifyList nlminb optim
    Consider adding
     importFrom("stats", "nlminb", "optim")
     importFrom("utils", "modifyList")
    to your NAMESPACE file.
Flavors: r-devel-linux-x86_64-debian-clang, r-devel-linux-x86_64-debian-gcc, r-devel-linux-x86_64-fedora-clang, r-devel-linux-x86_64-fedora-gcc, r-devel-osx-x86_64-clang, r-devel-windows-ix86+x86_64, r-patched-linux-x86_64, r-patched-solaris-sparc, r-patched-solaris-x86, r-release-linux-x86_64, r-release-osx-x86_64-mavericks, r-release-windows-ix86+x86_64