CRAN Package Check Results for Package alabama

Last updated on 2017-05-26 14:46:20.

Flavor Version Tinstall Tcheck Ttotal Status Flags
r-devel-linux-x86_64-debian-clang 2015.3-1 0.63 13.84 14.47 NOTE
r-devel-linux-x86_64-debian-gcc 2015.3-1 0.67 14.23 14.91 NOTE
r-devel-linux-x86_64-fedora-clang 2015.3-1 24.59 NOTE
r-devel-linux-x86_64-fedora-gcc 2015.3-1 22.82 NOTE
r-devel-windows-ix86+x86_64 2015.3-1 4.00 42.00 46.00 NOTE
r-patched-linux-x86_64 2015.3-1 0.66 15.15 15.81 NOTE
r-patched-solaris-sparc 2015.3-1 143.60 NOTE
r-patched-solaris-x86 2015.3-1 31.40 NOTE
r-release-linux-x86_64 2015.3-1 0.74 13.35 14.08 NOTE
r-release-windows-ix86+x86_64 2015.3-1 2.00 29.00 31.00 NOTE
r-release-osx-x86_64 2015.3-1 NOTE
r-oldrel-windows-ix86+x86_64 2015.3-1 2.00 29.00 31.00 NOTE
r-oldrel-osx-x86_64 2015.3-1 NOTE

Check Details

Version: 2015.3-1
Check: R code for possible problems
Result: NOTE
    adpbar: no visible global function definition for ‘optim’
    alabama: no visible global function definition for ‘optim’
    auglag: no visible global function definition for ‘modifyList’
    auglag1: no visible global function definition for ‘optim’
    auglag1: no visible global function definition for ‘nlminb’
    auglag2: no visible global function definition for ‘optim’
    auglag2: no visible global function definition for ‘nlminb’
    auglag3: no visible global function definition for ‘optim’
    auglag3: no visible global function definition for ‘nlminb’
    augpen: no visible global function definition for ‘optim’
    constrOptim.nl: no visible global function definition for ‘modifyList’
    Undefined global functions or variables:
     modifyList nlminb optim
    Consider adding
     importFrom("stats", "nlminb", "optim")
     importFrom("utils", "modifyList")
    to your NAMESPACE file.
Flavors: r-devel-linux-x86_64-debian-clang, r-devel-linux-x86_64-debian-gcc, r-devel-linux-x86_64-fedora-clang, r-devel-linux-x86_64-fedora-gcc, r-devel-windows-ix86+x86_64, r-patched-linux-x86_64, r-patched-solaris-sparc, r-patched-solaris-x86, r-release-linux-x86_64, r-release-windows-ix86+x86_64, r-release-osx-x86_64, r-oldrel-windows-ix86+x86_64, r-oldrel-osx-x86_64