CRAN Package Check Results for Package alabama

Last updated on 2016-02-10 23:46:44.

Flavor Version Tinstall Tcheck Ttotal Status Flags
r-devel-linux-x86_64-debian-gcc 2015.3-1 0.56 10.29 10.85 NOTE
r-devel-linux-x86_64-fedora-clang 2015.3-1 20.02 NOTE
r-devel-linux-x86_64-fedora-gcc 2015.3-1 19.39 NOTE
r-devel-osx-x86_64-clang 2015.3-1 24.29 NOTE
r-devel-windows-ix86+x86_64 2015.3-1 4.00 30.00 34.00 NOTE
r-patched-linux-x86_64 2015.3-1 0.65 11.00 11.65 OK
r-patched-solaris-sparc 2015.3-1 129.00 OK
r-patched-solaris-x86 2015.3-1 27.50 OK
r-release-linux-x86_64 2015.3-1 0.60 10.90 11.50 OK
r-release-osx-x86_64-mavericks 2015.3-1 OK
r-release-windows-ix86+x86_64 2015.3-1 3.00 20.00 23.00 OK
r-oldrel-windows-ix86+x86_64 2015.3-1 3.00 21.00 24.00 OK

Check Details

Version: 2015.3-1
Check: R code for possible problems
Result: NOTE
    adpbar: no visible global function definition for ‘optim’
    alabama: no visible global function definition for ‘optim’
    auglag: no visible global function definition for ‘modifyList’
    auglag1: no visible global function definition for ‘optim’
    auglag1: no visible global function definition for ‘nlminb’
    auglag2: no visible global function definition for ‘optim’
    auglag2: no visible global function definition for ‘nlminb’
    auglag3: no visible global function definition for ‘optim’
    auglag3: no visible global function definition for ‘nlminb’
    augpen: no visible global function definition for ‘optim’
    constrOptim.nl: no visible global function definition for ‘modifyList’
    Undefined global functions or variables:
     modifyList nlminb optim
    Consider adding
     importFrom("stats", "nlminb", "optim")
     importFrom("utils", "modifyList")
    to your NAMESPACE file.
Flavors: r-devel-linux-x86_64-debian-gcc, r-devel-linux-x86_64-fedora-clang, r-devel-linux-x86_64-fedora-gcc, r-devel-osx-x86_64-clang, r-devel-windows-ix86+x86_64