CRAN Package Check Results for Package alabama

Last updated on 2015-08-04 23:48:02.

Flavor Version Tinstall Tcheck Ttotal Status Flags
r-devel-linux-x86_64-debian-clang 2015.3-1 0.50 11.00 11.50 NOTE
r-devel-linux-x86_64-debian-gcc 2015.3-1 0.56 10.96 11.52 NOTE
r-devel-linux-x86_64-fedora-clang 2015.3-1 21.50 NOTE
r-devel-linux-x86_64-fedora-gcc 2015.3-1 20.31 NOTE
r-devel-osx-x86_64-clang 2015.3-1 22.60 OK
r-devel-windows-ix86+x86_64 2015.3-1 2.00 20.00 22.00 NOTE
r-patched-linux-x86_64 2015.3-1 0.55 10.99 11.54 OK
r-patched-solaris-sparc 2015.3-1 145.90 OK
r-patched-solaris-x86 2015.3-1 32.30 OK
r-release-linux-x86_64 2015.3-1 0.56 11.17 11.74 OK
r-release-osx-x86_64-mavericks 2015.3-1 OK
r-release-windows-ix86+x86_64 2015.3-1 2.00 18.00 20.00 OK
r-oldrel-windows-ix86+x86_64 2015.3-1 3.00 21.00 24.00 OK

Check Details

Version: 2015.3-1
Check: R code for possible problems
Result: NOTE
    adpbar: no visible global function definition for ‘optim’
    alabama: no visible global function definition for ‘optim’
    auglag: no visible global function definition for ‘modifyList’
    auglag1: no visible global function definition for ‘optim’
    auglag1: no visible global function definition for ‘nlminb’
    auglag2: no visible global function definition for ‘optim’
    auglag2: no visible global function definition for ‘nlminb’
    auglag3: no visible global function definition for ‘optim’
    auglag3: no visible global function definition for ‘nlminb’
    augpen: no visible global function definition for ‘optim’
    constrOptim.nl: no visible global function definition for ‘modifyList’
    Undefined global functions or variables:
     modifyList nlminb optim
    Consider adding
     importFrom("stats", "nlminb", "optim")
     importFrom("utils", "modifyList")
    to your NAMESPACE.
Flavors: r-devel-linux-x86_64-debian-clang, r-devel-linux-x86_64-debian-gcc, r-devel-linux-x86_64-fedora-clang, r-devel-linux-x86_64-fedora-gcc, r-devel-windows-ix86+x86_64