CRAN Package Check Results for Package alabama

Last updated on 2014-07-24 05:48:21.

Flavor Version Tinstall Tcheck Ttotal Status Flags
r-devel-linux-x86_64-debian-clang 2011.9-1 0.55 11.27 11.82 NOTE
r-devel-linux-x86_64-debian-gcc 2011.9-1 0.55 11.12 11.67 NOTE
r-devel-linux-x86_64-fedora-clang 2011.9-1 24.93 NOTE
r-devel-linux-x86_64-fedora-gcc 2011.9-1 23.44 NOTE
r-devel-osx-x86_64-clang 2011.9-1 27.63 NOTE
r-devel-windows-ix86+x86_64 2011.9-1 2.00 18.00 20.00 NOTE
r-patched-linux-x86_64 2011.9-1 0.56 11.25 11.81 NOTE
r-patched-solaris-sparc 2011.9-1 136.70 NOTE
r-patched-solaris-x86 2011.9-1 33.60 NOTE
r-release-linux-ix86 2011.9-1 0.87 17.79 18.66 NOTE
r-release-linux-x86_64 2011.9-1 0.69 11.70 12.38 NOTE
r-release-osx-x86_64-mavericks 2011.9-1 NOTE
r-release-osx-x86_64-snowleopard 2011.9-1 NOTE
r-release-windows-ix86+x86_64 2011.9-1 3.00 19.00 22.00 NOTE
r-oldrel-windows-ix86+x86_64 2011.9-1 2.00 22.00 24.00 NOTE

Check Details

Version: 2011.9-1
Check: dependencies in R code
Result: NOTE
    'library' or 'require' call to ‘numDeriv’ which was already attached by Depends.
     Please remove these calls from your code.
    See the information on DESCRIPTION files in the chapter ‘Creating R
    packages’ of the ‘Writing R Extensions’ manual.
Flavors: r-devel-linux-x86_64-debian-clang, r-devel-linux-x86_64-debian-gcc, r-devel-linux-x86_64-fedora-clang, r-devel-linux-x86_64-fedora-gcc, r-devel-osx-x86_64-clang, r-devel-windows-ix86+x86_64, r-patched-linux-x86_64, r-patched-solaris-sparc, r-patched-solaris-x86, r-release-linux-ix86, r-release-linux-x86_64, r-release-osx-x86_64-mavericks, r-release-osx-x86_64-snowleopard, r-release-windows-ix86+x86_64, r-oldrel-windows-ix86+x86_64

Version: 2011.9-1
Check: top-level files
Result: NOTE
    Non-standard file/directory found at top level:
     ‘NAMESPACE.txt’
Flavors: r-devel-linux-x86_64-fedora-clang, r-devel-linux-x86_64-fedora-gcc