CRAN Package Check Results for Package alabama

Last updated on 2016-09-30 23:47:45.

Flavor Version Tinstall Tcheck Ttotal Status Flags
r-devel-linux-x86_64-debian-clang 2015.3-1 0.62 12.79 13.40 NOTE
r-devel-linux-x86_64-debian-gcc 2015.3-1 0.65 12.76 13.41 NOTE
r-devel-linux-x86_64-fedora-clang 2015.3-1 22.40 NOTE
r-devel-linux-x86_64-fedora-gcc 2015.3-1 18.95 NOTE
r-devel-macos-x86_64-clang 2015.3-1 18.64 NOTE
r-devel-windows-ix86+x86_64 2015.3-1 3.00 45.00 48.00 NOTE
r-patched-linux-x86_64 2015.3-1 0.54 11.98 12.52 NOTE
r-patched-solaris-sparc 2015.3-1 118.80 NOTE
r-patched-solaris-x86 2015.3-1 24.80 NOTE
r-release-linux-x86_64 2015.3-1 0.60 11.86 12.47 NOTE
r-release-osx-x86_64-mavericks 2015.3-1 NOTE
r-release-windows-ix86+x86_64 2015.3-1 2.00 32.00 34.00 NOTE
r-oldrel-windows-ix86+x86_64 2015.3-1 4.00 34.00 38.00 OK

Check Details

Version: 2015.3-1
Check: R code for possible problems
Result: NOTE
    adpbar: no visible global function definition for ‘optim’
    alabama: no visible global function definition for ‘optim’
    auglag: no visible global function definition for ‘modifyList’
    auglag1: no visible global function definition for ‘optim’
    auglag1: no visible global function definition for ‘nlminb’
    auglag2: no visible global function definition for ‘optim’
    auglag2: no visible global function definition for ‘nlminb’
    auglag3: no visible global function definition for ‘optim’
    auglag3: no visible global function definition for ‘nlminb’
    augpen: no visible global function definition for ‘optim’
    constrOptim.nl: no visible global function definition for ‘modifyList’
    Undefined global functions or variables:
     modifyList nlminb optim
    Consider adding
     importFrom("stats", "nlminb", "optim")
     importFrom("utils", "modifyList")
    to your NAMESPACE file.
Flavors: r-devel-linux-x86_64-debian-clang, r-devel-linux-x86_64-debian-gcc, r-devel-linux-x86_64-fedora-clang, r-devel-linux-x86_64-fedora-gcc, r-devel-macos-x86_64-clang, r-devel-windows-ix86+x86_64, r-patched-linux-x86_64, r-patched-solaris-sparc, r-patched-solaris-x86, r-release-linux-x86_64, r-release-osx-x86_64-mavericks, r-release-windows-ix86+x86_64