CRAN Package Check Results for Package alabama

Last updated on 2017-04-24 20:47:01.

Flavor Version Tinstall Tcheck Ttotal Status Flags
r-devel-linux-x86_64-debian-clang 2015.3-1 0.66 13.75 14.42 NOTE
r-devel-linux-x86_64-debian-gcc 2015.3-1 0.66 13.63 14.29 NOTE
r-devel-linux-x86_64-fedora-clang 2015.3-1 23.63 NOTE --no-stop-on-test-error
r-devel-linux-x86_64-fedora-gcc 2015.3-1 23.41 NOTE --no-stop-on-test-error
r-devel-windows-ix86+x86_64 2015.3-1 NOTE
r-patched-linux-x86_64 2015.3-1 0.73 13.39 14.12 NOTE
r-patched-solaris-sparc 2015.3-1 143.60 NOTE
r-patched-solaris-x86 2015.3-1 31.50 NOTE
r-release-linux-x86_64 2015.3-1 0.64 13.49 14.13 NOTE
r-release-windows-ix86+x86_64 2015.3-1 2.00 29.00 31.00 NOTE
r-release-osx-x86_64 2015.3-1 NOTE
r-oldrel-windows-ix86+x86_64 2015.3-1 2.00 29.00 31.00 NOTE
r-oldrel-osx-x86_64 2015.3-1 NOTE

Check Details

Version: 2015.3-1
Check: R code for possible problems
Result: NOTE
    adpbar: no visible global function definition for ‘optim’
    alabama: no visible global function definition for ‘optim’
    auglag: no visible global function definition for ‘modifyList’
    auglag1: no visible global function definition for ‘optim’
    auglag1: no visible global function definition for ‘nlminb’
    auglag2: no visible global function definition for ‘optim’
    auglag2: no visible global function definition for ‘nlminb’
    auglag3: no visible global function definition for ‘optim’
    auglag3: no visible global function definition for ‘nlminb’
    augpen: no visible global function definition for ‘optim’
    constrOptim.nl: no visible global function definition for ‘modifyList’
    Undefined global functions or variables:
     modifyList nlminb optim
    Consider adding
     importFrom("stats", "nlminb", "optim")
     importFrom("utils", "modifyList")
    to your NAMESPACE file.
Flavors: r-devel-linux-x86_64-debian-clang, r-devel-linux-x86_64-debian-gcc, r-devel-windows-ix86+x86_64, r-patched-linux-x86_64, r-patched-solaris-sparc, r-patched-solaris-x86, r-release-linux-x86_64, r-release-windows-ix86+x86_64, r-release-osx-x86_64, r-oldrel-windows-ix86+x86_64, r-oldrel-osx-x86_64

Version: 2015.3-1
Flags: --no-stop-on-test-error
Check: R code for possible problems
Result: NOTE
    adpbar: no visible global function definition for ‘optim’
    alabama: no visible global function definition for ‘optim’
    auglag: no visible global function definition for ‘modifyList’
    auglag1: no visible global function definition for ‘optim’
    auglag1: no visible global function definition for ‘nlminb’
    auglag2: no visible global function definition for ‘optim’
    auglag2: no visible global function definition for ‘nlminb’
    auglag3: no visible global function definition for ‘optim’
    auglag3: no visible global function definition for ‘nlminb’
    augpen: no visible global function definition for ‘optim’
    constrOptim.nl: no visible global function definition for ‘modifyList’
    Undefined global functions or variables:
     modifyList nlminb optim
    Consider adding
     importFrom("stats", "nlminb", "optim")
     importFrom("utils", "modifyList")
    to your NAMESPACE file.
Flavors: r-devel-linux-x86_64-fedora-clang, r-devel-linux-x86_64-fedora-gcc