CRAN Package Check Results for Package alabama

Last updated on 2017-03-23 23:50:30.

Flavor Version Tinstall Tcheck Ttotal Status Flags
r-devel-linux-x86_64-debian-clang 2015.3-1 0.62 13.56 14.18 NOTE
r-devel-linux-x86_64-debian-gcc 2015.3-1 0.65 13.51 14.15 NOTE
r-devel-linux-x86_64-fedora-clang 2015.3-1 23.54 NOTE --no-stop-on-test-error
r-devel-linux-x86_64-fedora-gcc 2015.3-1 23.53 NOTE --no-stop-on-test-error
r-devel-macos-x86_64-clang 2015.3-1 20.94 NOTE --no-stop-on-test-error
r-devel-windows-ix86+x86_64 2015.3-1 2.00 30.00 32.00 NOTE
r-patched-linux-x86_64 2015.3-1 0.54 11.52 12.06 NOTE
r-patched-solaris-sparc 2015.3-1 143.60 NOTE
r-patched-solaris-x86 2015.3-1 31.10 NOTE
r-release-linux-x86_64 2015.3-1 0.64 11.48 12.12 NOTE
r-release-osx-x86_64-mavericks 2015.3-1 NOTE
r-release-windows-ix86+x86_64 2015.3-1 2.00 29.00 31.00 NOTE
r-oldrel-windows-ix86+x86_64 2015.3-1 2.00 26.00 28.00 OK

Check Details

Version: 2015.3-1
Check: R code for possible problems
Result: NOTE
    adpbar: no visible global function definition for ‘optim’
    alabama: no visible global function definition for ‘optim’
    auglag: no visible global function definition for ‘modifyList’
    auglag1: no visible global function definition for ‘optim’
    auglag1: no visible global function definition for ‘nlminb’
    auglag2: no visible global function definition for ‘optim’
    auglag2: no visible global function definition for ‘nlminb’
    auglag3: no visible global function definition for ‘optim’
    auglag3: no visible global function definition for ‘nlminb’
    augpen: no visible global function definition for ‘optim’
    constrOptim.nl: no visible global function definition for ‘modifyList’
    Undefined global functions or variables:
     modifyList nlminb optim
    Consider adding
     importFrom("stats", "nlminb", "optim")
     importFrom("utils", "modifyList")
    to your NAMESPACE file.
Flavors: r-devel-linux-x86_64-debian-clang, r-devel-linux-x86_64-debian-gcc, r-devel-windows-ix86+x86_64, r-patched-linux-x86_64, r-patched-solaris-sparc, r-patched-solaris-x86, r-release-linux-x86_64, r-release-osx-x86_64-mavericks, r-release-windows-ix86+x86_64

Version: 2015.3-1
Flags: --no-stop-on-test-error
Check: R code for possible problems
Result: NOTE
    adpbar: no visible global function definition for ‘optim’
    alabama: no visible global function definition for ‘optim’
    auglag: no visible global function definition for ‘modifyList’
    auglag1: no visible global function definition for ‘optim’
    auglag1: no visible global function definition for ‘nlminb’
    auglag2: no visible global function definition for ‘optim’
    auglag2: no visible global function definition for ‘nlminb’
    auglag3: no visible global function definition for ‘optim’
    auglag3: no visible global function definition for ‘nlminb’
    augpen: no visible global function definition for ‘optim’
    constrOptim.nl: no visible global function definition for ‘modifyList’
    Undefined global functions or variables:
     modifyList nlminb optim
    Consider adding
     importFrom("stats", "nlminb", "optim")
     importFrom("utils", "modifyList")
    to your NAMESPACE file.
Flavors: r-devel-linux-x86_64-fedora-clang, r-devel-linux-x86_64-fedora-gcc, r-devel-macos-x86_64-clang