CRAN Package Check Results for Package alabama

Last updated on 2016-05-30 06:46:38.

Flavor Version Tinstall Tcheck Ttotal Status Flags
r-devel-linux-x86_64-debian-gcc 2015.3-1 0.60 11.49 12.09 NOTE
r-devel-linux-x86_64-fedora-clang 2015.3-1 20.89 NOTE
r-devel-linux-x86_64-fedora-gcc 2015.3-1 19.21 NOTE
r-devel-osx-x86_64-clang 2015.3-1 24.84 NOTE
r-devel-windows-ix86+x86_64 2015.3-1 3.00 28.00 31.00 NOTE
r-patched-linux-x86_64 2015.3-1 0.62 11.52 12.14 NOTE
r-patched-solaris-sparc 2015.3-1 117.70 NOTE
r-patched-solaris-x86 2015.3-1 25.60 NOTE
r-release-linux-x86_64 2015.3-1 0.56 11.43 11.99 NOTE
r-release-osx-x86_64-mavericks 2015.3-1 NOTE
r-release-windows-ix86+x86_64 2015.3-1 3.00 36.00 39.00 NOTE
r-oldrel-windows-ix86+x86_64 2015.3-1 3.00 20.00 23.00 OK

Check Details

Version: 2015.3-1
Check: R code for possible problems
Result: NOTE
    adpbar: no visible global function definition for ‘optim’
    alabama: no visible global function definition for ‘optim’
    auglag: no visible global function definition for ‘modifyList’
    auglag1: no visible global function definition for ‘optim’
    auglag1: no visible global function definition for ‘nlminb’
    auglag2: no visible global function definition for ‘optim’
    auglag2: no visible global function definition for ‘nlminb’
    auglag3: no visible global function definition for ‘optim’
    auglag3: no visible global function definition for ‘nlminb’
    augpen: no visible global function definition for ‘optim’
    constrOptim.nl: no visible global function definition for ‘modifyList’
    Undefined global functions or variables:
     modifyList nlminb optim
    Consider adding
     importFrom("stats", "nlminb", "optim")
     importFrom("utils", "modifyList")
    to your NAMESPACE file.
Flavors: r-devel-linux-x86_64-debian-gcc, r-devel-linux-x86_64-fedora-clang, r-devel-linux-x86_64-fedora-gcc, r-devel-osx-x86_64-clang, r-devel-windows-ix86+x86_64, r-patched-linux-x86_64, r-patched-solaris-sparc, r-patched-solaris-x86, r-release-linux-x86_64, r-release-osx-x86_64-mavericks, r-release-windows-ix86+x86_64