CRAN Package Check Results for Package alabama

Last updated on 2016-12-10 18:49:14.

Flavor Version Tinstall Tcheck Ttotal Status Flags
r-devel-linux-x86_64-debian-clang 2015.3-1 0.66 13.55 14.20 NOTE
r-devel-linux-x86_64-debian-gcc 2015.3-1 0.61 13.50 14.11 NOTE
r-devel-linux-x86_64-fedora-clang 2015.3-1 24.92 NOTE --no-stop-on-test-error
r-devel-linux-x86_64-fedora-gcc 2015.3-1 23.46 NOTE --no-stop-on-test-error
r-devel-macos-x86_64-clang 2015.3-1 21.68 NOTE --no-stop-on-test-error
r-devel-windows-ix86+x86_64 2015.3-1 5.00 42.00 47.00 NOTE
r-patched-linux-x86_64 2015.3-1 0.66 11.46 12.12 NOTE
r-patched-solaris-sparc 2015.3-1 118.80 NOTE
r-patched-solaris-x86 2015.3-1 24.60 NOTE
r-release-linux-x86_64 2015.3-1 0.66 11.71 12.37 NOTE
r-release-osx-x86_64-mavericks 2015.3-1 NOTE
r-release-windows-ix86+x86_64 2015.3-1 2.00 29.00 31.00 NOTE
r-oldrel-windows-ix86+x86_64 2015.3-1 2.00 26.00 28.00 OK

Check Details

Version: 2015.3-1
Check: R code for possible problems
Result: NOTE
    adpbar: no visible global function definition for ‘optim’
    alabama: no visible global function definition for ‘optim’
    auglag: no visible global function definition for ‘modifyList’
    auglag1: no visible global function definition for ‘optim’
    auglag1: no visible global function definition for ‘nlminb’
    auglag2: no visible global function definition for ‘optim’
    auglag2: no visible global function definition for ‘nlminb’
    auglag3: no visible global function definition for ‘optim’
    auglag3: no visible global function definition for ‘nlminb’
    augpen: no visible global function definition for ‘optim’
    constrOptim.nl: no visible global function definition for ‘modifyList’
    Undefined global functions or variables:
     modifyList nlminb optim
    Consider adding
     importFrom("stats", "nlminb", "optim")
     importFrom("utils", "modifyList")
    to your NAMESPACE file.
Flavors: r-devel-linux-x86_64-debian-clang, r-devel-linux-x86_64-debian-gcc, r-devel-windows-ix86+x86_64, r-patched-linux-x86_64, r-patched-solaris-sparc, r-patched-solaris-x86, r-release-linux-x86_64, r-release-osx-x86_64-mavericks, r-release-windows-ix86+x86_64

Version: 2015.3-1
Flags: --no-stop-on-test-error
Check: R code for possible problems
Result: NOTE
    adpbar: no visible global function definition for ‘optim’
    alabama: no visible global function definition for ‘optim’
    auglag: no visible global function definition for ‘modifyList’
    auglag1: no visible global function definition for ‘optim’
    auglag1: no visible global function definition for ‘nlminb’
    auglag2: no visible global function definition for ‘optim’
    auglag2: no visible global function definition for ‘nlminb’
    auglag3: no visible global function definition for ‘optim’
    auglag3: no visible global function definition for ‘nlminb’
    augpen: no visible global function definition for ‘optim’
    constrOptim.nl: no visible global function definition for ‘modifyList’
    Undefined global functions or variables:
     modifyList nlminb optim
    Consider adding
     importFrom("stats", "nlminb", "optim")
     importFrom("utils", "modifyList")
    to your NAMESPACE file.
Flavors: r-devel-linux-x86_64-fedora-clang, r-devel-linux-x86_64-fedora-gcc, r-devel-macos-x86_64-clang