CRAN Package Check Results for Package algaeClassify

Last updated on 2020-01-27 19:46:30 CET.

Flavor Version Tinstall Tcheck Ttotal Status Flags
r-devel-linux-x86_64-debian-clang 1.2.0 4.83 42.12 46.95 OK
r-devel-linux-x86_64-debian-gcc 1.2.0 4.58 33.43 38.01 OK
r-devel-linux-x86_64-fedora-clang 1.2.0 58.83 NOTE
r-devel-linux-x86_64-fedora-gcc 1.2.0 58.45 NOTE
r-devel-windows-ix86+x86_64 1.2.0 20.00 90.00 110.00 OK
r-devel-windows-ix86+x86_64-gcc8 1.2.0 29.00 68.00 97.00 OK
r-patched-linux-x86_64 1.2.0 OK
r-patched-solaris-x86 1.2.0 82.70 NOTE
r-release-linux-x86_64 1.2.0 4.23 37.52 41.75 OK
r-release-windows-ix86+x86_64 1.2.0 10.00 55.00 65.00 OK
r-release-osx-x86_64 1.2.0 NOTE
r-oldrel-windows-ix86+x86_64 1.2.0 6.00 53.00 59.00 OK
r-oldrel-osx-x86_64 1.2.0 NOTE

Check Details

Version: 1.2.0
Check: dependencies in R code
Result: NOTE
    Namespace in Imports field not imported from: ‘taxize’
     All declared Imports should be used.
Flavors: r-devel-linux-x86_64-fedora-clang, r-devel-linux-x86_64-fedora-gcc, r-patched-solaris-x86, r-release-osx-x86_64, r-oldrel-osx-x86_64