CRAN Package Check Results for Package alineR

Last updated on 2019-08-22 01:49:42 CEST.

Flavor Version Tinstall Tcheck Ttotal Status Flags
r-devel-linux-x86_64-debian-clang 1.1.4 4.73 22.58 27.31 NOTE
r-devel-linux-x86_64-debian-gcc 1.1.4 3.57 18.06 21.63 NOTE
r-devel-linux-x86_64-fedora-clang 1.1.4 38.18 NOTE
r-devel-linux-x86_64-fedora-gcc 1.1.4 34.15 NOTE
r-devel-windows-ix86+x86_64 1.1.4 17.00 59.00 76.00 OK
r-patched-linux-x86_64 1.1.4 3.67 22.74 26.41 OK
r-patched-solaris-x86 1.1.4 55.20 OK
r-release-linux-x86_64 1.1.4 4.09 22.60 26.69 OK
r-release-windows-ix86+x86_64 1.1.4 13.00 62.00 75.00 OK
r-release-osx-x86_64 1.1.4 OK
r-oldrel-windows-ix86+x86_64 1.1.4 11.00 41.00 52.00 OK
r-oldrel-osx-x86_64 1.1.4 OK

Additional issues

valgrind

Check Details

Version: 1.1.4
Check: for non-standard things in the check directory
Result: NOTE
    Found the following files/directories:
     'candidate_alignments.csv' 'open.with.excel.csv'
Flavors: r-devel-linux-x86_64-debian-clang, r-devel-linux-x86_64-debian-gcc, r-devel-linux-x86_64-fedora-clang, r-devel-linux-x86_64-fedora-gcc