CRAN Package Check Results for Package allanvar

Last updated on 2014-11-27 03:47:37.

Flavor Version Tinstall Tcheck Ttotal Status Flags
r-devel-linux-x86_64-debian-clang 1.0 0.80 75.77 76.57 NOTE
r-devel-linux-x86_64-debian-gcc 1.0 0.78 63.00 63.78 NOTE
r-devel-linux-x86_64-fedora-clang 1.0 146.24 NOTE
r-devel-linux-x86_64-fedora-gcc 1.0 149.49 NOTE
r-devel-osx-x86_64-clang 1.0 115.39 NOTE
r-devel-windows-ix86+x86_64 1.0 4.00 96.00 100.00 NOTE
r-patched-linux-x86_64 1.0 0.81 64.87 65.68 NOTE
r-patched-solaris-sparc 1.0 1189.10 NOTE
r-patched-solaris-x86 1.0 225.50 NOTE
r-release-linux-ix86 1.0 1.10 77.25 78.35 NOTE
r-release-linux-x86_64 1.0 0.78 71.38 72.16 NOTE
r-release-osx-x86_64-mavericks 1.0 NOTE
r-release-osx-x86_64-snowleopard 1.0 NOTE
r-release-windows-ix86+x86_64 1.0 4.00 96.00 100.00 NOTE
r-oldrel-windows-ix86+x86_64 1.0 4.00 118.00 122.00 NOTE

Check Details

Version: 1.0
Check: dependencies in R code
Result: NOTE
    'library' or 'require' call to ‘gplots’ which was already attached by Depends.
     Please remove these calls from your code.
    See the information on DESCRIPTION files in the chapter ‘Creating R
    packages’ of the ‘Writing R Extensions’ manual.
Flavors: r-devel-linux-x86_64-debian-clang, r-devel-linux-x86_64-debian-gcc, r-devel-linux-x86_64-fedora-clang, r-devel-linux-x86_64-fedora-gcc, r-devel-osx-x86_64-clang, r-devel-windows-ix86+x86_64, r-patched-linux-x86_64, r-patched-solaris-sparc, r-patched-solaris-x86, r-release-linux-ix86, r-release-linux-x86_64, r-release-osx-x86_64-mavericks, r-release-osx-x86_64-snowleopard, r-release-windows-ix86+x86_64, r-oldrel-windows-ix86+x86_64

Version: 1.0
Check: Rd line widths
Result: NOTE
    Rd file 'allanvar-package.Rd':
     \examples lines wider than 100 characters:
     plot (avgyroz$time,sqrt(avgyroz$av),log= "xy", xaxt="n" , yaxt="n", type="l", col="blue", xlab="", ylab="")
     title(main = "Allan variance Analysis Comparison", xlab = "Cluster Times (Sec)", ylab = "Allan Standard Deviation (rad/s)")
     legend(10, 4e-03, c("GyroZ (avar)", "GyroZ(avarn)", "GyroZ(avari)"), fill = c("blue", "green", "red"))
    
    These lines will be truncated in the PDF manual.
Flavors: r-devel-linux-x86_64-debian-clang, r-devel-linux-x86_64-debian-gcc, r-devel-linux-x86_64-fedora-clang, r-devel-linux-x86_64-fedora-gcc, r-patched-linux-x86_64, r-release-linux-x86_64