CRAN Package Check Results for Package allanvar

Last updated on 2014-12-22 14:48:35.

Flavor Version Tinstall Tcheck Ttotal Status Flags
r-devel-linux-x86_64-debian-clang 1.0 0.80 91.31 92.11 NOTE
r-devel-linux-x86_64-debian-gcc 1.0 0.74 63.37 64.10 NOTE
r-devel-linux-x86_64-fedora-clang 1.0 144.99 NOTE
r-devel-linux-x86_64-fedora-gcc 1.0 138.22 NOTE
r-devel-osx-x86_64-clang 1.0 121.94 NOTE
r-devel-windows-ix86+x86_64 1.0 4.00 99.00 103.00 NOTE
r-patched-linux-x86_64 1.0 0.82 64.45 65.27 NOTE
r-patched-solaris-sparc 1.0 1183.40 NOTE
r-patched-solaris-x86 1.0 227.40 NOTE
r-release-linux-ix86 1.0 1.16 77.49 78.64 NOTE
r-release-linux-x86_64 1.0 0.78 64.74 65.52 NOTE
r-release-osx-x86_64-mavericks 1.0 NOTE
r-release-osx-x86_64-snowleopard 1.0 NOTE
r-release-windows-ix86+x86_64 1.0 4.00 108.00 112.00 NOTE
r-oldrel-windows-ix86+x86_64 1.0 4.00 110.00 114.00 NOTE

Check Details

Version: 1.0
Check: dependencies in R code
Result: NOTE
    'library' or 'require' call to ‘gplots’ which was already attached by Depends.
     Please remove these calls from your code.
    See the information on DESCRIPTION files in the chapter ‘Creating R
    packages’ of the ‘Writing R Extensions’ manual.
Flavors: r-devel-linux-x86_64-debian-clang, r-devel-linux-x86_64-debian-gcc, r-devel-linux-x86_64-fedora-clang, r-devel-linux-x86_64-fedora-gcc, r-devel-osx-x86_64-clang, r-devel-windows-ix86+x86_64, r-patched-linux-x86_64, r-patched-solaris-sparc, r-patched-solaris-x86, r-release-linux-ix86, r-release-linux-x86_64, r-release-osx-x86_64-mavericks, r-release-osx-x86_64-snowleopard, r-release-windows-ix86+x86_64, r-oldrel-windows-ix86+x86_64

Version: 1.0
Check: Rd line widths
Result: NOTE
    Rd file 'allanvar-package.Rd':
     \examples lines wider than 100 characters:
     plot (avgyroz$time,sqrt(avgyroz$av),log= "xy", xaxt="n" , yaxt="n", type="l", col="blue", xlab="", ylab="")
     title(main = "Allan variance Analysis Comparison", xlab = "Cluster Times (Sec)", ylab = "Allan Standard Deviation (rad/s)")
     legend(10, 4e-03, c("GyroZ (avar)", "GyroZ(avarn)", "GyroZ(avari)"), fill = c("blue", "green", "red"))
    
    These lines will be truncated in the PDF manual.
Flavors: r-devel-linux-x86_64-debian-clang, r-devel-linux-x86_64-debian-gcc, r-devel-linux-x86_64-fedora-clang, r-devel-linux-x86_64-fedora-gcc, r-patched-linux-x86_64, r-release-linux-x86_64