CRAN Package Check Results for Package allanvar

Last updated on 2015-03-02 19:52:07.

Flavor Version Tinstall Tcheck Ttotal Status Flags
r-devel-linux-x86_64-debian-clang 1.0 0.74 72.57 73.31 NOTE
r-devel-linux-x86_64-debian-gcc 1.0 0.62 60.94 61.56 NOTE
r-devel-linux-x86_64-fedora-clang 1.0 142.16 NOTE
r-devel-linux-x86_64-fedora-gcc 1.0 124.42 NOTE
r-devel-osx-x86_64-clang 1.0 116.04 NOTE
r-devel-windows-ix86+x86_64 1.0 5.00 127.00 132.00 NOTE
r-patched-linux-x86_64 1.0 1.14 65.44 66.58 NOTE
r-patched-solaris-sparc 1.0 1183.50 NOTE
r-patched-solaris-x86 1.0 220.70 NOTE
r-release-linux-ix86 1.0 1.22 78.20 79.42 NOTE
r-release-linux-x86_64 1.0 1.00 65.00 66.00 NOTE
r-release-osx-x86_64-mavericks 1.0 NOTE
r-release-osx-x86_64-snowleopard 1.0 NOTE
r-release-windows-ix86+x86_64 1.0 7.00 105.00 112.00 NOTE
r-oldrel-windows-ix86+x86_64 1.0 4.00 111.00 115.00 NOTE

Check Details

Version: 1.0
Check: dependencies in R code
Result: NOTE
    'library' or 'require' call to ‘gplots’ which was already attached by Depends.
     Please remove these calls from your code.
Flavors: r-devel-linux-x86_64-debian-clang, r-devel-linux-x86_64-debian-gcc, r-devel-linux-x86_64-fedora-clang, r-devel-linux-x86_64-fedora-gcc, r-devel-osx-x86_64-clang, r-devel-windows-ix86+x86_64, r-patched-linux-x86_64, r-patched-solaris-x86

Version: 1.0
Check: Rd line widths
Result: NOTE
    Rd file 'allanvar-package.Rd':
     \examples lines wider than 100 characters:
     plot (avgyroz$time,sqrt(avgyroz$av),log= "xy", xaxt="n" , yaxt="n", type="l", col="blue", xlab="", ylab="")
     title(main = "Allan variance Analysis Comparison", xlab = "Cluster Times (Sec)", ylab = "Allan Standard Deviation (rad/s)")
     legend(10, 4e-03, c("GyroZ (avar)", "GyroZ(avarn)", "GyroZ(avari)"), fill = c("blue", "green", "red"))
    
    These lines will be truncated in the PDF manual.
Flavors: r-devel-linux-x86_64-debian-clang, r-devel-linux-x86_64-debian-gcc, r-devel-linux-x86_64-fedora-clang, r-devel-linux-x86_64-fedora-gcc, r-patched-linux-x86_64, r-release-linux-ix86, r-release-linux-x86_64

Version: 1.0
Check: dependencies in R code
Result: NOTE
    'library' or 'require' call to ‘gplots’ which was already attached by Depends.
     Please remove these calls from your code.
    See the information on DESCRIPTION files in the chapter ‘Creating R
    packages’ of the ‘Writing R Extensions’ manual.
Flavors: r-patched-solaris-sparc, r-release-linux-ix86, r-release-linux-x86_64, r-release-osx-x86_64-mavericks, r-release-osx-x86_64-snowleopard, r-release-windows-ix86+x86_64, r-oldrel-windows-ix86+x86_64