CRAN Package Check Results for Package allanvar

Last updated on 2014-07-24 15:52:15.

Flavor Version Tinstall Tcheck Ttotal Status Flags
r-devel-linux-x86_64-debian-clang 1.0 0.93 75.62 76.55 NOTE
r-devel-linux-x86_64-debian-gcc 1.0 0.71 62.76 63.46 NOTE
r-devel-linux-x86_64-fedora-clang 1.0 155.82 NOTE
r-devel-linux-x86_64-fedora-gcc 1.0 132.30 NOTE
r-devel-osx-x86_64-clang 1.0 123.45 NOTE
r-devel-windows-ix86+x86_64 1.0 3.00 98.00 101.00 NOTE
r-patched-linux-x86_64 1.0 0.74 68.64 69.38 NOTE
r-patched-solaris-sparc 1.0 1164.70 NOTE
r-patched-solaris-x86 1.0 225.80 NOTE
r-release-linux-ix86 1.0 1.42 82.54 83.96 NOTE
r-release-linux-x86_64 1.0 0.76 68.96 69.73 NOTE
r-release-osx-x86_64-mavericks 1.0 NOTE
r-release-osx-x86_64-snowleopard 1.0 NOTE
r-release-windows-ix86+x86_64 1.0 3.00 99.00 102.00 NOTE
r-oldrel-windows-ix86+x86_64 1.0 4.00 111.00 115.00 NOTE

Check Details

Version: 1.0
Check: dependencies in R code
Result: NOTE
    'library' or 'require' call to ‘gplots’ which was already attached by Depends.
     Please remove these calls from your code.
    See the information on DESCRIPTION files in the chapter ‘Creating R
    packages’ of the ‘Writing R Extensions’ manual.
Flavors: r-devel-linux-x86_64-debian-clang, r-devel-linux-x86_64-debian-gcc, r-devel-linux-x86_64-fedora-clang, r-devel-linux-x86_64-fedora-gcc, r-devel-osx-x86_64-clang, r-devel-windows-ix86+x86_64, r-patched-linux-x86_64, r-patched-solaris-sparc, r-patched-solaris-x86, r-release-linux-ix86, r-release-linux-x86_64, r-release-osx-x86_64-mavericks, r-release-osx-x86_64-snowleopard, r-release-windows-ix86+x86_64, r-oldrel-windows-ix86+x86_64

Version: 1.0
Check: Rd line widths
Result: NOTE
    Rd file 'allanvar-package.Rd':
     \examples lines wider than 100 characters:
     plot (avgyroz$time,sqrt(avgyroz$av),log= "xy", xaxt="n" , yaxt="n", type="l", col="blue", xlab="", ylab="")
     title(main = "Allan variance Analysis Comparison", xlab = "Cluster Times (Sec)", ylab = "Allan Standard Deviation (rad/s)")
     legend(10, 4e-03, c("GyroZ (avar)", "GyroZ(avarn)", "GyroZ(avari)"), fill = c("blue", "green", "red"))
    
    These lines will be truncated in the PDF manual.
Flavors: r-devel-linux-x86_64-fedora-clang, r-devel-linux-x86_64-fedora-gcc