CRAN Package Check Results for Package allanvar

Last updated on 2014-04-24 07:52:22.

Flavor Version Tinstall Tcheck Ttotal Status Flags
r-devel-linux-x86_64-debian-clang 1.0 0.84 77.78 78.62 NOTE
r-devel-linux-x86_64-debian-gcc 1.0 0.78 65.34 66.12 NOTE
r-devel-linux-x86_64-fedora-clang 1.0 154.45 NOTE
r-devel-linux-x86_64-fedora-gcc 1.0 139.10 NOTE
r-devel-osx-x86_64-clang 1.0 113.42 NOTE
r-devel-osx-x86_64-gcc 1.0 NOTE
r-devel-windows-ix86+x86_64 1.0 3.00 97.00 100.00 NOTE
r-patched-linux-x86_64 1.0 0.78 64.28 65.06 NOTE
r-patched-solaris-sparc 1.0 1164.70 NOTE
r-patched-solaris-x86 1.0 219.80 NOTE
r-release-linux-ix86 1.0 1.00 119.00 120.00 NOTE
r-release-linux-x86_64 1.0 0.78 66.62 67.40 NOTE
r-release-osx-x86_64-mavericks 1.0 NOTE
r-release-osx-x86_64-snowleopard 1.0 NOTE
r-release-windows-ix86+x86_64 1.0 4.00 94.00 98.00 NOTE
r-oldrel-windows-ix86+x86_64 1.0 3.00 111.00 114.00 NOTE

Check Details

Version: 1.0
Check: dependencies in R code
Result: NOTE
    'library' or 'require' call to ‘gplots’ which was already attached by Depends.
     Please remove these calls from your code.
    See the information on DESCRIPTION files in the chapter ‘Creating R
    packages’ of the ‘Writing R Extensions’ manual.
Flavors: r-devel-linux-x86_64-debian-clang, r-devel-linux-x86_64-debian-gcc, r-devel-linux-x86_64-fedora-clang, r-devel-linux-x86_64-fedora-gcc, r-devel-osx-x86_64-clang, r-devel-osx-x86_64-gcc, r-devel-windows-ix86+x86_64, r-patched-linux-x86_64, r-patched-solaris-sparc, r-patched-solaris-x86, r-release-linux-ix86, r-release-linux-x86_64, r-release-osx-x86_64-mavericks, r-release-osx-x86_64-snowleopard, r-release-windows-ix86+x86_64, r-oldrel-windows-ix86+x86_64

Version: 1.0
Check: Rd line widths
Result: NOTE
    Rd file 'allanvar-package.Rd':
     \examples lines wider than 100 characters:
     plot (avgyroz$time,sqrt(avgyroz$av),log= "xy", xaxt="n" , yaxt="n", type="l", col="blue", xlab="", ylab="")
     title(main = "Allan variance Analysis Comparison", xlab = "Cluster Times (Sec)", ylab = "Allan Standard Deviation (rad/s)")
     legend(10, 4e-03, c("GyroZ (avar)", "GyroZ(avarn)", "GyroZ(avari)"), fill = c("blue", "green", "red"))
    
    These lines will be truncated in the PDF manual.
Flavors: r-devel-linux-x86_64-fedora-clang, r-devel-linux-x86_64-fedora-gcc