CRAN Package Check Results for Package alm

Last updated on 2014-08-31 09:48:12.

Flavor Version Tinstall Tcheck Ttotal Status Flags
r-devel-linux-x86_64-debian-clang 0.1.9 4.02 33.12 37.14 NOTE
r-devel-linux-x86_64-debian-gcc 0.1.9 2.87 32.22 35.09 NOTE
r-devel-linux-x86_64-fedora-clang 0.1.9 76.85 NOTE
r-devel-linux-x86_64-fedora-gcc 0.1.9 71.74 NOTE
r-devel-osx-x86_64-clang 0.1.9 64.44 NOTE
r-devel-windows-ix86+x86_64 0.1.9 10.00 54.00 64.00 NOTE
r-patched-linux-x86_64 0.1.9 3.04 35.40 38.43 NOTE
r-patched-solaris-sparc 0.1.9 478.20 NOTE
r-patched-solaris-x86 0.1.9 102.50 NOTE
r-release-linux-ix86 0.1.9 3.82 44.43 48.25 NOTE
r-release-linux-x86_64 0.1.9 3.10 35.48 38.58 NOTE
r-release-osx-x86_64-mavericks 0.1.9 NOTE
r-release-osx-x86_64-snowleopard 0.1.9 NOTE
r-release-windows-ix86+x86_64 0.1.9 10.00 60.00 70.00 NOTE
r-oldrel-windows-ix86+x86_64 0.1.9 9.00 61.00 70.00 NOTE

Check Details

Version: 0.1.9
Check: package dependencies
Result: NOTE
    Package which this enhances but not available for checking: ‘rCharts’
Flavors: r-devel-linux-x86_64-debian-clang, r-devel-linux-x86_64-debian-gcc, r-devel-linux-x86_64-fedora-clang, r-devel-linux-x86_64-fedora-gcc, r-devel-osx-x86_64-clang, r-devel-windows-ix86+x86_64, r-patched-linux-x86_64, r-patched-solaris-sparc, r-patched-solaris-x86, r-release-linux-ix86, r-release-linux-x86_64, r-release-osx-x86_64-mavericks, r-release-osx-x86_64-snowleopard, r-release-windows-ix86+x86_64, r-oldrel-windows-ix86+x86_64