CRAN Package Check Results for Package alm

Last updated on 2014-10-30 15:48:58.

Flavor Version Tinstall Tcheck Ttotal Status Flags
r-devel-linux-x86_64-debian-clang 0.3.0 2.48 42.98 45.46 ERROR
r-devel-linux-x86_64-debian-gcc 0.3.0 2.56 45.94 48.49 ERROR
r-devel-linux-x86_64-fedora-clang 0.3.1 35.79 NOTE
r-devel-linux-x86_64-fedora-gcc 0.3.1 35.17 NOTE
r-devel-osx-x86_64-clang 0.3.1 34.84 NOTE
r-devel-windows-ix86+x86_64 0.3.0 10.00 54.00 64.00 ERROR
r-patched-linux-x86_64 0.3.1 2.59 32.21 34.80 NOTE
r-patched-solaris-sparc 0.3.1 361.10 NOTE
r-patched-solaris-x86 0.3.1 76.10 NOTE
r-release-linux-ix86 0.1.9 4.03 45.44 49.46 NOTE
r-release-linux-x86_64 0.1.9 3.01 36.36 39.37 NOTE
r-release-osx-x86_64-mavericks 0.3.0 NOTE
r-release-osx-x86_64-snowleopard 0.3.0 NOTE
r-release-windows-ix86+x86_64 0.3.1 10.00 58.00 68.00 NOTE
r-oldrel-windows-ix86+x86_64 0.3.1 11.00 68.00 79.00 NOTE

Check Details

Version: 0.3.0
Check: package dependencies
Result: NOTE
    Package which this enhances but not available for checking: ‘rCharts’
Flavors: r-devel-linux-x86_64-debian-clang, r-devel-linux-x86_64-debian-gcc, r-devel-windows-ix86+x86_64, r-release-osx-x86_64-mavericks, r-release-osx-x86_64-snowleopard

Version: 0.3.0
Check: tests
Result: ERROR
    Running the tests in ‘tests/test-all.R’ failed.
    Last 13 lines of output:
     alm_title : ......
     plot_signposts : ..........
    
    
     1. Failure(@test-alm_events.R#24): almevents returns correctly when one specific source requested
     length(out3) not equal to 1
     Mean relative difference: 1
    
     2. Failure(@test-alm_events.R#25): almevents returns correctly when one specific source requested
     names(out3) does not match 'crossref'. Actual value: ""
    
     Error: Test failures
     Execution halted
Flavors: r-devel-linux-x86_64-debian-clang, r-devel-linux-x86_64-debian-gcc, r-devel-windows-ix86+x86_64

Version: 0.3.1
Check: package dependencies
Result: NOTE
    Package which this enhances but not available for checking: ‘rCharts’
Flavors: r-devel-linux-x86_64-fedora-clang, r-devel-linux-x86_64-fedora-gcc, r-devel-osx-x86_64-clang, r-patched-linux-x86_64, r-patched-solaris-sparc, r-patched-solaris-x86, r-release-windows-ix86+x86_64, r-oldrel-windows-ix86+x86_64

Version: 0.1.9
Check: package dependencies
Result: NOTE
    Package which this enhances but not available for checking: ‘rCharts’
Flavors: r-release-linux-ix86, r-release-linux-x86_64