CRAN Package Check Results for Package alm

Last updated on 2015-05-22 19:47:59.

Flavor Version Tinstall Tcheck Ttotal Status Flags
r-devel-linux-x86_64-debian-clang 0.4.0 1.69 22.70 24.39 NOTE
r-devel-linux-x86_64-debian-gcc 0.4.0 1.61 22.56 24.17 NOTE
r-devel-linux-x86_64-fedora-clang 0.4.0 49.17 NOTE
r-devel-linux-x86_64-fedora-gcc 0.4.0 46.81 NOTE
r-devel-osx-x86_64-clang 0.4.0 48.48 NOTE
r-devel-windows-ix86+x86_64 0.4.0 7.00 37.00 44.00 NOTE
r-patched-linux-x86_64 0.4.0 1.64 22.92 24.56 NOTE
r-patched-solaris-sparc 0.4.0 310.10 NOTE
r-patched-solaris-x86 0.4.0 69.60 NOTE
r-release-linux-x86_64 0.4.0 1.63 23.38 25.01 OK
r-release-osx-x86_64-mavericks 0.4.0 OK
r-release-osx-x86_64-snowleopard 0.4.0 ERROR
r-release-windows-ix86+x86_64 0.4.0 8.00 37.00 45.00 OK
r-oldrel-windows-ix86+x86_64 0.4.0 13.00 60.00 73.00 OK

Check Details

Version: 0.4.0
Check: files in ‘vignettes’
Result: NOTE
    The following directory looks like a leftover from 'knitr':
     ‘figure’
    Please remove from your package.
Flavors: r-devel-linux-x86_64-debian-clang, r-devel-linux-x86_64-debian-gcc, r-devel-linux-x86_64-fedora-clang, r-devel-linux-x86_64-fedora-gcc, r-devel-osx-x86_64-clang, r-devel-windows-ix86+x86_64, r-patched-linux-x86_64, r-patched-solaris-sparc, r-patched-solaris-x86

Version: 0.4.0
Check: package dependencies
Result: ERROR
    Package required but not available: ‘ggplot2’
    
    Packages suggested but not available for checking: ‘rplos’ ‘knitr’
    
    VignetteBuilder package required for checking but not installed: ‘knitr’
    
    See section ‘The DESCRIPTION file’ in the ‘Writing R Extensions’
    manual.
Flavor: r-release-osx-x86_64-snowleopard