CRAN Package Check Results for Package alm

Last updated on 2015-07-31 08:49:47.

Flavor Version Tinstall Tcheck Ttotal Status Flags
r-devel-linux-x86_64-debian-clang 0.4.0 1.68 22.98 24.66 NOTE
r-devel-linux-x86_64-debian-gcc 0.4.0 1.62 22.77 24.40 NOTE
r-devel-linux-x86_64-fedora-clang 0.4.0 48.21 NOTE
r-devel-linux-x86_64-fedora-gcc 0.4.0 46.65 NOTE
r-devel-osx-x86_64-clang 0.4.0 43.75 NOTE
r-devel-windows-ix86+x86_64 0.4.0 8.00 41.00 49.00 NOTE
r-patched-linux-x86_64 0.4.0 1.64 23.32 24.96 NOTE
r-patched-solaris-sparc 0.4.0 312.40 NOTE
r-patched-solaris-x86 0.4.0 69.90 NOTE
r-release-linux-x86_64 0.4.0 1.74 22.53 24.28 NOTE
r-release-osx-x86_64-mavericks 0.4.0 OK
r-release-windows-ix86+x86_64 0.4.0 9.00 37.00 46.00 NOTE
r-oldrel-windows-ix86+x86_64 0.4.0 13.00 78.00 91.00 OK

Check Details

Version: 0.4.0
Check: R code for possible problems
Result: NOTE
    alm_events : parse_events: no visible global function definition for
     ‘setNames’
    alm_ids : getalm: no visible global function definition for ‘is’
    alm_plot: no visible global function definition for ‘na.omit’
    Undefined global functions or variables:
     is na.omit setNames
    Consider adding
     importFrom("methods", "is")
     importFrom("stats", "na.omit", "setNames")
    to your NAMESPACE.
Flavors: r-devel-linux-x86_64-debian-clang, r-devel-linux-x86_64-debian-gcc, r-devel-linux-x86_64-fedora-clang, r-devel-linux-x86_64-fedora-gcc, r-devel-windows-ix86+x86_64

Version: 0.4.0
Check: files in ‘vignettes’
Result: NOTE
    The following directory looks like a leftover from 'knitr':
     ‘figure’
    Please remove from your package.
Flavors: r-devel-linux-x86_64-debian-clang, r-devel-linux-x86_64-debian-gcc, r-devel-linux-x86_64-fedora-clang, r-devel-linux-x86_64-fedora-gcc, r-devel-osx-x86_64-clang, r-devel-windows-ix86+x86_64, r-patched-linux-x86_64, r-patched-solaris-sparc, r-patched-solaris-x86, r-release-linux-x86_64, r-release-windows-ix86+x86_64