CRAN Package Check Results for Package alm

Last updated on 2016-07-25 00:46:34.

Flavor Version Tinstall Tcheck Ttotal Status Flags
r-devel-linux-x86_64-debian-clang 0.4.0 2.32 25.66 27.98 NOTE
r-devel-linux-x86_64-debian-gcc 0.4.0 1.88 25.50 27.38 NOTE
r-devel-linux-x86_64-fedora-clang 0.4.0 41.49 NOTE
r-devel-linux-x86_64-fedora-gcc 0.4.0 39.59 NOTE
r-devel-osx-x86_64-clang 0.4.0 36.43 NOTE
r-devel-windows-ix86+x86_64 0.4.0 9.00 70.00 79.00 NOTE
r-patched-linux-x86_64 0.4.0 2.38 24.13 26.51 NOTE
r-patched-solaris-sparc 0.4.0 264.90 NOTE
r-patched-solaris-x86 0.4.0 57.10 NOTE
r-release-linux-x86_64 0.4.0 2.43 24.40 26.83 NOTE
r-release-osx-x86_64-mavericks 0.4.0 NOTE
r-release-windows-ix86+x86_64 0.4.0 6.00 50.00 56.00 NOTE
r-oldrel-windows-ix86+x86_64 0.4.0 8.00 56.00 64.00 NOTE

Check Details

Version: 0.4.0
Check: R code for possible problems
Result: NOTE
    alm_events : parse_events: no visible global function definition for
     ‘setNames’
    alm_ids : getalm: no visible global function definition for ‘is’
    alm_plot: no visible global function definition for ‘na.omit’
    Undefined global functions or variables:
     is na.omit setNames
    Consider adding
     importFrom("methods", "is")
     importFrom("stats", "na.omit", "setNames")
    to your NAMESPACE file (and ensure that your DESCRIPTION Imports field
    contains 'methods').
Flavors: r-devel-linux-x86_64-debian-clang, r-devel-linux-x86_64-debian-gcc, r-devel-linux-x86_64-fedora-clang, r-devel-linux-x86_64-fedora-gcc, r-devel-osx-x86_64-clang, r-devel-windows-ix86+x86_64, r-patched-linux-x86_64, r-patched-solaris-sparc, r-patched-solaris-x86, r-release-linux-x86_64, r-release-osx-x86_64-mavericks, r-release-windows-ix86+x86_64

Version: 0.4.0
Check: files in ‘vignettes’
Result: NOTE
    The following directory looks like a leftover from 'knitr':
     ‘figure’
    Please remove from your package.
Flavors: r-devel-linux-x86_64-debian-clang, r-devel-linux-x86_64-debian-gcc, r-devel-linux-x86_64-fedora-clang, r-devel-linux-x86_64-fedora-gcc, r-devel-osx-x86_64-clang, r-devel-windows-ix86+x86_64, r-patched-linux-x86_64, r-patched-solaris-sparc, r-patched-solaris-x86, r-release-linux-x86_64, r-release-osx-x86_64-mavericks, r-release-windows-ix86+x86_64, r-oldrel-windows-ix86+x86_64