CRAN Package Check Results for Package alm

Last updated on 2015-04-19 23:49:06.

Flavor Version Tinstall Tcheck Ttotal Status Flags
r-devel-linux-x86_64-debian-clang 0.4.0 1.73 22.95 24.68 NOTE
r-devel-linux-x86_64-debian-gcc 0.4.0 1.73 22.12 23.85 NOTE
r-devel-linux-x86_64-fedora-clang 0.4.0 50.20 NOTE
r-devel-linux-x86_64-fedora-gcc 0.4.0 44.48 NOTE
r-devel-osx-x86_64-clang 0.4.0 48.71 NOTE
r-devel-windows-ix86+x86_64 0.4.0 9.00 47.00 56.00 OK
r-patched-linux-x86_64 0.4.0 1.56 22.22 23.79 OK
r-patched-solaris-sparc 0.4.0 292.20 NOTE
r-patched-solaris-x86 0.4.0 63.70 NOTE
r-release-linux-x86_64 0.4.0 1.55 22.06 23.60 OK
r-release-osx-x86_64-mavericks 0.4.0 OK
r-release-osx-x86_64-snowleopard 0.4.0 ERROR
r-release-windows-ix86+x86_64 0.4.0 4.00 34.00 38.00 OK
r-oldrel-windows-ix86+x86_64 0.4.0 9.00 58.00 67.00 OK

Check Details

Version: 0.4.0
Check: files in ‘vignettes’
Result: NOTE
    The following directory looks like a leftover from 'knitr':
     ‘figure’
    Please remove from your package.
Flavors: r-devel-linux-x86_64-debian-clang, r-devel-linux-x86_64-debian-gcc, r-devel-linux-x86_64-fedora-clang, r-devel-linux-x86_64-fedora-gcc, r-devel-osx-x86_64-clang, r-patched-solaris-sparc, r-patched-solaris-x86

Version: 0.4.0
Check: package dependencies
Result: ERROR
    Package required but not available: ‘ggplot2’
    
    Packages suggested but not available for checking: ‘rplos’ ‘knitr’
    
    VignetteBuilder package required for checking but installed: ‘knitr’
    
    See section ‘The DESCRIPTION file’ in the ‘Writing R Extensions’
    manual.
Flavor: r-release-osx-x86_64-snowleopard