CRAN Package Check Results for Package alm

Last updated on 2014-07-31 11:51:05.

Flavor Version Tinstall Tcheck Ttotal Status Flags
r-devel-linux-x86_64-debian-clang 0.1.9 2.93 34.72 37.65 NOTE
r-devel-linux-x86_64-debian-gcc 0.1.9 2.86 34.90 37.76 NOTE
r-devel-linux-x86_64-fedora-clang 0.1.9 79.74 NOTE
r-devel-linux-x86_64-fedora-gcc 0.1.9 74.06 NOTE
r-devel-osx-x86_64-clang 0.1.9 68.23 NOTE
r-devel-windows-ix86+x86_64 0.1.9 9.00 58.00 67.00 NOTE
r-patched-linux-x86_64 0.1.9 2.92 34.99 37.91 NOTE
r-patched-solaris-sparc 0.1.9 478.20 NOTE
r-patched-solaris-x86 0.1.9 104.80 NOTE
r-release-linux-ix86 0.1.9 3.83 44.79 48.62 NOTE
r-release-linux-x86_64 0.1.9 3.27 35.14 38.42 NOTE
r-release-osx-x86_64-mavericks 0.1.9 NOTE
r-release-osx-x86_64-snowleopard 0.1.9 NOTE
r-release-windows-ix86+x86_64 0.1.9 16.00 88.00 104.00 NOTE
r-oldrel-windows-ix86+x86_64 0.1.9 11.00 83.00 94.00 NOTE

Check Details

Version: 0.1.9
Check: package dependencies
Result: NOTE
    Package which this enhances but not available for checking: rCharts
Flavors: r-devel-linux-x86_64-debian-clang, r-devel-linux-x86_64-debian-gcc, r-devel-linux-x86_64-fedora-clang, r-devel-linux-x86_64-fedora-gcc, r-devel-osx-x86_64-clang, r-devel-windows-ix86+x86_64, r-patched-linux-x86_64, r-patched-solaris-sparc, r-patched-solaris-x86, r-release-linux-ix86, r-release-linux-x86_64, r-release-osx-x86_64-mavericks, r-release-osx-x86_64-snowleopard, r-release-windows-ix86+x86_64, r-oldrel-windows-ix86+x86_64