CRAN Package Check Results for Package alm

Last updated on 2014-12-22 06:48:31.

Flavor Version Tinstall Tcheck Ttotal Status Flags
r-devel-linux-x86_64-debian-clang 0.3.1 2.53 30.93 33.46 NOTE
r-devel-linux-x86_64-debian-gcc 0.3.1 2.46 29.75 32.21 NOTE
r-devel-linux-x86_64-fedora-clang 0.3.1 69.55 NOTE
r-devel-linux-x86_64-fedora-gcc 0.3.1 67.49 NOTE
r-devel-osx-x86_64-clang 0.3.1 63.63 NOTE
r-devel-windows-ix86+x86_64 0.3.1 10.00 55.00 65.00 NOTE
r-patched-linux-x86_64 0.3.1 2.63 31.37 34.00 NOTE
r-patched-solaris-sparc 0.3.1 413.70 NOTE
r-patched-solaris-x86 0.3.1 93.70 NOTE
r-release-linux-ix86 0.3.1 3.11 38.96 42.06 NOTE
r-release-linux-x86_64 0.3.1 2.64 31.15 33.80 NOTE
r-release-osx-x86_64-mavericks 0.3.1 NOTE
r-release-osx-x86_64-snowleopard 0.3.1 NOTE
r-release-windows-ix86+x86_64 0.3.1 10.00 57.00 67.00 NOTE
r-oldrel-windows-ix86+x86_64 0.3.1 9.00 60.00 69.00 NOTE

Check Details

Version: 0.3.1
Check: package dependencies
Result: NOTE
    Package which this enhances but not available for checking: ‘rCharts’
Flavors: r-devel-linux-x86_64-debian-clang, r-devel-linux-x86_64-debian-gcc, r-devel-linux-x86_64-fedora-clang, r-devel-linux-x86_64-fedora-gcc, r-devel-osx-x86_64-clang, r-devel-windows-ix86+x86_64, r-patched-linux-x86_64, r-patched-solaris-sparc, r-patched-solaris-x86, r-release-linux-ix86, r-release-linux-x86_64, r-release-osx-x86_64-mavericks, r-release-osx-x86_64-snowleopard, r-release-windows-ix86+x86_64, r-oldrel-windows-ix86+x86_64