CRAN Package Check Results for Package alm

Last updated on 2016-05-06 10:46:55.

Flavor Version Tinstall Tcheck Ttotal Status Flags
r-devel-linux-x86_64-debian-gcc 0.4.0 1.58 21.95 23.53 NOTE
r-devel-linux-x86_64-fedora-clang 0.4.0 41.57 NOTE
r-devel-linux-x86_64-fedora-gcc 0.4.0 38.80 NOTE
r-devel-osx-x86_64-clang 0.4.0 47.44 NOTE
r-devel-windows-ix86+x86_64 0.4.0 6.00 43.00 49.00 NOTE
r-patched-linux-x86_64 0.4.0 1.60 21.19 22.79 NOTE
r-patched-solaris-sparc 0.4.0 258.40 NOTE
r-patched-solaris-x86 0.4.0 58.50 NOTE
r-release-linux-x86_64 0.4.0 1.51 21.14 22.65 NOTE
r-release-osx-x86_64-mavericks 0.4.0 OK
r-release-windows-ix86+x86_64 0.4.0 6.00 43.00 49.00 NOTE
r-oldrel-windows-ix86+x86_64 0.4.0 9.00 64.00 73.00 NOTE

Check Details

Version: 0.4.0
Check: R code for possible problems
Result: NOTE
    alm_events : parse_events: no visible global function definition for
     ‘setNames’
    alm_ids : getalm: no visible global function definition for ‘is’
    alm_plot: no visible global function definition for ‘na.omit’
    Undefined global functions or variables:
     is na.omit setNames
    Consider adding
     importFrom("methods", "is")
     importFrom("stats", "na.omit", "setNames")
    to your NAMESPACE file (and ensure that your DESCRIPTION Imports field
    contains 'methods').
Flavors: r-devel-linux-x86_64-debian-gcc, r-devel-linux-x86_64-fedora-clang, r-devel-linux-x86_64-fedora-gcc, r-devel-osx-x86_64-clang, r-devel-windows-ix86+x86_64, r-patched-linux-x86_64, r-patched-solaris-sparc, r-patched-solaris-x86, r-release-linux-x86_64, r-release-windows-ix86+x86_64

Version: 0.4.0
Check: files in ‘vignettes’
Result: NOTE
    The following directory looks like a leftover from 'knitr':
     ‘figure’
    Please remove from your package.
Flavors: r-devel-linux-x86_64-debian-gcc, r-devel-linux-x86_64-fedora-clang, r-devel-linux-x86_64-fedora-gcc, r-devel-osx-x86_64-clang, r-devel-windows-ix86+x86_64, r-patched-linux-x86_64, r-patched-solaris-sparc, r-patched-solaris-x86, r-release-linux-x86_64, r-release-windows-ix86+x86_64, r-oldrel-windows-ix86+x86_64