CRAN Package Check Results for Package alm

Last updated on 2015-08-27 22:48:42.

Flavor Version Tinstall Tcheck Ttotal Status Flags
r-devel-linux-x86_64-debian-clang 0.4.0 1.57 22.18 23.74 NOTE
r-devel-linux-x86_64-debian-gcc 0.4.0 1.52 21.26 22.78 NOTE
r-devel-linux-x86_64-fedora-clang 0.4.0 46.33 NOTE
r-devel-linux-x86_64-fedora-gcc 0.4.0 45.39 NOTE
r-devel-osx-x86_64-clang 0.4.0 42.10 NOTE
r-devel-windows-ix86+x86_64 0.4.0 10.00 40.00 50.00 NOTE
r-patched-linux-x86_64 0.4.0 1.72 23.06 24.78 NOTE
r-patched-solaris-sparc 0.4.0 312.40 NOTE
r-patched-solaris-x86 0.4.0 70.50 NOTE
r-release-linux-x86_64 0.4.0 1.67 23.21 24.88 NOTE
r-release-osx-x86_64-mavericks 0.4.0 OK
r-release-windows-ix86+x86_64 0.4.0 8.00 41.00 49.00 NOTE
r-oldrel-windows-ix86+x86_64 0.4.0 18.00 73.00 91.00 OK

Check Details

Version: 0.4.0
Check: R code for possible problems
Result: NOTE
    alm_events : parse_events: no visible global function definition for
     ‘setNames’
    alm_ids : getalm: no visible global function definition for ‘is’
    alm_plot: no visible global function definition for ‘na.omit’
    Undefined global functions or variables:
     is na.omit setNames
    Consider adding
     importFrom("methods", "is")
     importFrom("stats", "na.omit", "setNames")
    to your NAMESPACE (and ensure that your DESCRIPTION Imports field
    contains 'methods').
Flavors: r-devel-linux-x86_64-debian-clang, r-devel-linux-x86_64-debian-gcc, r-devel-linux-x86_64-fedora-clang, r-devel-linux-x86_64-fedora-gcc, r-devel-windows-ix86+x86_64

Version: 0.4.0
Check: files in ‘vignettes’
Result: NOTE
    The following directory looks like a leftover from 'knitr':
     ‘figure’
    Please remove from your package.
Flavors: r-devel-linux-x86_64-debian-clang, r-devel-linux-x86_64-debian-gcc, r-devel-linux-x86_64-fedora-clang, r-devel-linux-x86_64-fedora-gcc, r-devel-osx-x86_64-clang, r-devel-windows-ix86+x86_64, r-patched-linux-x86_64, r-patched-solaris-sparc, r-patched-solaris-x86, r-release-linux-x86_64, r-release-windows-ix86+x86_64