CRAN Package Check Results for Package alm

Last updated on 2015-03-01 00:49:30.

Flavor Version Tinstall Tcheck Ttotal Status Flags
r-devel-linux-x86_64-debian-clang 0.3.1 1.73 23.42 25.15 NOTE
r-devel-linux-x86_64-debian-gcc 0.3.1 1.49 21.79 23.28 NOTE
r-devel-linux-x86_64-fedora-clang 0.3.1 52.53 NOTE
r-devel-linux-x86_64-fedora-gcc 0.3.1 46.08 NOTE
r-devel-osx-x86_64-clang 0.3.1 47.73 NOTE
r-devel-windows-ix86+x86_64 0.3.1 10.00 38.00 48.00 NOTE
r-patched-linux-x86_64 0.3.1 2.70 33.10 35.80 NOTE
r-patched-solaris-sparc 0.3.1 414.50 NOTE
r-patched-solaris-x86 0.3.1 94.70 NOTE
r-release-linux-ix86 0.3.1 3.10 39.88 42.99 NOTE
r-release-linux-x86_64 0.3.1 2.70 32.46 35.16 NOTE
r-release-osx-x86_64-mavericks 0.3.1 NOTE
r-release-osx-x86_64-snowleopard 0.3.1 NOTE
r-release-windows-ix86+x86_64 0.3.1 11.00 53.00 64.00 NOTE
r-oldrel-windows-ix86+x86_64 0.3.1 11.00 61.00 72.00 NOTE

Check Details

Version: 0.3.1
Check: package dependencies
Result: NOTE
    Package which this enhances but not available for checking: ‘rCharts’
Flavors: r-devel-linux-x86_64-debian-clang, r-devel-linux-x86_64-debian-gcc, r-devel-linux-x86_64-fedora-clang, r-devel-linux-x86_64-fedora-gcc, r-devel-osx-x86_64-clang, r-devel-windows-ix86+x86_64, r-patched-linux-x86_64, r-patched-solaris-sparc, r-patched-solaris-x86, r-release-linux-ix86, r-release-linux-x86_64, r-release-osx-x86_64-mavericks, r-release-osx-x86_64-snowleopard, r-release-windows-ix86+x86_64, r-oldrel-windows-ix86+x86_64

Version: 0.3.1
Check: DESCRIPTION meta-information
Result: NOTE
    Malformed Title field: should not end in a period.
Flavors: r-devel-linux-x86_64-debian-clang, r-devel-linux-x86_64-debian-gcc, r-devel-linux-x86_64-fedora-clang, r-devel-linux-x86_64-fedora-gcc, r-devel-osx-x86_64-clang, r-devel-windows-ix86+x86_64