CRAN Package Check Results for Package alm

Last updated on 2014-09-24 03:48:49.

Flavor Version Tinstall Tcheck Ttotal Status Flags
r-devel-linux-x86_64-debian-clang 0.1.9 2.94 35.13 38.07 NOTE
r-devel-linux-x86_64-debian-gcc 0.1.9 2.82 33.91 36.73 NOTE
r-devel-linux-x86_64-fedora-clang 0.1.9 75.85 NOTE
r-devel-linux-x86_64-fedora-gcc 0.1.9 68.93 NOTE
r-devel-osx-x86_64-clang 0.1.9 67.10 NOTE
r-devel-windows-ix86+x86_64 0.1.9 10.00 55.00 65.00 NOTE
r-patched-linux-x86_64 0.1.9 3.00 37.95 40.95 NOTE
r-patched-solaris-sparc 0.1.9 478.20 NOTE
r-patched-solaris-x86 0.1.9 103.40 NOTE
r-release-linux-ix86 0.1.9 3.89 46.44 50.32 NOTE
r-release-linux-x86_64 0.1.9 3.85 36.72 40.57 NOTE
r-release-osx-x86_64-mavericks 0.1.9 NOTE
r-release-osx-x86_64-snowleopard 0.1.9 NOTE
r-release-windows-ix86+x86_64 0.1.9 9.00 61.00 70.00 NOTE
r-oldrel-windows-ix86+x86_64 0.1.9 10.00 61.00 71.00 NOTE

Check Details

Version: 0.1.9
Check: package dependencies
Result: NOTE
    Package which this enhances but not available for checking: ‘rCharts’
Flavors: r-devel-linux-x86_64-debian-clang, r-devel-linux-x86_64-debian-gcc, r-devel-linux-x86_64-fedora-clang, r-devel-linux-x86_64-fedora-gcc, r-devel-osx-x86_64-clang, r-devel-windows-ix86+x86_64, r-patched-linux-x86_64, r-patched-solaris-sparc, r-patched-solaris-x86, r-release-linux-ix86, r-release-linux-x86_64, r-release-osx-x86_64-mavericks, r-release-osx-x86_64-snowleopard, r-release-windows-ix86+x86_64, r-oldrel-windows-ix86+x86_64