CRAN Package Check Results for Package alm

Last updated on 2014-11-22 01:48:06.

Flavor Version Tinstall Tcheck Ttotal Status Flags
r-devel-linux-x86_64-debian-clang 0.3.1 2.54 31.30 33.83 NOTE
r-devel-linux-x86_64-debian-gcc 0.3.1 2.43 30.53 32.96 NOTE
r-devel-linux-x86_64-fedora-clang 0.3.1 69.03 NOTE
r-devel-linux-x86_64-fedora-gcc 0.3.1 65.35 NOTE
r-devel-osx-x86_64-clang 0.3.1 64.27 NOTE
r-devel-windows-ix86+x86_64 0.3.1 10.00 50.00 60.00 NOTE
r-patched-linux-x86_64 0.3.1 2.60 31.42 34.02 NOTE
r-patched-solaris-sparc 0.3.1 361.10 NOTE
r-patched-solaris-x86 0.3.1 94.80 NOTE
r-release-linux-ix86 0.3.1 3.08 38.90 41.99 NOTE
r-release-linux-x86_64 0.3.1 2.94 31.70 34.64 NOTE
r-release-osx-x86_64-mavericks 0.3.1 NOTE
r-release-osx-x86_64-snowleopard 0.3.1 NOTE
r-release-windows-ix86+x86_64 0.3.1 13.00 51.00 64.00 NOTE
r-oldrel-windows-ix86+x86_64 0.3.1 8.00 57.00 65.00 NOTE

Check Details

Version: 0.3.1
Check: package dependencies
Result: NOTE
    Package which this enhances but not available for checking: ‘rCharts’
Flavors: r-devel-linux-x86_64-debian-clang, r-devel-linux-x86_64-debian-gcc, r-devel-linux-x86_64-fedora-clang, r-devel-linux-x86_64-fedora-gcc, r-devel-osx-x86_64-clang, r-devel-windows-ix86+x86_64, r-patched-linux-x86_64, r-patched-solaris-sparc, r-patched-solaris-x86, r-release-linux-ix86, r-release-linux-x86_64, r-release-osx-x86_64-mavericks, r-release-osx-x86_64-snowleopard, r-release-windows-ix86+x86_64, r-oldrel-windows-ix86+x86_64