CRAN Package Check Results for Package alm

Last updated on 2017-02-23 23:49:15.

Flavor Version Tinstall Tcheck Ttotal Status Flags
r-devel-linux-x86_64-debian-clang 0.4.0 1.76 24.82 26.58 NOTE
r-devel-linux-x86_64-debian-gcc 0.4.0 1.69 24.98 26.67 NOTE
r-devel-linux-x86_64-fedora-clang 0.4.0 48.00 NOTE --no-stop-on-test-error
r-devel-linux-x86_64-fedora-gcc 0.4.0 46.36 NOTE --no-stop-on-test-error
r-devel-macos-x86_64-clang 0.4.0 40.04 NOTE --no-stop-on-test-error
r-devel-windows-ix86+x86_64 0.4.0 11.00 66.00 77.00 NOTE
r-patched-linux-x86_64 0.4.0 1.89 22.12 24.01 NOTE
r-patched-solaris-sparc 0.4.0 279.50 NOTE
r-patched-solaris-x86 0.4.0 59.80 NOTE
r-release-linux-x86_64 0.4.0 1.58 22.27 23.84 NOTE
r-release-osx-x86_64-mavericks 0.4.0 NOTE
r-release-windows-ix86+x86_64 0.4.0 7.00 71.00 78.00 NOTE
r-oldrel-windows-ix86+x86_64 0.4.0 10.00 61.00 71.00 NOTE

Check Details

Version: 0.4.0
Check: R code for possible problems
Result: NOTE
    alm_events : parse_events: no visible global function definition for
     ‘setNames’
    alm_ids : getalm: no visible global function definition for ‘is’
    alm_plot: no visible global function definition for ‘na.omit’
    Undefined global functions or variables:
     is na.omit setNames
    Consider adding
     importFrom("methods", "is")
     importFrom("stats", "na.omit", "setNames")
    to your NAMESPACE file (and ensure that your DESCRIPTION Imports field
    contains 'methods').
Flavors: r-devel-linux-x86_64-debian-clang, r-devel-linux-x86_64-debian-gcc, r-devel-windows-ix86+x86_64, r-patched-linux-x86_64, r-patched-solaris-sparc, r-patched-solaris-x86, r-release-linux-x86_64, r-release-osx-x86_64-mavericks, r-release-windows-ix86+x86_64

Version: 0.4.0
Check: files in ‘vignettes’
Result: NOTE
    The following directory looks like a leftover from 'knitr':
     ‘figure’
    Please remove from your package.
Flavors: r-devel-linux-x86_64-debian-clang, r-devel-linux-x86_64-debian-gcc, r-devel-windows-ix86+x86_64, r-patched-linux-x86_64, r-patched-solaris-sparc, r-patched-solaris-x86, r-release-linux-x86_64, r-release-osx-x86_64-mavericks, r-release-windows-ix86+x86_64, r-oldrel-windows-ix86+x86_64

Version: 0.4.0
Flags: --no-stop-on-test-error
Check: R code for possible problems
Result: NOTE
    alm_events : parse_events: no visible global function definition for
     ‘setNames’
    alm_ids : getalm: no visible global function definition for ‘is’
    alm_plot: no visible global function definition for ‘na.omit’
    Undefined global functions or variables:
     is na.omit setNames
    Consider adding
     importFrom("methods", "is")
     importFrom("stats", "na.omit", "setNames")
    to your NAMESPACE file (and ensure that your DESCRIPTION Imports field
    contains 'methods').
Flavors: r-devel-linux-x86_64-fedora-clang, r-devel-linux-x86_64-fedora-gcc, r-devel-macos-x86_64-clang

Version: 0.4.0
Flags: --no-stop-on-test-error
Check: files in ‘vignettes’
Result: NOTE
    The following directory looks like a leftover from 'knitr':
     ‘figure’
    Please remove from your package.
Flavors: r-devel-linux-x86_64-fedora-clang, r-devel-linux-x86_64-fedora-gcc, r-devel-macos-x86_64-clang