CRAN Package Check Results for Package alm

Last updated on 2014-04-21 12:43:12.

Flavor Version Tinstall Tcheck Ttotal Status Flags
r-devel-linux-x86_64-debian-clang 0.1.4 3.53 61.40 64.93 NOTE
r-devel-linux-x86_64-debian-gcc 0.1.4 3.40 79.76 83.16 NOTE
r-devel-linux-x86_64-fedora-clang 0.1.4 85.38 NOTE
r-devel-linux-x86_64-fedora-gcc 0.1.4 83.04 NOTE
r-devel-osx-x86_64-clang 0.1.4 99.23 NOTE
r-devel-osx-x86_64-gcc 0.1.4 ERROR
r-devel-windows-ix86+x86_64 0.1.4 10.00 83.00 93.00 NOTE
r-patched-linux-x86_64 0.1.4 3.28 62.90 66.18 NOTE
r-patched-solaris-sparc 0.1.4 446.00 WARN
r-patched-solaris-x86 0.1.4 109.50 NOTE
r-release-linux-x86_64 0.1.4 3.34 74.37 77.71 NOTE
r-release-osx-x86_64-mavericks 0.1.4 WARN
r-release-osx-x86_64-snowleopard 0.1.4 NOTE
r-release-windows-ix86+x86_64 0.1.4 13.00 91.00 104.00 NOTE
r-oldrel-windows-ix86+x86_64 0.1.4 14.00 94.00 108.00 NOTE

Check Details

Version: 0.1.4
Check: package dependencies
Result: NOTE
    Package which this enhances but not available for checking: ‘rCharts’
Flavors: r-devel-linux-x86_64-debian-clang, r-devel-linux-x86_64-debian-gcc, r-devel-linux-x86_64-fedora-clang, r-devel-linux-x86_64-fedora-gcc, r-devel-osx-x86_64-clang, r-devel-windows-ix86+x86_64, r-patched-linux-x86_64, r-patched-solaris-sparc, r-patched-solaris-x86, r-release-linux-x86_64, r-release-osx-x86_64-mavericks, r-release-osx-x86_64-snowleopard, r-release-windows-ix86+x86_64, r-oldrel-windows-ix86+x86_64

Version: 0.1.4
Check: R code for possible problems
Result: NOTE
    plot_signposts: no visible global function definition for ‘nPlot’
Flavors: r-devel-linux-x86_64-debian-clang, r-devel-linux-x86_64-debian-gcc, r-devel-linux-x86_64-fedora-clang, r-devel-linux-x86_64-fedora-gcc, r-devel-osx-x86_64-clang, r-devel-windows-ix86+x86_64, r-patched-linux-x86_64, r-patched-solaris-sparc, r-patched-solaris-x86, r-release-linux-x86_64, r-release-osx-x86_64-mavericks, r-release-osx-x86_64-snowleopard, r-release-windows-ix86+x86_64, r-oldrel-windows-ix86+x86_64

Version: 0.1.4
Check: package dependencies
Result: ERROR
    Package required but not available: ‘ggplot2’
    
    Packages suggested but not available for checking: ‘rplos’ ‘knitr’
    
    Package which this enhances but not available for checking: ‘rCharts’
    
    See the information on DESCRIPTION files in the chapter ‘Creating R
    packages’ of the ‘Writing R Extensions’ manual.
Flavor: r-devel-osx-x86_64-gcc

Version: 0.1.4
Check: for executable files
Result: WARNING
    Found the following executable file:
     inst/vign/cache/signposts1_c96f55a749822dd089b636087766def2.rdb
    Source packages should not contain undeclared executable files.
    See section ‘Package structure’ in the ‘Writing R Extensions’ manual.
Flavor: r-patched-solaris-sparc

Version: 0.1.4
Check: PDF version of manual
Result: WARNING
    LaTeX errors when creating PDF version.
    This typically indicates Rd problems.
    LaTeX errors found:
    ! LaTeX Error: File `upquote.sty' not found.
    
    Type X to quit or <RETURN> to proceed,
    or enter new name. (Default extension: sty)
    
    /private/tmp/Rtmpyd6Vuw/Rd2pdf11fd35d33a8e5/Rd2.tex:8: ==> Fatal error occurre
    d, no output PDF file produced!
Flavor: r-release-osx-x86_64-mavericks