CRAN Package Check Results for Package almanac

Last updated on 2022-11-28 21:56:00 CET.

Flavor Version Tinstall Tcheck Ttotal Status Flags
r-devel-linux-x86_64-debian-clang 0.1.1 13.18 165.59 178.77 NOTE
r-devel-linux-x86_64-debian-gcc 0.1.1 8.85 116.16 125.01 NOTE
r-devel-linux-x86_64-fedora-clang 0.1.1 243.63 NOTE
r-devel-linux-x86_64-fedora-gcc 0.1.1 234.55 NOTE
r-devel-windows-x86_64 0.1.1 58.00 177.00 235.00 NOTE
r-patched-linux-x86_64 0.1.1 9.81 158.07 167.88 NOTE
r-release-linux-x86_64 0.1.1 11.73 152.53 164.26 NOTE
r-release-macos-arm64 0.1.1 60.00 NOTE
r-release-macos-x86_64 0.1.1 78.00 NOTE
r-release-windows-x86_64 0.1.1 74.00 180.00 254.00 NOTE
r-oldrel-macos-arm64 0.1.1 71.00 NOTE
r-oldrel-macos-x86_64 0.1.1 103.00 NOTE
r-oldrel-windows-ix86+x86_64 0.1.1 34.00 327.00 361.00 NOTE

Check Details

Version: 0.1.1
Check: LazyData
Result: NOTE
     'LazyData' is specified without a 'data' directory
Flavors: r-devel-linux-x86_64-debian-clang, r-devel-linux-x86_64-debian-gcc, r-devel-linux-x86_64-fedora-clang, r-devel-linux-x86_64-fedora-gcc, r-devel-windows-x86_64, r-patched-linux-x86_64, r-release-linux-x86_64, r-release-macos-arm64, r-release-macos-x86_64, r-release-windows-x86_64, r-oldrel-macos-arm64, r-oldrel-macos-x86_64, r-oldrel-windows-ix86+x86_64