CRAN Package Check Results for Package alphahull

Last updated on 2015-06-30 18:47:04.

Flavor Version Tinstall Tcheck Ttotal Status Flags
r-devel-linux-x86_64-debian-clang 2.0 5.67 57.30 62.97 NOTE
r-devel-linux-x86_64-debian-gcc 2.0 5.32 56.44 61.75 NOTE
r-devel-linux-x86_64-fedora-clang 2.0 129.51 NOTE
r-devel-linux-x86_64-fedora-gcc 2.0 122.48 OK
r-devel-osx-x86_64-clang 2.0 116.25 OK
r-devel-windows-ix86+x86_64 2.0 16.00 119.00 135.00 NOTE
r-patched-linux-x86_64 2.0 5.29 56.22 61.51 OK
r-patched-solaris-sparc 2.0 767.50 OK
r-patched-solaris-x86 2.0 174.10 OK
r-release-linux-x86_64 2.0 5.49 55.78 61.26 OK
r-release-osx-x86_64-mavericks 2.0 OK
r-release-windows-ix86+x86_64 2.0 25.00 109.00 134.00 OK
r-oldrel-windows-ix86+x86_64 2.0 25.00 169.00 194.00 OK

Check Details

Version: 2.0
Check: R code for possible problems
Result: NOTE
    ahull_track: no visible global function definition for ‘xy.coords’
    arc: no visible global function definition for ‘lines’
    ashape: no visible global function definition for ‘chull’
    ashape: no visible global function definition for ‘na.omit’
    delvor: no visible global function definition for ‘xy.coords’
    dw: no visible global function definition for ‘xy.coords’
    dw_track: no visible global function definition for ‘xy.coords’
    plot.ahull: no visible global function definition for ‘plot’
    plot.ahull: no visible global function definition for ‘axis’
    plot.ahull: no visible global function definition for ‘text’
    plot.ashape: no visible global function definition for ‘plot’
    plot.ashape: no visible global function definition for ‘axis’
    plot.ashape: no visible global function definition for ‘points’
    plot.ashape: no visible global function definition for ‘text’
    plot.ashape: no visible global function definition for ‘segments’
    plot.delvor: no visible global function definition for ‘plot’
    plot.delvor: no visible global function definition for ‘axis’
    plot.delvor: no visible global function definition for ‘points’
    plot.delvor: no visible global function definition for ‘text’
    plot.delvor: no visible global function definition for ‘segments’
    rkoch: no visible global function definition for ‘runif’
Flavors: r-devel-linux-x86_64-debian-clang, r-devel-linux-x86_64-debian-gcc, r-devel-linux-x86_64-fedora-clang, r-devel-windows-ix86+x86_64