CRAN Package Check Results for Package alphahull

Last updated on 2014-07-22 10:47:15.

Flavor Version Tinstall Tcheck Ttotal Status Flags
r-devel-linux-x86_64-debian-clang 1.0 3.00 28.43 31.43 NOTE
r-devel-linux-x86_64-debian-gcc 1.0 2.80 29.10 31.91 NOTE
r-devel-linux-x86_64-fedora-clang 1.0 73.89 NOTE
r-devel-linux-x86_64-fedora-gcc 1.0 71.48 NOTE
r-devel-osx-x86_64-clang 1.0 64.89 NOTE
r-devel-windows-ix86+x86_64 1.0 10.00 53.00 63.00 NOTE
r-patched-linux-x86_64 1.0 2.86 27.58 30.45 NOTE
r-patched-solaris-sparc 1.0 364.50 NOTE
r-patched-solaris-x86 1.0 69.00 ERROR
r-release-linux-ix86 1.0 4.16 39.19 43.36 NOTE
r-release-linux-x86_64 1.0 2.91 29.34 32.25 NOTE
r-release-osx-x86_64-mavericks 1.0 NOTE
r-release-osx-x86_64-snowleopard 1.0 NOTE
r-release-windows-ix86+x86_64 1.0 9.00 57.00 66.00 NOTE
r-oldrel-windows-ix86+x86_64 1.0 11.00 60.00 71.00 NOTE

Check Details

Version: 1.0
Check: dependencies in R code
Result: NOTE
    Packages in Depends field not imported from:
     ‘sgeostat’ ‘splancs’ ‘tripack’
     These packages need to be imported from (in the NAMESPACE file)
     for when this namespace is loaded but not attached.
    See the information on DESCRIPTION files in the chapter ‘Creating R
    packages’ of the ‘Writing R Extensions’ manual.
Flavors: r-devel-linux-x86_64-debian-clang, r-devel-linux-x86_64-debian-gcc, r-devel-linux-x86_64-fedora-clang, r-devel-linux-x86_64-fedora-gcc, r-devel-osx-x86_64-clang, r-devel-windows-ix86+x86_64, r-patched-linux-x86_64, r-patched-solaris-sparc, r-patched-solaris-x86, r-release-linux-ix86, r-release-linux-x86_64, r-release-osx-x86_64-mavericks, r-release-windows-ix86+x86_64, r-oldrel-windows-ix86+x86_64

Version: 1.0
Check: running R code from vignettes
Result: ERROR
    Errors in running code in vignettes:
    when running code in ‘alphahull.rnw’
     ...
    [1] FALSE
    
    > inahull(alphahull, c(0.6, 0.2))
    [1] FALSE
    
    > areaahull(alphahull)
    
     When sourcing ‘alphahull.R’:
    Error: argument is of length zero
    Execution halted
Flavor: r-patched-solaris-x86

Version: 1.0
Check: re-building of vignette outputs
Result: NOTE
    Error in re-building vignettes:
     ...
    Loading required package: tripack
    Loading required package: sgeostat
    Loading required package: splancs
    Loading required package: sp
    
    Spatial Point Pattern Analysis Code in S-Plus
    
     Version 2 - Spatial and Space-Time analysis
    
    Error in texi2dvi(file = file, pdf = TRUE, clean = clean, quiet = quiet, :
     Running 'texi2dvi' on 'alphahull.tex' failed.
    LaTeX errors:
    ! LaTeX Error: File `pstricks.sty' not found.
    
    Type X to quit or <RETURN> to proceed,
    or enter new name. (Default extension: sty)
    
    gn_test/alphahull/vignettes/alphahull.tex:17: ==> Fatal error occurred, no out
    put PDF file produced!
    Calls: buildVignettes -> texi2pdf -> texi2dvi
    Execution halted
Flavor: r-release-osx-x86_64-mavericks

Version: 1.0
Check: re-building of vignette outputs
Result: NOTE
    Error in re-building vignettes:
     ...
    Loading required package: tripack
    Loading required package: sgeostat
    Loading required package: splancs
    Loading required package: sp
    
    Spatial Point Pattern Analysis Code in S-Plus
    
     Version 2 - Spatial and Space-Time analysis
    
    Error in texi2dvi(file = file, pdf = TRUE, clean = clean, quiet = quiet, :
     Running 'texi2dvi' on 'alphahull.tex' failed.
    LaTeX errors:
    ! LaTeX Error: File `pstricks.sty' not found.
    
    Type X to quit or <RETURN> to proceed,
    or enter new name. (Default extension: sty)
    Calls: buildVignettes -> texi2pdf -> texi2dvi
    Execution halted
Flavor: r-release-osx-x86_64-snowleopard