CRAN Package Check Results for Package alphahull

Last updated on 2017-03-29 03:50:15.

Flavor Version Tinstall Tcheck Ttotal Status Flags
r-devel-linux-x86_64-debian-clang 2.1 6.24 59.23 65.47 NOTE
r-devel-linux-x86_64-debian-gcc 2.1 5.72 57.70 63.43 NOTE
r-devel-linux-x86_64-fedora-clang 2.1 136.89 NOTE --no-stop-on-test-error
r-devel-linux-x86_64-fedora-gcc 2.1 146.46 NOTE --no-stop-on-test-error
r-devel-macos-x86_64-clang 2.1 102.65 NOTE --no-stop-on-test-error
r-devel-windows-ix86+x86_64 2.1 19.00 136.00 155.00 OK
r-patched-linux-x86_64 2.1 5.66 57.17 62.83 NOTE
r-patched-solaris-sparc 2.1 769.70 OK
r-patched-solaris-x86 2.1 184.30 OK
r-release-linux-x86_64 2.1 5.08 50.58 55.66 OK
r-release-osx-x86_64-mavericks 2.1 OK
r-release-windows-ix86+x86_64 2.1 23.00 175.00 198.00 OK
r-oldrel-windows-ix86+x86_64 2.1 18.00 125.00 143.00 OK

Check Details

Version: 2.1
Check: compiled code
Result: NOTE
    File ‘alphahull/libs/alphahull.so’:
     Found no calls to: ‘R_registerRoutines’, ‘R_useDynamicSymbols’
    
    It is good practice to register native routines and to disable symbol
    search.
    
    See ‘Writing portable packages’ in the ‘Writing R Extensions’ manual.
Flavors: r-devel-linux-x86_64-debian-clang, r-devel-linux-x86_64-debian-gcc, r-patched-linux-x86_64

Version: 2.1
Flags: --no-stop-on-test-error
Check: compiled code
Result: NOTE
    File ‘alphahull/libs/alphahull.so’:
     Found no calls to: ‘R_registerRoutines’, ‘R_useDynamicSymbols’
    
    It is good practice to register native routines and to disable symbol
    search.
    
    See ‘Writing portable packages’ in the ‘Writing R Extensions’ manual.
Flavors: r-devel-linux-x86_64-fedora-clang, r-devel-linux-x86_64-fedora-gcc, r-devel-macos-x86_64-clang