CRAN Package Check Results for Package alphahull

Last updated on 2018-05-21 14:51:31 CEST.

Flavor Version Tinstall Tcheck Ttotal Status Flags
r-devel-linux-x86_64-debian-clang 2.1 10.87 87.23 98.10 NOTE
r-devel-linux-x86_64-debian-gcc 2.1 8.70 78.01 86.71 NOTE
r-devel-linux-x86_64-fedora-clang 2.1 139.09 NOTE
r-devel-linux-x86_64-fedora-gcc 2.1 136.10 NOTE
r-devel-windows-ix86+x86_64 2.1 25.00 139.00 164.00 OK
r-patched-linux-x86_64 2.1 8.61 86.67 95.28 NOTE
r-patched-solaris-x86 2.1 176.50 OK
r-release-linux-x86_64 2.1 9.13 85.36 94.49 NOTE
r-release-windows-ix86+x86_64 2.1 18.00 164.00 182.00 OK
r-release-osx-x86_64 2.1 OK
r-oldrel-windows-ix86+x86_64 2.1 28.00 175.00 203.00 OK
r-oldrel-osx-x86_64 2.1 OK

Check Details

Version: 2.1
Check: compiled code
Result: NOTE
    File ‘alphahull/libs/alphahull.so’:
     Found no calls to: ‘R_registerRoutines’, ‘R_useDynamicSymbols’
    
    It is good practice to register native routines and to disable symbol
    search.
    
    See ‘Writing portable packages’ in the ‘Writing R Extensions’ manual.
Flavors: r-devel-linux-x86_64-debian-clang, r-devel-linux-x86_64-debian-gcc, r-devel-linux-x86_64-fedora-clang, r-devel-linux-x86_64-fedora-gcc, r-patched-linux-x86_64, r-release-linux-x86_64