CRAN Package Check Results for Package alphahull

Last updated on 2017-12-18 21:10:51 CET.

Flavor Version Tinstall Tcheck Ttotal Status Flags
r-devel-linux-x86_64-debian-clang 2.1 6.61 73.83 80.44 NOTE
r-devel-linux-x86_64-debian-gcc 2.1 6.54 67.10 73.64 NOTE
r-devel-linux-x86_64-fedora-clang 2.1 122.57 NOTE
r-devel-linux-x86_64-fedora-gcc 2.1 119.26 NOTE
r-devel-windows-ix86+x86_64 2.1 19.00 124.00 143.00 OK
r-patched-linux-x86_64 2.1 7.12 91.12 98.24 NOTE
r-patched-solaris-x86 2.1 187.50 OK
r-release-linux-x86_64 2.1 7.47 90.68 98.15 NOTE
r-release-windows-ix86+x86_64 2.1 16.00 118.00 134.00 OK
r-release-osx-x86_64 2.1 OK
r-oldrel-windows-ix86+x86_64 2.1 24.00 149.00 173.00 OK
r-oldrel-osx-x86_64 2.1 OK

Check Details

Version: 2.1
Check: compiled code
Result: NOTE
    File ‘alphahull/libs/alphahull.so’:
     Found no calls to: ‘R_registerRoutines’, ‘R_useDynamicSymbols’
    
    It is good practice to register native routines and to disable symbol
    search.
    
    See ‘Writing portable packages’ in the ‘Writing R Extensions’ manual.
Flavors: r-devel-linux-x86_64-debian-clang, r-devel-linux-x86_64-debian-gcc, r-devel-linux-x86_64-fedora-clang, r-devel-linux-x86_64-fedora-gcc, r-patched-linux-x86_64, r-release-linux-x86_64