CRAN Package Check Results for Package alphahull

Last updated on 2017-10-22 20:47:03.

Flavor Version Tinstall Tcheck Ttotal Status Flags
r-devel-linux-x86_64-debian-clang 2.1 5.84 59.35 65.19 NOTE
r-devel-linux-x86_64-debian-gcc 2.1 6.62 61.10 67.73 NOTE
r-devel-linux-x86_64-fedora-clang 2.1 140.65 NOTE
r-devel-linux-x86_64-fedora-gcc 2.1 140.85 NOTE
r-devel-windows-ix86+x86_64 2.1 17.00 122.00 139.00 OK
r-patched-linux-x86_64 2.1 5.32 59.40 64.72 NOTE
r-patched-solaris-x86 2.1 185.40 OK
r-release-linux-x86_64 2.1 5.29 59.17 64.46 NOTE
r-release-windows-ix86+x86_64 2.1 26.00 117.00 143.00 OK
r-release-osx-x86_64 2.1 OK
r-oldrel-windows-ix86+x86_64 2.1 16.00 147.00 163.00 OK
r-oldrel-osx-x86_64 2.1 OK

Check Details

Version: 2.1
Check: compiled code
Result: NOTE
    File ‘alphahull/libs/alphahull.so’:
     Found no calls to: ‘R_registerRoutines’, ‘R_useDynamicSymbols’
    
    It is good practice to register native routines and to disable symbol
    search.
    
    See ‘Writing portable packages’ in the ‘Writing R Extensions’ manual.
Flavors: r-devel-linux-x86_64-debian-clang, r-devel-linux-x86_64-debian-gcc, r-devel-linux-x86_64-fedora-clang, r-devel-linux-x86_64-fedora-gcc, r-patched-linux-x86_64, r-release-linux-x86_64