CRAN Package Check Results for Package alphahull

Last updated on 2015-07-28 23:47:22.

Flavor Version Tinstall Tcheck Ttotal Status Flags
r-devel-linux-x86_64-debian-clang 2.0 5.64 59.43 65.08 NOTE
r-devel-linux-x86_64-debian-gcc 2.0 5.42 57.14 62.56 NOTE
r-devel-linux-x86_64-fedora-clang 2.0 130.39 NOTE
r-devel-linux-x86_64-fedora-gcc 2.0 123.29 NOTE
r-devel-osx-x86_64-clang 2.0 110.85 OK
r-devel-windows-ix86+x86_64 2.0 16.00 112.00 128.00 NOTE
r-patched-linux-x86_64 2.0 5.46 57.89 63.35 OK
r-patched-solaris-sparc 2.0 770.80 OK
r-patched-solaris-x86 2.0 174.20 OK
r-release-linux-x86_64 2.0 5.87 59.09 64.96 OK
r-release-osx-x86_64-mavericks 2.0 OK
r-release-windows-ix86+x86_64 2.0 26.00 105.00 131.00 OK
r-oldrel-windows-ix86+x86_64 2.0 24.00 162.00 186.00 OK

Check Details

Version: 2.0
Check: R code for possible problems
Result: NOTE
    ahull_track: no visible global function definition for ‘xy.coords’
    arc: no visible global function definition for ‘lines’
    ashape: no visible global function definition for ‘chull’
    ashape: no visible global function definition for ‘na.omit’
    delvor: no visible global function definition for ‘xy.coords’
    dw: no visible global function definition for ‘xy.coords’
    dw_track: no visible global function definition for ‘xy.coords’
    plot.ahull: no visible global function definition for ‘plot’
    plot.ahull: no visible global function definition for ‘axis’
    plot.ahull: no visible global function definition for ‘text’
    plot.ashape: no visible global function definition for ‘plot’
    plot.ashape: no visible global function definition for ‘axis’
    plot.ashape: no visible global function definition for ‘points’
    plot.ashape: no visible global function definition for ‘text’
    plot.ashape: no visible global function definition for ‘segments’
    plot.delvor: no visible global function definition for ‘plot’
    plot.delvor: no visible global function definition for ‘axis’
    plot.delvor: no visible global function definition for ‘points’
    plot.delvor: no visible global function definition for ‘text’
    plot.delvor: no visible global function definition for ‘segments’
    rkoch: no visible global function definition for ‘runif’
    Undefined global functions or variables:
     axis chull lines na.omit plot points runif segments text xy.coords
    Consider adding
     importFrom("grDevices", "chull", "xy.coords")
     importFrom("graphics", "axis", "lines", "plot", "points", "segments",
     "text")
     importFrom("stats", "na.omit", "runif")
    to your NAMESPACE.
Flavors: r-devel-linux-x86_64-debian-clang, r-devel-linux-x86_64-debian-gcc, r-devel-linux-x86_64-fedora-clang, r-devel-linux-x86_64-fedora-gcc, r-devel-windows-ix86+x86_64