CRAN Package Check Results for Package alphahull

Last updated on 2017-05-24 01:48:48.

Flavor Version Tinstall Tcheck Ttotal Status Flags
r-devel-linux-x86_64-debian-clang 2.1 5.84 59.32 65.16 NOTE
r-devel-linux-x86_64-debian-gcc 2.1 5.72 57.05 62.76 NOTE
r-devel-linux-x86_64-fedora-clang 2.1 141.33 NOTE --no-stop-on-test-error
r-devel-linux-x86_64-fedora-gcc 2.1 134.84 NOTE --no-stop-on-test-error
r-devel-windows-ix86+x86_64 2.1 30.00 138.00 168.00 OK
r-patched-linux-x86_64 2.1 5.64 58.70 64.34 NOTE
r-patched-solaris-sparc 2.1 769.70 OK
r-patched-solaris-x86 2.1 178.40 OK
r-release-linux-x86_64 2.1 5.76 57.90 63.66 NOTE
r-release-windows-ix86+x86_64 2.1 19.00 186.00 205.00 OK
r-release-osx-x86_64 2.1 OK
r-oldrel-windows-ix86+x86_64 2.1 29.00 161.00 190.00 OK
r-oldrel-osx-x86_64 2.1 OK

Check Details

Version: 2.1
Check: compiled code
Result: NOTE
    File ‘alphahull/libs/alphahull.so’:
     Found no calls to: ‘R_registerRoutines’, ‘R_useDynamicSymbols’
    
    It is good practice to register native routines and to disable symbol
    search.
    
    See ‘Writing portable packages’ in the ‘Writing R Extensions’ manual.
Flavors: r-devel-linux-x86_64-debian-clang, r-devel-linux-x86_64-debian-gcc, r-patched-linux-x86_64, r-release-linux-x86_64

Version: 2.1
Flags: --no-stop-on-test-error
Check: compiled code
Result: NOTE
    File ‘alphahull/libs/alphahull.so’:
     Found no calls to: ‘R_registerRoutines’, ‘R_useDynamicSymbols’
    
    It is good practice to register native routines and to disable symbol
    search.
    
    See ‘Writing portable packages’ in the ‘Writing R Extensions’ manual.
Flavors: r-devel-linux-x86_64-fedora-clang, r-devel-linux-x86_64-fedora-gcc