CRAN Package Check Results for Package alphahull

Last updated on 2016-02-08 09:49:23.

Flavor Version Tinstall Tcheck Ttotal Status Flags
r-devel-linux-x86_64-debian-gcc 2.0 5.34 51.06 56.40 NOTE
r-devel-linux-x86_64-fedora-clang 2.0 112.77 NOTE
r-devel-linux-x86_64-fedora-gcc 2.0 106.86 NOTE
r-devel-osx-x86_64-clang 2.0 117.51 NOTE
r-devel-windows-ix86+x86_64 2.0 22.00 116.00 138.00 NOTE
r-patched-linux-x86_64 2.0 6.25 57.55 63.79 OK
r-patched-solaris-sparc 2.0 710.80 OK
r-patched-solaris-x86 2.0 155.60 OK
r-release-linux-x86_64 2.0 6.09 56.46 62.55 OK
r-release-osx-x86_64-mavericks 2.0 OK
r-release-windows-ix86+x86_64 2.0 24.00 129.00 153.00 OK
r-oldrel-windows-ix86+x86_64 2.0 34.00 155.00 189.00 OK

Check Details

Version: 2.0
Check: R code for possible problems
Result: NOTE
    ahull_track: no visible global function definition for ‘xy.coords’
    arc: no visible global function definition for ‘lines’
    ashape: no visible global function definition for ‘chull’
    ashape: no visible global function definition for ‘na.omit’
    delvor: no visible global function definition for ‘xy.coords’
    dw: no visible global function definition for ‘xy.coords’
    dw_track: no visible global function definition for ‘xy.coords’
    plot.ahull: no visible global function definition for ‘plot’
    plot.ahull: no visible global function definition for ‘axis’
    plot.ahull: no visible global function definition for ‘text’
    plot.ashape: no visible global function definition for ‘plot’
    plot.ashape: no visible global function definition for ‘axis’
    plot.ashape: no visible global function definition for ‘points’
    plot.ashape: no visible global function definition for ‘text’
    plot.ashape: no visible global function definition for ‘segments’
    plot.delvor: no visible global function definition for ‘plot’
    plot.delvor: no visible global function definition for ‘axis’
    plot.delvor: no visible global function definition for ‘points’
    plot.delvor: no visible global function definition for ‘text’
    plot.delvor: no visible global function definition for ‘segments’
    rkoch: no visible global function definition for ‘runif’
    Undefined global functions or variables:
     axis chull lines na.omit plot points runif segments text xy.coords
    Consider adding
     importFrom("grDevices", "chull", "xy.coords")
     importFrom("graphics", "axis", "lines", "plot", "points", "segments",
     "text")
     importFrom("stats", "na.omit", "runif")
    to your NAMESPACE file.
Flavors: r-devel-linux-x86_64-debian-gcc, r-devel-linux-x86_64-fedora-clang, r-devel-linux-x86_64-fedora-gcc, r-devel-osx-x86_64-clang, r-devel-windows-ix86+x86_64