CRAN Package Check Results for Package alphahull

Last updated on 2015-05-28 23:47:19.

Flavor Version Tinstall Tcheck Ttotal Status Flags
r-devel-linux-x86_64-debian-clang 2.0 5.44 56.71 62.15 OK
r-devel-linux-x86_64-debian-gcc 2.0 5.49 54.90 60.38 OK
r-devel-linux-x86_64-fedora-clang 2.0 143.22 OK
r-devel-linux-x86_64-fedora-gcc 2.0 128.00 OK
r-devel-osx-x86_64-clang 2.0 114.28 OK
r-devel-windows-ix86+x86_64 2.0 20.00 109.00 129.00 OK
r-patched-linux-x86_64 2.0 5.29 55.72 61.01 OK
r-patched-solaris-sparc 2.0 767.50 OK
r-patched-solaris-x86 2.0 178.80 OK
r-release-linux-x86_64 2.0 5.29 56.20 61.49 OK
r-release-osx-x86_64-mavericks 2.0 OK
r-release-osx-x86_64-snowleopard 2.0 ERROR
r-release-windows-ix86+x86_64 2.0 18.00 110.00 128.00 OK
r-oldrel-windows-ix86+x86_64 2.0 26.00 156.00 182.00 OK

Check Details

Version: 2.0
Check: package dependencies
Result: ERROR
    Package required but not available: ‘ggplot2’
    
    See section ‘The DESCRIPTION file’ in the ‘Writing R Extensions’
    manual.
Flavor: r-release-osx-x86_64-snowleopard