CRAN Package Check Results for Package alphahull

Last updated on 2017-06-29 17:49:55.

Flavor Version Tinstall Tcheck Ttotal Status Flags
r-devel-linux-x86_64-debian-clang 2.1 6.20 59.15 65.35 NOTE
r-devel-linux-x86_64-debian-gcc 2.1 6.17 56.90 63.07 NOTE
r-devel-linux-x86_64-fedora-clang 2.1 138.00 NOTE
r-devel-linux-x86_64-fedora-gcc 2.1 134.81 NOTE
r-devel-windows-ix86+x86_64 2.1 32.00 122.00 154.00 OK
r-patched-linux-x86_64 2.1 6.05 59.24 65.29 NOTE
r-patched-solaris-sparc 2.1 769.70 OK
r-patched-solaris-x86 2.1 183.50 OK
r-release-linux-x86_64 2.1 5.62 57.98 63.60 NOTE
r-release-windows-ix86+x86_64 2.1 24.00 123.00 147.00 OK
r-release-osx-x86_64 2.1 OK
r-oldrel-windows-ix86+x86_64 2.1 23.00 148.00 171.00 OK
r-oldrel-osx-x86_64 2.1 OK

Check Details

Version: 2.1
Check: compiled code
Result: NOTE
    File ‘alphahull/libs/alphahull.so’:
     Found no calls to: ‘R_registerRoutines’, ‘R_useDynamicSymbols’
    
    It is good practice to register native routines and to disable symbol
    search.
    
    See ‘Writing portable packages’ in the ‘Writing R Extensions’ manual.
Flavors: r-devel-linux-x86_64-debian-clang, r-devel-linux-x86_64-debian-gcc, r-devel-linux-x86_64-fedora-clang, r-devel-linux-x86_64-fedora-gcc, r-patched-linux-x86_64, r-release-linux-x86_64