CRAN Package Check Results for Package alphashape3d

Last updated on 2014-08-28 14:47:22.

Flavor Version Tinstall Tcheck Ttotal Status Flags
r-devel-linux-x86_64-debian-clang 1.1 1.32 82.00 83.32 OK
r-devel-linux-x86_64-debian-gcc 1.1 1.46 80.81 82.26 OK
r-devel-linux-x86_64-fedora-clang 1.1 177.87 OK
r-devel-linux-x86_64-fedora-gcc 1.1 173.57 OK
r-devel-osx-x86_64-clang 1.1 123.12 NOTE
r-devel-windows-ix86+x86_64 1.1 7.00 113.00 120.00 OK
r-patched-linux-x86_64 1.1 1.52 82.63 84.14 OK
r-patched-solaris-sparc 1.1 907.10 NOTE
r-patched-solaris-x86 1.1 179.90 NOTE
r-release-linux-ix86 1.1 2.21 108.91 111.12 OK
r-release-linux-x86_64 1.1 1.47 81.94 83.42 OK
r-release-osx-x86_64-mavericks 1.1 NOTE
r-release-osx-x86_64-snowleopard 1.1 OK
r-release-windows-ix86+x86_64 1.1 9.00 119.00 128.00 OK
r-oldrel-windows-ix86+x86_64 1.1 9.00 131.00 140.00 OK

Check Details

Version: 1.1
Check: re-building of vignette outputs
Result: NOTE
    Error in re-building vignettes:
     ...
    Warning in rgl.snapshot(filename = paste(name, "png", sep = ".")) :
     snapshot failed
    Device 8 : alpha = 0.3
    Warning in rgl.snapshot(filename = paste(name, "png", sep = ".")) :
     snapshot failed
    Device 9 : alpha = 0.5
    Warning in rgl.snapshot(filename = paste(name, "png", sep = ".")) :
     snapshot failed
    Device 11 : alpha = 0.3
    Warning in rgl.snapshot(filename = paste(name, "png", sep = ".")) :
     snapshot failed
    Device 12 : alpha = 0.5
    Warning in rgl.snapshot(filename = paste(name, "png", sep = ".")) :
     snapshot failed
    Device 13 : alpha = 0.3
    Warning in rgl.snapshot(filename = paste(name, "png", sep = ".")) :
     snapshot failed
    Error in texi2dvi(file = file, pdf = TRUE, clean = clean, quiet = quiet, :
     Running 'texi2dvi' on 'alphashape3d.tex' failed.
    LaTeX errors:
    !pdfTeX error: pdflatex (file ./alphashape3d-004.pdf): PDF inclusion: required
    page does not exist <0>
     ==> Fatal error occurred, no output PDF file produced!
    Calls: buildVignettes -> texi2pdf -> texi2dvi
    Execution halted
Flavors: r-devel-osx-x86_64-clang, r-patched-solaris-sparc, r-patched-solaris-x86

Version: 1.1
Check: re-building of vignette outputs
Result: NOTE
    Error in re-building vignettes:
     ...
    
     Version 2 - Spatial and Space-Time analysis
    
    Loading required package: magic
    Loading required package: abind
    Device 2 : alpha = 0.03
    Device 3 : alpha = 0.35
    Device 4 : alpha = 0.5
    Device 9 : alpha = 0.3
    Device 10 : alpha = 0.5
    Device 12 : alpha = 0.3
    Device 13 : alpha = 0.5
    Device 14 : alpha = 0.3
    Error in texi2dvi(file = file, pdf = TRUE, clean = clean, quiet = quiet, :
     Running 'texi2dvi' on 'alphashape3d.tex' failed.
    LaTeX errors:
    ! LaTeX Error: File `pstricks.sty' not found.
    
    Type X to quit or <RETURN> to proceed,
    or enter new name. (Default extension: sty)
    
    /vign_test/alphashape3d/vignettes/alphashape3d.tex:16: ==> Fatal error occurre
    d, no output PDF file produced!
    Calls: buildVignettes -> texi2pdf -> texi2dvi
    Execution halted
Flavor: r-release-osx-x86_64-mavericks