CRAN Package Check Results for Package alphashape3d

Last updated on 2017-02-24 10:47:19.

Flavor Version Tinstall Tcheck Ttotal Status Flags
r-devel-linux-x86_64-debian-clang 1.2 1.94 70.66 72.60 NOTE
r-devel-linux-x86_64-debian-gcc 1.2 1.90 70.23 72.13 NOTE
r-devel-linux-x86_64-fedora-clang 1.2 134.02 NOTE --no-stop-on-test-error
r-devel-linux-x86_64-fedora-gcc 1.2 129.50 NOTE --no-stop-on-test-error
r-devel-macos-x86_64-clang 1.2 92.17 NOTE --no-stop-on-test-error
r-devel-windows-ix86+x86_64 1.2 23.00 124.00 147.00 OK
r-patched-linux-x86_64 1.2 1.86 67.03 68.88 OK
r-patched-solaris-sparc 1.2 711.50 OK
r-patched-solaris-x86 1.2 141.60 OK
r-release-linux-x86_64 1.2 1.89 66.33 68.23 OK
r-release-osx-x86_64-mavericks 1.2 WARN
r-release-windows-ix86+x86_64 1.2 29.00 175.00 204.00 OK
r-oldrel-windows-ix86+x86_64 1.2 15.00 284.00 299.00 OK

Check Details

Version: 1.2
Check: compiled code
Result: NOTE
    File ‘alphashape3d/libs/alphashape3d.so’:
     Found no calls to: ‘R_registerRoutines’, ‘R_useDynamicSymbols’
    
    It is good practice to register native routines and to disable symbol
    search.
    
    See ‘Writing portable packages’ in the ‘Writing R Extensions’ manual.
Flavors: r-devel-linux-x86_64-debian-clang, r-devel-linux-x86_64-debian-gcc

Version: 1.2
Flags: --no-stop-on-test-error
Check: compiled code
Result: NOTE
    File ‘alphashape3d/libs/alphashape3d.so’:
     Found no calls to: ‘R_registerRoutines’, ‘R_useDynamicSymbols’
    
    It is good practice to register native routines and to disable symbol
    search.
    
    See ‘Writing portable packages’ in the ‘Writing R Extensions’ manual.
Flavors: r-devel-linux-x86_64-fedora-clang, r-devel-linux-x86_64-fedora-gcc, r-devel-macos-x86_64-clang

Version: 1.2
Check: whether package can be installed
Result: WARN
    Found the following significant warnings:
     Warning: 'rgl_init' failed, running with rgl.useNULL = TRUE
Flavor: r-release-osx-x86_64-mavericks

Version: 1.2
Check: dependencies in R code
Result: NOTE
    Invalid MIT-MAGIC-COOKIE-1 key
Flavor: r-release-osx-x86_64-mavericks

Version: 1.2
Check: S3 generic/method consistency
Result: WARN
    Invalid MIT-MAGIC-COOKIE-1 key
    See section ‘Generic functions and methods’ in the ‘Writing R
    Extensions’ manual.
Flavor: r-release-osx-x86_64-mavericks

Version: 1.2
Check: replacement functions
Result: WARN
    Invalid MIT-MAGIC-COOKIE-1 key
    The argument of a replacement function which corresponds to the right
    hand side must be named ‘value’.
Flavor: r-release-osx-x86_64-mavericks

Version: 1.2
Check: foreign function calls
Result: NOTE
    Invalid MIT-MAGIC-COOKIE-1 key
    See chapter ‘System and foreign language interfaces’ in the ‘Writing R
    Extensions’ manual.
Flavor: r-release-osx-x86_64-mavericks

Version: 1.2
Check: R code for possible problems
Result: NOTE
    Invalid MIT-MAGIC-COOKIE-1 key
Flavor: r-release-osx-x86_64-mavericks

Version: 1.2
Check: for missing documentation entries
Result: WARN
    Invalid MIT-MAGIC-COOKIE-1 key
    All user-level objects in a package should have documentation entries.
    See chapter ‘Writing R documentation files’ in the ‘Writing R
    Extensions’ manual.
Flavor: r-release-osx-x86_64-mavericks

Version: 1.2
Check: for code/documentation mismatches
Result: WARN
    Invalid MIT-MAGIC-COOKIE-1 key
    Invalid MIT-MAGIC-COOKIE-1 key
    Invalid MIT-MAGIC-COOKIE-1 key
Flavor: r-release-osx-x86_64-mavericks

Version: 1.2
Check: Rd \usage sections
Result: NOTE
    Invalid MIT-MAGIC-COOKIE-1 key
    The \usage entries for S3 methods should use the \method markup and not
    their full name.
    See chapter ‘Writing R documentation files’ in the ‘Writing R
    Extensions’ manual.
Flavor: r-release-osx-x86_64-mavericks