CRAN Package Check Results for Package alphashape3d

Last updated on 2014-10-20 10:50:24.

Flavor Version Tinstall Tcheck Ttotal Status Flags
r-devel-linux-x86_64-debian-clang 1.1 1.37 87.83 89.20 OK
r-devel-linux-x86_64-debian-gcc 1.1 1.44 85.12 86.56 OK
r-devel-linux-x86_64-fedora-clang 1.1 184.77 OK
r-devel-linux-x86_64-fedora-gcc 1.1 187.95 OK
r-devel-osx-x86_64-clang 1.1 136.67 OK
r-devel-windows-ix86+x86_64 1.1 9.00 111.00 120.00 OK
r-patched-linux-x86_64 1.1 1.50 86.67 88.17 OK
r-patched-solaris-sparc 1.1 907.10 NOTE
r-patched-solaris-x86 1.1 191.00 OK
r-release-linux-ix86 1.1 2.31 109.83 112.14 OK
r-release-linux-x86_64 1.1 1.49 83.21 84.70 OK
r-release-osx-x86_64-mavericks 1.1 NOTE
r-release-osx-x86_64-snowleopard 1.1 OK
r-release-windows-ix86+x86_64 1.1 10.00 114.00 124.00 OK
r-oldrel-windows-ix86+x86_64 1.1 9.00 138.00 147.00 OK

Check Details

Version: 1.1
Check: re-building of vignette outputs
Result: NOTE
    Error in re-building vignettes:
     ...
    Warning in rgl.snapshot(filename = paste(name, "png", sep = ".")) :
     snapshot failed
    Device 8 : alpha = 0.3
    Warning in rgl.snapshot(filename = paste(name, "png", sep = ".")) :
     snapshot failed
    Device 9 : alpha = 0.5
    Warning in rgl.snapshot(filename = paste(name, "png", sep = ".")) :
     snapshot failed
    Device 11 : alpha = 0.3
    Warning in rgl.snapshot(filename = paste(name, "png", sep = ".")) :
     snapshot failed
    Device 12 : alpha = 0.5
    Warning in rgl.snapshot(filename = paste(name, "png", sep = ".")) :
     snapshot failed
    Device 13 : alpha = 0.3
    Warning in rgl.snapshot(filename = paste(name, "png", sep = ".")) :
     snapshot failed
    Error in texi2dvi(file = file, pdf = TRUE, clean = clean, quiet = quiet, :
     Running 'texi2dvi' on 'alphashape3d.tex' failed.
    LaTeX errors:
    !pdfTeX error: pdflatex (file ./alphashape3d-004.pdf): PDF inclusion: required
    page does not exist <0>
     ==> Fatal error occurred, no output PDF file produced!
    Calls: buildVignettes -> texi2pdf -> texi2dvi
    Execution halted
Flavor: r-patched-solaris-sparc

Version: 1.1
Check: re-building of vignette outputs
Result: NOTE
    Error in re-building vignettes:
     ...
    
     Version 2 - Spatial and Space-Time analysis
    
    Loading required package: magic
    Loading required package: abind
    Device 2 : alpha = 0.03
    Device 3 : alpha = 0.35
    Device 4 : alpha = 0.5
    Device 9 : alpha = 0.3
    Device 10 : alpha = 0.5
    Device 12 : alpha = 0.3
    Device 13 : alpha = 0.5
    Device 14 : alpha = 0.3
    Error in texi2dvi(file = file, pdf = TRUE, clean = clean, quiet = quiet, :
     Running 'texi2dvi' on 'alphashape3d.tex' failed.
    LaTeX errors:
    ! LaTeX Error: File `pstricks.sty' not found.
    
    Type X to quit or <RETURN> to proceed,
    or enter new name. (Default extension: sty)
    
    /vign_test/alphashape3d/vignettes/alphashape3d.tex:16: ==> Fatal error occurre
    d, no output PDF file produced!
    Calls: buildVignettes -> texi2pdf -> texi2dvi
    Execution halted
Flavor: r-release-osx-x86_64-mavericks