CRAN Package Check Results for Package alphashape3d

Last updated on 2014-11-23 17:49:22.

Flavor Version Tinstall Tcheck Ttotal Status Flags
r-devel-linux-x86_64-debian-clang 1.1 1.38 89.95 91.33 OK
r-devel-linux-x86_64-debian-gcc 1.1 1.46 83.82 85.29 OK
r-devel-linux-x86_64-fedora-clang 1.1 178.92 OK
r-devel-linux-x86_64-fedora-gcc 1.1 176.09 OK
r-devel-osx-x86_64-clang 1.1 135.65 OK
r-devel-windows-ix86+x86_64 1.1 8.00 126.00 134.00 OK
r-patched-linux-x86_64 1.1 1.47 85.97 87.44 OK
r-patched-solaris-sparc 1.1 839.40 OK
r-patched-solaris-x86 1.1 184.60 OK
r-release-linux-ix86 1.1 2.19 108.92 111.11 OK
r-release-linux-x86_64 1.1 1.50 85.14 86.64 OK
r-release-osx-x86_64-mavericks 1.1 NOTE
r-release-osx-x86_64-snowleopard 1.1 OK
r-release-windows-ix86+x86_64 1.1 9.00 120.00 129.00 OK
r-oldrel-windows-ix86+x86_64 1.1 9.00 138.00 147.00 OK

Check Details

Version: 1.1
Check: re-building of vignette outputs
Result: NOTE
    Error in re-building vignettes:
     ...
    
     Version 2 - Spatial and Space-Time analysis
    
    Loading required package: magic
    Loading required package: abind
    Device 2 : alpha = 0.03
    Device 3 : alpha = 0.35
    Device 4 : alpha = 0.5
    Device 9 : alpha = 0.3
    Device 10 : alpha = 0.5
    Device 12 : alpha = 0.3
    Device 13 : alpha = 0.5
    Device 14 : alpha = 0.3
    Error in texi2dvi(file = file, pdf = TRUE, clean = clean, quiet = quiet, :
     Running 'texi2dvi' on 'alphashape3d.tex' failed.
    LaTeX errors:
    ! LaTeX Error: File `pstricks.sty' not found.
    
    Type X to quit or <RETURN> to proceed,
    or enter new name. (Default extension: sty)
    
    /vign_test/alphashape3d/vignettes/alphashape3d.tex:16: ==> Fatal error occurre
    d, no output PDF file produced!
    Calls: buildVignettes -> texi2pdf -> texi2dvi
    Execution halted
Flavor: r-release-osx-x86_64-mavericks