CRAN Package Check Results for Package alphashape3d

Last updated on 2014-12-19 20:48:10.

Flavor Version Tinstall Tcheck Ttotal Status Flags
r-devel-linux-x86_64-debian-clang 1.1 1.38 83.46 84.83 OK
r-devel-linux-x86_64-debian-gcc 1.1 1.49 84.27 85.76 OK
r-devel-linux-x86_64-fedora-clang 1.1 180.45 OK
r-devel-linux-x86_64-fedora-gcc 1.1 169.27 OK
r-devel-osx-x86_64-clang 1.1 136.96 OK
r-devel-windows-ix86+x86_64 1.1 10.00 96.00 106.00 NOTE
r-patched-linux-x86_64 1.1 1.45 87.17 88.62 OK
r-patched-solaris-sparc 1.1 839.40 OK
r-patched-solaris-x86 1.1 186.20 OK
r-release-linux-ix86 1.1 2.16 109.13 111.29 OK
r-release-linux-x86_64 1.1 1.44 82.18 83.62 OK
r-release-osx-x86_64-mavericks 1.1 NOTE
r-release-osx-x86_64-snowleopard 1.1 OK
r-release-windows-ix86+x86_64 1.1 9.00 127.00 136.00 OK
r-oldrel-windows-ix86+x86_64 1.1 11.00 143.00 154.00 OK

Check Details

Version: 1.1
Check: re-building of vignette outputs
Result: NOTE
    Error in re-building vignettes:
     ...
    Loading required package: tripack
    Loading required package: sgeostat
    Loading required package: splancs
    Loading required package: sp
    
    Spatial Point Pattern Analysis Code in S-Plus
    
     Version 2 - Spatial and Space-Time analysis
    
    Loading required package: magic
    Loading required package: abind
    
     PLEASE NOTE: As of version 0.3-5, no degenerate (zero area)
     regions are returned with the "Qt" option since the R
     code removes them from the triangulation.
     See help("delaunayn").
    
    
    Device 2 : alpha = 0.03
    Error: processing vignette 'alphashape3d.rnw' failed with diagnostics:
    pixmap save format not supported in this build
    Execution halted
Flavor: r-devel-windows-ix86+x86_64

Version: 1.1
Check: re-building of vignette outputs
Result: NOTE
    Error in re-building vignettes:
     ...
    
     Version 2 - Spatial and Space-Time analysis
    
    Loading required package: magic
    Loading required package: abind
    Device 2 : alpha = 0.03
    Device 3 : alpha = 0.35
    Device 4 : alpha = 0.5
    Device 9 : alpha = 0.3
    Device 10 : alpha = 0.5
    Device 12 : alpha = 0.3
    Device 13 : alpha = 0.5
    Device 14 : alpha = 0.3
    Error in texi2dvi(file = file, pdf = TRUE, clean = clean, quiet = quiet, :
     Running 'texi2dvi' on 'alphashape3d.tex' failed.
    LaTeX errors:
    ! LaTeX Error: File `pstricks.sty' not found.
    
    Type X to quit or <RETURN> to proceed,
    or enter new name. (Default extension: sty)
    
    /vign_test/alphashape3d/vignettes/alphashape3d.tex:16: ==> Fatal error occurre
    d, no output PDF file produced!
    Calls: buildVignettes -> texi2pdf -> texi2dvi
    Execution halted
Flavor: r-release-osx-x86_64-mavericks