CRAN Package Check Results for Package alphashape3d

Last updated on 2017-06-22 19:46:45.

Flavor Version Tinstall Tcheck Ttotal Status Flags
r-devel-linux-x86_64-debian-clang 1.2 2.23 71.81 74.04 NOTE
r-devel-linux-x86_64-debian-gcc 1.2 2.31 73.32 75.63 NOTE
r-devel-linux-x86_64-fedora-clang 1.2 127.53 WARN
r-devel-linux-x86_64-fedora-gcc 1.2 68.71 WARN
r-devel-windows-ix86+x86_64 1.2 13.00 135.00 148.00 OK
r-patched-linux-x86_64 1.2 1.67 70.97 72.64 NOTE
r-patched-solaris-sparc 1.2 727.30 OK
r-patched-solaris-x86 1.2 149.10 WARN
r-release-linux-x86_64 1.2 2.13 69.26 71.39 NOTE
r-release-windows-ix86+x86_64 1.2 14.00 139.00 153.00 OK
r-release-osx-x86_64 1.2 NOTE
r-oldrel-windows-ix86+x86_64 1.2 14.00 133.00 147.00 OK
r-oldrel-osx-x86_64 1.2 WARN

Check Details

Version: 1.2
Check: compiled code
Result: NOTE
    File ‘alphashape3d/libs/alphashape3d.so’:
     Found no calls to: ‘R_registerRoutines’, ‘R_useDynamicSymbols’
    
    It is good practice to register native routines and to disable symbol
    search.
    
    See ‘Writing portable packages’ in the ‘Writing R Extensions’ manual.
Flavors: r-devel-linux-x86_64-debian-clang, r-devel-linux-x86_64-debian-gcc, r-devel-linux-x86_64-fedora-clang, r-devel-linux-x86_64-fedora-gcc, r-patched-linux-x86_64, r-release-linux-x86_64

Version: 1.2
Check: re-building of vignette outputs
Result: WARN
    Error in re-building vignettes:
     ...
    Loading required package: magic
    Loading required package: abind
    
     PLEASE NOTE: As of version 0.3-5, no degenerate (zero area)
     regions are returned with the "Qt" option since the R
     code removes them from the triangulation.
     See help("delaunayn").
    
    
    Device 2 : alpha = 0.03
    Device 3 : alpha = 0.35
    Device 4 : alpha = 0.5
    Device 9 : alpha = 0.3
    Device 10 : alpha = 0.5
    Device 12 : alpha = 0.3
    Device 13 : alpha = 0.5
    Device 14 : alpha = 0.3
    Error in texi2dvi(file = file, pdf = TRUE, clean = clean, quiet = quiet, :
     Running 'texi2dvi' on 'alphashape3d.tex' failed.
    LaTeX errors:
    !pdfTeX error: pdflatex (file /data/gannet/ripley/R/packages/tests-clang/alphas
    hape3d.Rcheck/vign_test/alphashape3d/vignettes/alphashape3d-004.pdf): PDF inclu
    sion: required page does not exist <0>
     ==> Fatal error occurred, no output PDF file produced!
    Calls: buildVignettes -> texi2pdf -> texi2dvi
    Execution halted
Flavor: r-devel-linux-x86_64-fedora-clang

Version: 1.2
Check: re-building of vignette outputs
Result: WARN
    Error in re-building vignettes:
     ...
    Loading required package: magic
    Loading required package: abind
    
     PLEASE NOTE: As of version 0.3-5, no degenerate (zero area)
     regions are returned with the "Qt" option since the R
     code removes them from the triangulation.
     See help("delaunayn").
    
    
    Device 2 : alpha = 0.03
    Device 3 : alpha = 0.35
    Device 4 : alpha = 0.5
    Device 9 : alpha = 0.3
    Device 10 : alpha = 0.5
    Device 12 : alpha = 0.3
    Device 13 : alpha = 0.5
    Device 14 : alpha = 0.3
    Error in texi2dvi(file = file, pdf = TRUE, clean = clean, quiet = quiet, :
     Running 'texi2dvi' on 'alphashape3d.tex' failed.
    LaTeX errors:
    !pdfTeX error: pdflatex (file /data/gannet/ripley/R/packages/tests-devel/alphas
    hape3d.Rcheck/vign_test/alphashape3d/vignettes/alphashape3d-004.pdf): PDF inclu
    sion: required page does not exist <0>
     ==> Fatal error occurred, no output PDF file produced!
    Calls: buildVignettes -> texi2pdf -> texi2dvi
    Execution halted
Flavor: r-devel-linux-x86_64-fedora-gcc

Version: 1.2
Check: re-building of vignette outputs
Result: WARN
    Error in re-building vignettes:
     ...
    Loading required package: magic
    Loading required package: abind
    
     PLEASE NOTE: As of version 0.3-5, no degenerate (zero area)
     regions are returned with the "Qt" option since the R
     code removes them from the triangulation.
     See help("delaunayn").
    
    
    Device 2 : alpha = 0.03
    Device 3 : alpha = 0.35
    Device 4 : alpha = 0.5
    Device 9 : alpha = 0.3
    Device 10 : alpha = 0.5
    Device 12 : alpha = 0.3
    Device 13 : alpha = 0.5
    Device 14 : alpha = 0.3
    Error in texi2dvi(file = file, pdf = TRUE, clean = clean, quiet = quiet, :
     Running 'texi2dvi' on 'alphashape3d.tex' failed.
    LaTeX errors:
    !pdfTeX error: pdflatex (file /home/ripley/R/packages/tests32/alphashape3d.Rche
    ck/vign_test/alphashape3d/vignettes/alphashape3d-004.pdf): PDF inclusion: requi
    red page does not exist <0>
     ==> Fatal error occurred, no output PDF file produced!
    Calls: buildVignettes -> texi2pdf -> texi2dvi
    Execution halted
Flavor: r-patched-solaris-x86

Version: 1.2
Check: re-building of vignette outputs
Result: NOTE
    Error in re-building vignettes:
     ...
    
    Device 2 : alpha = 0.03
    Device 3 : alpha = 0.35
    Device 4 : alpha = 0.5
    Device 9 : alpha = 0.3
    Device 10 : alpha = 0.5
    Device 12 : alpha = 0.3
    Device 13 : alpha = 0.5
    Device 14 : alpha = 0.3
    Error in texi2dvi(file = file, pdf = TRUE, clean = clean, quiet = quiet, :
     Running 'texi2dvi' on 'alphashape3d.tex' failed.
    LaTeX errors:
    ! LaTeX Error: File `pstricks.sty' not found.
    
    Type X to quit or <RETURN> to proceed,
    or enter new name. (Default extension: sty)
    
    ! Emergency stop.
    <read *>
    
    l.16 \usepackage
     {upgreek}^^M
    ! ==> Fatal error occurred, no output PDF file produced!
    Calls: buildVignettes -> texi2pdf -> texi2dvi
    Execution halted
Flavor: r-release-osx-x86_64

Version: 1.2
Check: whether package can be installed
Result: WARN
    Found the following significant warnings:
     Warning: 'rgl_init' failed, running with rgl.useNULL = TRUE
Flavor: r-oldrel-osx-x86_64

Version: 1.2
Check: dependencies in R code
Result: NOTE
    Invalid MIT-MAGIC-COOKIE-1 key
Flavor: r-oldrel-osx-x86_64

Version: 1.2
Check: S3 generic/method consistency
Result: WARN
    Invalid MIT-MAGIC-COOKIE-1 key
    See section ‘Generic functions and methods’ in the ‘Writing R
    Extensions’ manual.
Flavor: r-oldrel-osx-x86_64

Version: 1.2
Check: replacement functions
Result: WARN
    Invalid MIT-MAGIC-COOKIE-1 key
    The argument of a replacement function which corresponds to the right
    hand side must be named ‘value’.
Flavor: r-oldrel-osx-x86_64

Version: 1.2
Check: foreign function calls
Result: NOTE
    Invalid MIT-MAGIC-COOKIE-1 key
    See chapter ‘System and foreign language interfaces’ in the ‘Writing R
    Extensions’ manual.
Flavor: r-oldrel-osx-x86_64

Version: 1.2
Check: R code for possible problems
Result: NOTE
    Invalid MIT-MAGIC-COOKIE-1 key
Flavor: r-oldrel-osx-x86_64

Version: 1.2
Check: for missing documentation entries
Result: WARN
    Invalid MIT-MAGIC-COOKIE-1 key
    All user-level objects in a package should have documentation entries.
    See chapter ‘Writing R documentation files’ in the ‘Writing R
    Extensions’ manual.
Flavor: r-oldrel-osx-x86_64

Version: 1.2
Check: for code/documentation mismatches
Result: WARN
    Invalid MIT-MAGIC-COOKIE-1 key
    Invalid MIT-MAGIC-COOKIE-1 key
    Invalid MIT-MAGIC-COOKIE-1 key
Flavor: r-oldrel-osx-x86_64

Version: 1.2
Check: Rd \usage sections
Result: NOTE
    Invalid MIT-MAGIC-COOKIE-1 key
    The \usage entries for S3 methods should use the \method markup and not
    their full name.
    See chapter ‘Writing R documentation files’ in the ‘Writing R
    Extensions’ manual.
Flavor: r-oldrel-osx-x86_64