CRAN Package Check Results for Package alphashape3d

Last updated on 2015-04-27 11:48:31.

Flavor Version Tinstall Tcheck Ttotal Status Flags
r-devel-linux-x86_64-debian-clang 1.1 1.26 90.18 91.44 OK
r-devel-linux-x86_64-debian-gcc 1.1 1.28 83.46 84.74 OK
r-devel-linux-x86_64-fedora-clang 1.1 177.86 OK
r-devel-linux-x86_64-fedora-gcc 1.1 167.24 OK
r-devel-osx-x86_64-clang 1.1 133.03 OK
r-devel-windows-ix86+x86_64 1.1 8.00 128.00 136.00 OK
r-patched-linux-x86_64 1.1 1.31 85.02 86.33 OK
r-patched-solaris-sparc 1.1 910.00 OK
r-patched-solaris-x86 1.1 190.70 OK
r-release-linux-x86_64 1.1 1.29 81.41 82.70 OK
r-release-osx-x86_64-mavericks 1.1 OK
r-release-osx-x86_64-snowleopard 1.1 ERROR
r-release-windows-ix86+x86_64 1.1 10.00 168.00 178.00 OK
r-oldrel-windows-ix86+x86_64 1.1 6.00 134.00 140.00 OK

Check Details

Version: 1.1
Check: examples
Result: ERROR
    Running examples in ‘alphashape3d-Ex.R’ failed
    The error most likely occurred in:
    
    > ### Name: ashape3d
    > ### Title: 3D alpha-shape computation
    > ### Aliases: ashape3d
    > ### Keywords: package
    >
    > ### ** Examples
    >
    > T1 <- rtorus(1000, 0.5, 2)
    > T2 <- rtorus(1000, 0.5, 2, ct = c(2, 0, 0), rotx = pi/2)
    > x <- rbind(T1, T2)
    > # Value of alpha
    > alpha <- 0.25
    > # 3D alpha-shape
    > ashape3d.obj <- ashape3d(x, alpha = alpha)
    
     PLEASE NOTE: As of version 0.3-5, no degenerate (zero area)
     regions are returned with the "Qt" option since the R
     code removes them from the triangulation.
     See help("delaunayn").
    
    
    > plot(ashape3d.obj)
    Fri Mar 20 23:22:22 hagal.research.att.com R[60114] <Error>: unknown error code: invalid pixel format
    Fri Mar 20 23:22:22 hagal.research.att.com R[60114] <Error>: kCGErrorFailure: Set a breakpoint @ CGErrorBreakpoint() to catch errors as they are logged.
    X Error of failed request: GLXBadContext
     Major opcode of failed request: 0 ()
     Serial number of failed request: 27
     Current serial number in output stream: 27
Flavor: r-release-osx-x86_64-snowleopard

Version: 1.1
Check: running R code from vignettes
Result: ERROR
    Errors in running code in vignettes:
    when running code in ‘alphashape3d.rnw’
     ...
    
    > bg3d("white")
    Fri Mar 20 23:22:33 hagal.research.att.com R[60484] <Error>: unknown error code: invalid pixel format
    Fri Mar 20 23:22:33 hagal.research.att.com R[60484] <Error>: kCGErrorFailure: Set a breakpoint @ CGErrorBreakpoint() to catch errors as they are logged.
    X Error of failed request: GLXBadContext
     Major opcode of failed request: 0 ()
     Serial number of failed request: 27
     Current serial number in output stream: 27
    
    ... incomplete output. Crash?
Flavor: r-release-osx-x86_64-snowleopard

Version: 1.1
Check: re-building of vignette outputs
Result: NOTE
    Error in re-building vignettes:
     ...
    Loading required package: tripack
    Loading required package: sgeostat
    Loading required package: splancs
    Loading required package: sp
    
    Spatial Point Pattern Analysis Code in S-Plus
    
     Version 2 - Spatial and Space-Time analysis
    
    Loading required package: magic
    Loading required package: abind
    Fri Mar 20 23:22:43 hagal.research.att.com R[61455] <Error>: unknown error code: invalid pixel format
    Fri Mar 20 23:22:43 hagal.research.att.com R[61455] <Error>: kCGErrorFailure: Set a breakpoint @ CGErrorBreakpoint() to catch errors as they are logged.
    X Error of failed request: GLXBadContext
     Major opcode of failed request: 0 ()
     Serial number of failed request: 27
     Current serial number in output stream: 27
Flavor: r-release-osx-x86_64-snowleopard