CRAN Package Check Results for Package alphashape3d

Last updated on 2016-02-10 10:47:36.

Flavor Version Tinstall Tcheck Ttotal Status Flags
r-devel-linux-x86_64-debian-gcc 1.2 1.54 59.40 60.94 OK
r-devel-linux-x86_64-fedora-clang 1.2 116.98 OK
r-devel-linux-x86_64-fedora-gcc 1.2 117.60 OK
r-devel-osx-x86_64-clang 1.2 49.57 OK
r-devel-windows-ix86+x86_64 1.1 11.00 138.00 149.00 NOTE
r-patched-linux-x86_64 1.1 1.37 85.44 86.81 OK
r-patched-solaris-sparc 1.2 871.30 OK
r-patched-solaris-x86 1.2 146.80 OK
r-release-linux-x86_64 1.1 1.52 87.20 88.72 OK
r-release-osx-x86_64-mavericks 1.1 OK
r-release-windows-ix86+x86_64 1.2 12.00 177.00 189.00 OK
r-oldrel-windows-ix86+x86_64 1.2 14.00 190.00 204.00 OK

Check Details

Version: 1.1
Check: R code for possible problems
Result: NOTE
    ashape3d: no visible global function definition for 'rnorm'
    ashape3d: no visible global function definition for 'sd'
    intersectiontriangle: no visible global function definition for 'runif'
    plot.ashape3d: no visible global function definition for 'rainbow'
    rtorus: no visible global function definition for 'runif'
    surfaceNormals: no visible global function definition for 'plot'
    Undefined global functions or variables:
     plot rainbow rnorm runif sd
    Consider adding
     importFrom("grDevices", "rainbow")
     importFrom("graphics", "plot")
     importFrom("stats", "rnorm", "runif", "sd")
    to your NAMESPACE file.
Flavor: r-devel-windows-ix86+x86_64