CRAN Package Check Results for Package alphashape3d

Last updated on 2015-07-01 03:47:18.

Flavor Version Tinstall Tcheck Ttotal Status Flags
r-devel-linux-x86_64-debian-clang 1.1 1.22 85.54 86.75 NOTE
r-devel-linux-x86_64-debian-gcc 1.1 1.30 84.90 86.20 NOTE
r-devel-linux-x86_64-fedora-clang 1.1 170.84 NOTE
r-devel-linux-x86_64-fedora-gcc 1.1 162.98 NOTE
r-devel-osx-x86_64-clang 1.1 134.70 OK
r-devel-windows-ix86+x86_64 1.1 14.00 136.00 150.00 NOTE
r-patched-linux-x86_64 1.1 1.28 80.06 81.34 OK
r-patched-solaris-sparc 1.1 957.50 OK
r-patched-solaris-x86 1.1 178.50 OK
r-release-linux-x86_64 1.1 1.33 81.64 82.96 OK
r-release-osx-x86_64-mavericks 1.1 OK
r-release-windows-ix86+x86_64 1.1 13.00 130.00 143.00 OK
r-oldrel-windows-ix86+x86_64 1.1 15.00 200.00 215.00 OK

Check Details

Version: 1.1
Check: R code for possible problems
Result: NOTE
    ashape3d: no visible global function definition for ‘rnorm’
    ashape3d: no visible global function definition for ‘sd’
    intersectiontriangle: no visible global function definition for ‘runif’
    plot.ashape3d: no visible global function definition for ‘rainbow’
    rtorus: no visible global function definition for ‘runif’
    surfaceNormals: no visible global function definition for ‘plot’
Flavors: r-devel-linux-x86_64-debian-clang, r-devel-linux-x86_64-debian-gcc, r-devel-linux-x86_64-fedora-clang, r-devel-linux-x86_64-fedora-gcc, r-devel-windows-ix86+x86_64