CRAN Package Check Results for Package alphashape3d

Last updated on 2014-04-17 02:47:42.

Flavor Version Tinstall Tcheck Ttotal Status Flags
r-devel-linux-x86_64-debian-clang 1.0-4 1.50 24.36 25.86 NOTE
r-devel-linux-x86_64-debian-gcc 1.0-4 1.51 23.55 25.06 NOTE
r-devel-linux-x86_64-fedora-clang 1.0-4 49.69 NOTE
r-devel-linux-x86_64-fedora-gcc 1.0-4 49.12 NOTE
r-devel-macosx-x86_64-clang 1.0-4 44.66 NOTE
r-devel-macosx-x86_64-gcc 1.0-4 NOTE
r-devel-windows-ix86+x86_64 1.0-4 8.00 46.00 54.00 NOTE
r-patched-linux-x86_64 1.0-4 1.57 23.22 24.79 NOTE
r-patched-solaris-sparc 1.0-4 269.50 NOTE
r-patched-solaris-x86 1.0-4 59.90 NOTE
r-release-linux-ix86 1.0-4 4.00 42.00 46.00 NOTE
r-release-linux-x86_64 1.0-4 1.51 23.75 25.26 NOTE
r-release-macosx-x86_64 1.0-4 NOTE
r-release-windows-ix86+x86_64 1.0-4 8.00 47.00 55.00 NOTE
r-oldrel-windows-ix86+x86_64 1.0-4 8.00 49.00 57.00 NOTE

Check Details

Version: 1.0-4
Check: dependencies in R code
Result: NOTE
    Packages in Depends field not imported from:
     ‘geometry’ ‘rgl’
     These packages need to be imported from (in the NAMESPACE file)
     for when this namespace is loaded but not attached.
    See the information on DESCRIPTION files in the chapter ‘Creating R
    packages’ of the ‘Writing R Extensions’ manual.
Flavors: r-devel-linux-x86_64-debian-clang, r-devel-linux-x86_64-debian-gcc, r-devel-linux-x86_64-fedora-clang, r-devel-linux-x86_64-fedora-gcc, r-devel-macosx-x86_64-clang, r-devel-macosx-x86_64-gcc, r-devel-windows-ix86+x86_64, r-patched-linux-x86_64, r-patched-solaris-sparc, r-patched-solaris-x86, r-release-linux-ix86, r-release-linux-x86_64, r-release-windows-ix86+x86_64, r-oldrel-windows-ix86+x86_64

Version: 1.0-4
Check: dependencies in R code
Result: NOTE
    Packages in Depends field not imported from:
     ‘geometry’ ‘rgl’
     These packages need to be imported from for the case when
     this namespace is loaded but not attached.
    See the information on DESCRIPTION files in the chapter ‘Creating R
    packages’ of the ‘Writing R Extensions’ manual.
Flavor: r-release-macosx-x86_64