CRAN Package Check Results for Package alphashape3d

Last updated on 2015-08-01 23:47:05.

Flavor Version Tinstall Tcheck Ttotal Status Flags
r-devel-linux-x86_64-debian-clang 1.1 1.22 84.12 85.34 NOTE
r-devel-linux-x86_64-debian-gcc 1.1 1.28 86.87 88.15 NOTE
r-devel-linux-x86_64-fedora-clang 1.1 145.18 NOTE
r-devel-linux-x86_64-fedora-gcc 1.1 122.14 NOTE
r-devel-osx-x86_64-clang 1.1 124.19 OK
r-devel-windows-ix86+x86_64 1.1 11.00 140.00 151.00 NOTE
r-patched-linux-x86_64 1.1 1.34 87.44 88.78 OK
r-patched-solaris-sparc 1.1 863.80 OK
r-patched-solaris-x86 1.1 175.80 OK
r-release-linux-x86_64 1.1 1.35 87.86 89.21 OK
r-release-osx-x86_64-mavericks 1.1 OK
r-release-windows-ix86+x86_64 1.1 15.00 138.00 153.00 OK
r-oldrel-windows-ix86+x86_64 1.1 13.00 150.00 163.00 OK

Check Details

Version: 1.1
Check: R code for possible problems
Result: NOTE
    ashape3d: no visible global function definition for ‘rnorm’
    ashape3d: no visible global function definition for ‘sd’
    intersectiontriangle: no visible global function definition for ‘runif’
    plot.ashape3d: no visible global function definition for ‘rainbow’
    rtorus: no visible global function definition for ‘runif’
    surfaceNormals: no visible global function definition for ‘plot’
    Undefined global functions or variables:
     plot rainbow rnorm runif sd
    Consider adding
     importFrom("grDevices", "rainbow")
     importFrom("graphics", "plot")
     importFrom("stats", "rnorm", "runif", "sd")
    to your NAMESPACE.
Flavors: r-devel-linux-x86_64-debian-clang, r-devel-linux-x86_64-debian-gcc, r-devel-linux-x86_64-fedora-clang, r-devel-linux-x86_64-fedora-gcc, r-devel-windows-ix86+x86_64