CRAN Package Check Results for Package alqrfe

Last updated on 2024-02-21 17:52:03 CET.

Flavor Version Tinstall Tcheck Ttotal Status Flags
r-devel-linux-x86_64-debian-clang 1.1 NOTE
r-devel-linux-x86_64-debian-gcc 1.1 23.45 26.89 50.34 NOTE
r-devel-linux-x86_64-fedora-clang 1.1 97.07 NOTE
r-devel-linux-x86_64-fedora-gcc 1.1 92.18 NOTE
r-devel-windows-x86_64 1.1 26.00 69.00 95.00 NOTE
r-patched-linux-x86_64 1.1 32.29 34.93 67.22 NOTE
r-release-linux-x86_64 1.1 28.16 34.48 62.64 NOTE
r-release-macos-arm64 1.1 27.00 NOTE
r-release-macos-x86_64 1.1 44.00 NOTE
r-release-windows-x86_64 1.1 33.00 78.00 111.00 NOTE
r-oldrel-macos-arm64 1.1 29.00 OK
r-oldrel-windows-x86_64 1.1 33.00 74.00 107.00 OK

Check Details

Version: 1.1
Check: C++ specification
Result: NOTE Specified C++11: please drop specification unless essential Flavors: r-devel-linux-x86_64-debian-clang, r-devel-linux-x86_64-debian-gcc, r-devel-linux-x86_64-fedora-clang, r-devel-linux-x86_64-fedora-gcc, r-devel-windows-x86_64, r-patched-linux-x86_64, r-release-linux-x86_64, r-release-macos-arm64, r-release-macos-x86_64, r-release-windows-x86_64