CRAN Package Check Results for Package alr3

Last updated on 2015-06-29 23:46:41.

Flavor Version Tinstall Tcheck Ttotal Status Flags
r-devel-linux-x86_64-debian-clang 2.0.5 5.20 37.15 42.35 NOTE
r-devel-linux-x86_64-debian-gcc 2.0.5 4.38 36.99 41.37 NOTE
r-devel-linux-x86_64-fedora-clang 2.0.5 85.97 NOTE
r-devel-linux-x86_64-fedora-gcc 2.0.5 80.26 NOTE
r-devel-osx-x86_64-clang 2.0.5 76.95 NOTE
r-devel-windows-ix86+x86_64 2.0.5 17.00 58.00 75.00 NOTE
r-patched-linux-x86_64 2.0.5 4.53 35.87 40.40 NOTE
r-patched-solaris-sparc 2.0.5 522.20 NOTE
r-patched-solaris-x86 2.0.5 116.70 NOTE
r-release-linux-x86_64 2.0.5 4.50 35.99 40.50 NOTE
r-release-osx-x86_64-mavericks 2.0.5 NOTE
r-release-windows-ix86+x86_64 2.0.5 20.00 58.00 78.00 NOTE
r-oldrel-windows-ix86+x86_64 2.0.5 21.00 98.00 119.00 NOTE

Check Details

Version: 2.0.5
Check: dependencies in R code
Result: NOTE
    Package in Depends field not imported from: ‘car’
     These packages need to be imported from (in the NAMESPACE file)
     for when this namespace is loaded but not attached.
    ':::' calls which should be '::':
     ‘car:::bcPower’ ‘car:::bootCase’ ‘car:::deltaMethod’
     ‘car:::infIndexPlot’ ‘car:::invResPlot’ ‘car:::invTranEstimate’
     ‘car:::invTranPlot’ ‘car:::marginalModelPlot’ ‘car:::outlierTest’
     ‘car:::powerTransform’ ‘car:::residualPlot’ ‘car:::residualPlots’
     ‘car:::testTransform’
     See the note in ?`:::` about the use of this operator.
    Unexported objects imported by ':::' calls:
     ‘car:::residCurvTest’ ‘car:::tukeyNonaddTest’
     See the note in ?`:::` about the use of this operator.
Flavors: r-devel-linux-x86_64-debian-clang, r-devel-linux-x86_64-debian-gcc, r-devel-linux-x86_64-fedora-clang, r-devel-linux-x86_64-fedora-gcc, r-devel-osx-x86_64-clang, r-devel-windows-ix86+x86_64, r-patched-linux-x86_64, r-patched-solaris-sparc, r-patched-solaris-x86, r-release-linux-x86_64, r-release-osx-x86_64-mavericks, r-release-windows-ix86+x86_64, r-oldrel-windows-ix86+x86_64

Version: 2.0.5
Check: S3 generic/method consistency
Result: NOTE
    Found the following apparent S3 methods exported but not registered:
     pod.formula sigma.hat
    See section ‘Registering S3 methods’ in the ‘Writing R Extensions’
    manual.
Flavors: r-devel-linux-x86_64-debian-clang, r-devel-linux-x86_64-debian-gcc, r-devel-linux-x86_64-fedora-clang, r-devel-linux-x86_64-fedora-gcc, r-devel-osx-x86_64-clang

Version: 2.0.5
Check: R code for possible problems
Result: NOTE
    alrWeb: no visible global function definition for ‘browseURL’
    anova.pod: no visible global function definition for ‘update’
    anova.pod: no visible binding for global variable ‘df.residual’
    anova.pod: no visible binding for global variable ‘deviance’
    anova.pod: no visible global function definition for ‘formula’
    anova.pod: no visible global function definition for ‘stat.anova’
    coef.pod: no visible global function definition for ‘coef’
    conf.intervals: no visible global function definition for ‘confint’
    deviance.pod: no visible global function definition for ‘deviance’
    df.residual.pod: no visible global function definition for ‘resid’
    df.residual.pod: no visible global function definition for ‘coef’
    fitted.pod: no visible global function definition for ‘fitted’
    formula.pod: no visible global function definition for ‘formula’
    plot.pod: no visible global function definition for ‘formula’
    plot.pod: no visible global function definition for ‘residuals’
    plot.pod: no visible global function definition for ‘fitted’
    plot.pod: no visible global function definition for ‘plot’
    plot.pod: no visible global function definition for ‘abline’
    plot.pod: no visible global function definition for ‘lm’
    plot.pod: no visible global function definition for ‘locator’
    plot.pod: no visible global function definition for ‘legend’
    plot.pod.lm: no visible global function definition for ‘formula’
    plot.pod.lm: no visible global function definition for ‘plot’
    plot.pod.lm: no visible global function definition for ‘predict’
    plot.pod.lm: no visible global function definition for ‘abline’
    plot.pod.lm: no visible global function definition for ‘lm’
    plot.pod.lm: no visible global function definition for ‘coef’
    plot.pod.lm: no visible global function definition for ‘model.matrix’
    plot.pod.lm: no visible global function definition for ‘locator’
    plot.pod.lm: no visible global function definition for ‘legend’
    pod.formula: no visible global function definition for ‘nls.control’
    pod.formula: no visible global function definition for ‘update’
    pod.formula: no visible global function definition for ‘as.formula’
    pod.formula: no visible global function definition for ‘coef’
    pod.formula: no visible global function definition for ‘predict’
    pod.formula: no visible global function definition for ‘model.matrix’
    pod.formula: no visible global function definition for ‘nls’
    predict.pod: no visible global function definition for ‘predict’
    pureErrorAnova.lm: no visible global function definition for ‘update’
    pureErrorAnova.lm: no visible global function definition for
     ‘model.matrix’
    pureErrorAnova.lm: no visible global function definition for ‘anova’
    pureErrorAnova.lm: no visible global function definition for ‘lm’
    pureErrorAnova.lm: no visible global function definition for ‘weights’
    pureErrorAnova.lm: no visible global function definition for ‘pf’
    randomLinComb.default : std: no visible global function definition for
     ‘sd’
    randomLinComb.default: no visible global function definition for
     ‘rnorm’
    randomLinComb.lm: no visible global function definition for ‘update’
    residuals.pod: no visible global function definition for ‘residuals’
    sigma.hat: no visible global function definition for ‘sigmaHat’
    vcov.pod: no visible global function definition for ‘vcov’
Flavors: r-devel-linux-x86_64-debian-clang, r-devel-linux-x86_64-debian-gcc, r-devel-windows-ix86+x86_64

Version: 2.0.5
Check: R code for possible problems
Result: NOTE
    sigma.hat: no visible global function definition for ‘sigmaHat’
Flavors: r-devel-linux-x86_64-fedora-clang, r-devel-linux-x86_64-fedora-gcc, r-devel-osx-x86_64-clang, r-patched-linux-x86_64, r-patched-solaris-sparc, r-patched-solaris-x86, r-release-linux-x86_64, r-release-osx-x86_64-mavericks, r-release-windows-ix86+x86_64, r-oldrel-windows-ix86+x86_64

Version: 2.0.5
Check: S3 generic/method consistency
Result: NOTE
    Found the following apparent S3 methods exported but not registered:
     pod.formula
    See section ‘Registering S3 methods’ in the ‘Writing R Extensions’
    manual.
Flavors: r-patched-linux-x86_64, r-patched-solaris-sparc, r-patched-solaris-x86, r-release-linux-x86_64