CRAN Package Check Results for Package alr3

Last updated on 2014-04-24 11:48:41.

Flavor Version Tinstall Tcheck Ttotal Status Flags
r-devel-linux-x86_64-debian-clang 2.0.5 2.22 16.64 18.86 NOTE
r-devel-linux-x86_64-debian-gcc 2.0.5 2.40 17.01 19.40 NOTE
r-devel-linux-x86_64-fedora-clang 2.0.5 35.29 NOTE
r-devel-linux-x86_64-fedora-gcc 2.0.5 34.17 NOTE
r-devel-osx-x86_64-clang 2.0.5 33.81 NOTE
r-devel-osx-x86_64-gcc 2.0.5 ERROR
r-devel-windows-ix86+x86_64 2.0.5 8.00 28.00 36.00 NOTE
r-patched-linux-x86_64 2.0.5 2.18 16.72 18.90 NOTE
r-patched-solaris-sparc 2.0.5 204.80 NOTE
r-patched-solaris-x86 2.0.5 50.70 NOTE
r-release-linux-ix86 2.0.5 2.00 33.00 35.00 NOTE
r-release-linux-x86_64 2.0.5 2.21 17.04 19.25 NOTE
r-release-osx-x86_64-mavericks 2.0.5 NOTE
r-release-windows-ix86+x86_64 2.0.5 7.00 29.00 36.00 NOTE
r-oldrel-windows-ix86+x86_64 2.0.5 8.00 29.00 37.00 NOTE

Check Details

Version: 2.0.5
Check: dependencies in R code
Result: NOTE
    Package in Depends field not imported from: ‘car’
     These packages need to be imported from (in the NAMESPACE file)
     for when this namespace is loaded but not attached.
    ':::' calls which should be '::':
     ‘car:::bcPower’ ‘car:::bootCase’ ‘car:::deltaMethod’
     ‘car:::infIndexPlot’ ‘car:::invResPlot’ ‘car:::invTranEstimate’
     ‘car:::invTranPlot’ ‘car:::marginalModelPlot’ ‘car:::outlierTest’
     ‘car:::powerTransform’ ‘car:::residualPlot’ ‘car:::residualPlots’
     ‘car:::testTransform’
     See the note in ?`:::` about the use of this operator.
    Unexported objects imported by ':::' calls:
     ‘car:::residCurvTest’ ‘car:::tukeyNonaddTest’
     See the note in ?`:::` about the use of this operator.
    See the information on DESCRIPTION files in the chapter ‘Creating R
    packages’ of the ‘Writing R Extensions’ manual.
Flavors: r-devel-linux-x86_64-debian-clang, r-devel-linux-x86_64-debian-gcc, r-devel-linux-x86_64-fedora-clang, r-devel-linux-x86_64-fedora-gcc, r-devel-osx-x86_64-clang, r-devel-windows-ix86+x86_64, r-patched-linux-x86_64, r-patched-solaris-sparc, r-patched-solaris-x86, r-release-linux-ix86, r-release-linux-x86_64, r-release-osx-x86_64-mavericks, r-release-windows-ix86+x86_64, r-oldrel-windows-ix86+x86_64

Version: 2.0.5
Check: package dependencies
Result: ERROR
    Package required but not available: ‘car’
    
    See the information on DESCRIPTION files in the chapter ‘Creating R
    packages’ of the ‘Writing R Extensions’ manual.
Flavor: r-devel-osx-x86_64-gcc