CRAN Package Check Results for Package alr3

Last updated on 2015-04-18 21:48:54.

Flavor Version Tinstall Tcheck Ttotal Status Flags
r-devel-linux-x86_64-debian-clang 2.0.5 4.71 36.90 41.61 NOTE
r-devel-linux-x86_64-debian-gcc 2.0.5 4.52 37.32 41.84 NOTE
r-devel-linux-x86_64-fedora-clang 2.0.5 90.94 NOTE
r-devel-linux-x86_64-fedora-gcc 2.0.5 84.82 NOTE
r-devel-osx-x86_64-clang 2.0.5 75.24 NOTE
r-patched-linux-x86_64 2.0.5 4.90 35.90 40.80 NOTE
r-patched-solaris-sparc 2.0.5 542.20 NOTE
r-patched-solaris-x86 2.0.5 120.40 NOTE
r-release-linux-x86_64 2.0.5 4.79 36.42 41.21 NOTE
r-release-osx-x86_64-mavericks 2.0.5 NOTE
r-release-osx-x86_64-snowleopard 2.0.5 ERROR
r-release-windows-ix86+x86_64 2.0.5 14.00 70.00 84.00 NOTE
r-oldrel-windows-ix86+x86_64 2.0.5 27.00 103.00 130.00 NOTE

Check Details

Version: 2.0.5
Check: dependencies in R code
Result: NOTE
    Package in Depends field not imported from: ‘car’
     These packages need to be imported from (in the NAMESPACE file)
     for when this namespace is loaded but not attached.
    ':::' calls which should be '::':
     ‘car:::bcPower’ ‘car:::bootCase’ ‘car:::deltaMethod’
     ‘car:::infIndexPlot’ ‘car:::invResPlot’ ‘car:::invTranEstimate’
     ‘car:::invTranPlot’ ‘car:::marginalModelPlot’ ‘car:::outlierTest’
     ‘car:::powerTransform’ ‘car:::residualPlot’ ‘car:::residualPlots’
     ‘car:::testTransform’
     See the note in ?`:::` about the use of this operator.
    Unexported objects imported by ':::' calls:
     ‘car:::residCurvTest’ ‘car:::tukeyNonaddTest’
     See the note in ?`:::` about the use of this operator.
Flavors: r-devel-linux-x86_64-debian-clang, r-devel-linux-x86_64-debian-gcc, r-devel-linux-x86_64-fedora-clang, r-devel-linux-x86_64-fedora-gcc, r-devel-osx-x86_64-clang, r-patched-linux-x86_64, r-patched-solaris-sparc, r-patched-solaris-x86, r-release-linux-x86_64, r-release-osx-x86_64-mavericks, r-release-windows-ix86+x86_64

Version: 2.0.5
Check: S3 generic/method consistency
Result: NOTE
    Found the following apparent S3 methods exported but not registered:
     pod.formula
    See section ‘Registering S3 methods’ in the ‘Writing R Extensions’
    manual.
Flavors: r-devel-linux-x86_64-debian-clang, r-devel-linux-x86_64-debian-gcc, r-devel-linux-x86_64-fedora-clang, r-devel-linux-x86_64-fedora-gcc, r-devel-osx-x86_64-clang, r-patched-linux-x86_64, r-release-linux-x86_64

Version: 2.0.5
Check: R code for possible problems
Result: NOTE
    sigma.hat: no visible global function definition for ‘sigmaHat’
Flavors: r-devel-linux-x86_64-debian-clang, r-devel-linux-x86_64-debian-gcc, r-devel-linux-x86_64-fedora-clang, r-devel-linux-x86_64-fedora-gcc, r-devel-osx-x86_64-clang, r-patched-linux-x86_64, r-patched-solaris-sparc, r-patched-solaris-x86, r-release-linux-x86_64, r-release-osx-x86_64-mavericks, r-release-windows-ix86+x86_64

Version: 2.0.5
Check: package dependencies
Result: ERROR
    Package required but not available: ‘car’
    
    See section ‘The DESCRIPTION file’ in the ‘Writing R Extensions’
    manual.
Flavor: r-release-osx-x86_64-snowleopard

Version: 2.0.5
Check: dependencies in R code
Result: NOTE
    Package in Depends field not imported from: 'car'
     These packages need to be imported from (in the NAMESPACE file)
     for when this namespace is loaded but not attached.
    ':::' calls which should be '::':
     'car:::bcPower' 'car:::bootCase' 'car:::deltaMethod'
     'car:::infIndexPlot' 'car:::invResPlot' 'car:::invTranEstimate'
     'car:::invTranPlot' 'car:::marginalModelPlot' 'car:::outlierTest'
     'car:::powerTransform' 'car:::residualPlot' 'car:::residualPlots'
     'car:::testTransform'
     See the note in ?`:::` about the use of this operator.
    Unexported objects imported by ':::' calls:
     'car:::residCurvTest' 'car:::tukeyNonaddTest'
     See the note in ?`:::` about the use of this operator.
    See the information on DESCRIPTION files in the chapter 'Creating R
    packages' of the 'Writing R Extensions' manual.
Flavor: r-oldrel-windows-ix86+x86_64