CRAN Package Check Results for Package alr3

Last updated on 2015-03-30 17:48:56.

Flavor Version Tinstall Tcheck Ttotal Status Flags
r-devel-linux-x86_64-debian-clang 2.0.5 4.43 36.46 40.89 NOTE
r-devel-linux-x86_64-debian-gcc 2.0.5 4.41 36.04 40.44 NOTE
r-devel-linux-x86_64-fedora-clang 2.0.5 87.61 NOTE
r-devel-linux-x86_64-fedora-gcc 2.0.5 86.32 NOTE
r-devel-osx-x86_64-clang 2.0.5 80.63 NOTE
r-prerel-windows-ix86+x86_64 2.0.5 14.00 56.00 70.00 NOTE
r-prerel-linux-x86_64 2.0.5 4.47 36.43 40.90 NOTE
r-prerel-solaris-sparc 2.0.5 542.20 NOTE
r-prerel-solaris-x86 2.0.5 120.90 NOTE
r-release-linux-x86_64 2.0.5 7.42 49.86 57.28 NOTE
r-release-osx-x86_64-mavericks 2.0.5 NOTE
r-release-windows-ix86+x86_64 2.0.5 22.00 79.00 101.00 NOTE
r-oldrel-windows-ix86+x86_64 2.0.5 20.00 86.00 106.00 NOTE

Check Details

Version: 2.0.5
Check: dependencies in R code
Result: NOTE
    Package in Depends field not imported from: ‘car’
     These packages need to be imported from (in the NAMESPACE file)
     for when this namespace is loaded but not attached.
    ':::' calls which should be '::':
     ‘car:::bcPower’ ‘car:::bootCase’ ‘car:::deltaMethod’
     ‘car:::infIndexPlot’ ‘car:::invResPlot’ ‘car:::invTranEstimate’
     ‘car:::invTranPlot’ ‘car:::marginalModelPlot’ ‘car:::outlierTest’
     ‘car:::powerTransform’ ‘car:::residualPlot’ ‘car:::residualPlots’
     ‘car:::testTransform’
     See the note in ?`:::` about the use of this operator.
    Unexported objects imported by ':::' calls:
     ‘car:::residCurvTest’ ‘car:::tukeyNonaddTest’
     See the note in ?`:::` about the use of this operator.
Flavors: r-devel-linux-x86_64-debian-clang, r-devel-linux-x86_64-debian-gcc, r-devel-linux-x86_64-fedora-clang, r-devel-linux-x86_64-fedora-gcc, r-devel-osx-x86_64-clang, r-prerel-windows-ix86+x86_64, r-prerel-linux-x86_64, r-prerel-solaris-sparc, r-prerel-solaris-x86, r-release-linux-x86_64, r-release-windows-ix86+x86_64

Version: 2.0.5
Check: S3 generic/method consistency
Result: NOTE
    Found the following apparent S3 methods exported but not registered:
     pod.formula
    See section ‘Registering S3 methods’ in the ‘Writing R Extensions’
    manual.
Flavors: r-devel-linux-x86_64-debian-clang, r-devel-linux-x86_64-debian-gcc, r-devel-linux-x86_64-fedora-clang, r-devel-linux-x86_64-fedora-gcc, r-devel-osx-x86_64-clang, r-prerel-linux-x86_64

Version: 2.0.5
Check: R code for possible problems
Result: NOTE
    sigma.hat: no visible global function definition for ‘sigmaHat’
Flavors: r-devel-linux-x86_64-debian-clang, r-devel-linux-x86_64-debian-gcc, r-devel-linux-x86_64-fedora-clang, r-devel-linux-x86_64-fedora-gcc, r-devel-osx-x86_64-clang, r-prerel-windows-ix86+x86_64, r-prerel-linux-x86_64, r-prerel-solaris-sparc, r-prerel-solaris-x86, r-release-linux-x86_64, r-release-osx-x86_64-mavericks, r-release-windows-ix86+x86_64

Version: 2.0.5
Check: dependencies in R code
Result: NOTE
    Package in Depends field not imported from: ‘car’
     These packages need to be imported from (in the NAMESPACE file)
     for when this namespace is loaded but not attached.
    ':::' calls which should be '::':
     ‘car:::bcPower’ ‘car:::bootCase’ ‘car:::deltaMethod’
     ‘car:::infIndexPlot’ ‘car:::invResPlot’ ‘car:::invTranEstimate’
     ‘car:::invTranPlot’ ‘car:::marginalModelPlot’ ‘car:::outlierTest’
     ‘car:::powerTransform’ ‘car:::residualPlot’ ‘car:::residualPlots’
     ‘car:::testTransform’
     See the note in ?`:::` about the use of this operator.
    Unexported objects imported by ':::' calls:
     ‘car:::residCurvTest’ ‘car:::tukeyNonaddTest’
     See the note in ?`:::` about the use of this operator.
    See the information on DESCRIPTION files in the chapter ‘Creating R
    packages’ of the ‘Writing R Extensions’ manual.
Flavors: r-release-osx-x86_64-mavericks, r-oldrel-windows-ix86+x86_64