CRAN Package Check Results for Package alr3

Last updated on 2015-05-30 11:50:08.

Flavor Version Tinstall Tcheck Ttotal Status Flags
r-devel-linux-x86_64-debian-clang 2.0.5 4.80 38.07 42.87 NOTE
r-devel-linux-x86_64-debian-gcc 2.0.5 4.46 36.66 41.12 NOTE
r-devel-linux-x86_64-fedora-clang 2.0.5 95.04 NOTE
r-devel-linux-x86_64-fedora-gcc 2.0.5 80.81 NOTE
r-devel-osx-x86_64-clang 2.0.5 74.75 NOTE
r-devel-windows-ix86+x86_64 2.0.5 15.00 56.00 71.00 NOTE
r-patched-linux-x86_64 2.0.5 4.43 35.88 40.31 NOTE
r-patched-solaris-sparc 2.0.5 522.20 NOTE
r-patched-solaris-x86 2.0.5 120.80 NOTE
r-release-linux-x86_64 2.0.5 5.38 38.20 43.58 NOTE
r-release-osx-x86_64-mavericks 2.0.5 NOTE
r-release-osx-x86_64-snowleopard 2.0.5 ERROR
r-release-windows-ix86+x86_64 2.0.5 16.00 57.00 73.00 NOTE
r-oldrel-windows-ix86+x86_64 2.0.5 23.00 77.00 100.00 NOTE

Check Details

Version: 2.0.5
Check: dependencies in R code
Result: NOTE
    Package in Depends field not imported from: ‘car’
     These packages need to be imported from (in the NAMESPACE file)
     for when this namespace is loaded but not attached.
    ':::' calls which should be '::':
     ‘car:::bcPower’ ‘car:::bootCase’ ‘car:::deltaMethod’
     ‘car:::infIndexPlot’ ‘car:::invResPlot’ ‘car:::invTranEstimate’
     ‘car:::invTranPlot’ ‘car:::marginalModelPlot’ ‘car:::outlierTest’
     ‘car:::powerTransform’ ‘car:::residualPlot’ ‘car:::residualPlots’
     ‘car:::testTransform’
     See the note in ?`:::` about the use of this operator.
    Unexported objects imported by ':::' calls:
     ‘car:::residCurvTest’ ‘car:::tukeyNonaddTest’
     See the note in ?`:::` about the use of this operator.
Flavors: r-devel-linux-x86_64-debian-clang, r-devel-linux-x86_64-debian-gcc, r-devel-linux-x86_64-fedora-clang, r-devel-linux-x86_64-fedora-gcc, r-devel-osx-x86_64-clang, r-devel-windows-ix86+x86_64, r-patched-linux-x86_64, r-patched-solaris-sparc, r-patched-solaris-x86, r-release-linux-x86_64, r-release-osx-x86_64-mavericks, r-release-windows-ix86+x86_64, r-oldrel-windows-ix86+x86_64

Version: 2.0.5
Check: S3 generic/method consistency
Result: NOTE
    Found the following apparent S3 methods exported but not registered:
     pod.formula
    See section ‘Registering S3 methods’ in the ‘Writing R Extensions’
    manual.
Flavors: r-devel-linux-x86_64-debian-clang, r-devel-linux-x86_64-debian-gcc, r-devel-linux-x86_64-fedora-clang, r-devel-linux-x86_64-fedora-gcc, r-devel-osx-x86_64-clang, r-patched-linux-x86_64, r-patched-solaris-sparc, r-patched-solaris-x86, r-release-linux-x86_64

Version: 2.0.5
Check: R code for possible problems
Result: NOTE
    sigma.hat: no visible global function definition for ‘sigmaHat’
Flavors: r-devel-linux-x86_64-debian-clang, r-devel-linux-x86_64-debian-gcc, r-devel-linux-x86_64-fedora-clang, r-devel-linux-x86_64-fedora-gcc, r-devel-osx-x86_64-clang, r-devel-windows-ix86+x86_64, r-patched-linux-x86_64, r-patched-solaris-sparc, r-patched-solaris-x86, r-release-linux-x86_64, r-release-osx-x86_64-mavericks, r-release-windows-ix86+x86_64, r-oldrel-windows-ix86+x86_64

Version: 2.0.5
Check: package dependencies
Result: ERROR
    Package required but not available: ‘car’
    
    See section ‘The DESCRIPTION file’ in the ‘Writing R Extensions’
    manual.
Flavor: r-release-osx-x86_64-snowleopard