CRAN Package Check Results for Package alr3

Last updated on 2014-11-01 05:48:47.

Flavor Version Tinstall Tcheck Ttotal Status Flags
r-devel-linux-x86_64-debian-clang 2.0.5 2.07 16.40 18.47 NOTE
r-devel-linux-x86_64-debian-gcc 2.0.5 2.82 16.52 19.34 NOTE
r-devel-linux-x86_64-fedora-clang 2.0.5 35.41 NOTE
r-devel-linux-x86_64-fedora-gcc 2.0.5 33.01 NOTE
r-devel-osx-x86_64-clang 2.0.5 37.16 NOTE
r-devel-windows-ix86+x86_64 2.0.5 8.00 27.00 35.00 NOTE
r-patched-linux-x86_64 2.0.5 2.17 16.34 18.52 NOTE
r-patched-solaris-sparc 2.0.5 217.50 NOTE
r-patched-solaris-x86 2.0.5 52.40 NOTE
r-release-linux-ix86 2.0.5 2.42 23.90 26.32 NOTE
r-release-linux-x86_64 2.0.5 2.12 16.32 18.45 NOTE
r-release-osx-x86_64-mavericks 2.0.5 NOTE
r-release-windows-ix86+x86_64 2.0.5 8.00 26.00 34.00 NOTE
r-oldrel-windows-ix86+x86_64 2.0.5 9.00 31.00 40.00 NOTE

Check Details

Version: 2.0.5
Check: dependencies in R code
Result: NOTE
    Package in Depends field not imported from: ‘car’
     These packages need to be imported from (in the NAMESPACE file)
     for when this namespace is loaded but not attached.
    ':::' calls which should be '::':
     ‘car:::bcPower’ ‘car:::bootCase’ ‘car:::deltaMethod’
     ‘car:::infIndexPlot’ ‘car:::invResPlot’ ‘car:::invTranEstimate’
     ‘car:::invTranPlot’ ‘car:::marginalModelPlot’ ‘car:::outlierTest’
     ‘car:::powerTransform’ ‘car:::residualPlot’ ‘car:::residualPlots’
     ‘car:::testTransform’
     See the note in ?`:::` about the use of this operator.
    Unexported objects imported by ':::' calls:
     ‘car:::residCurvTest’ ‘car:::tukeyNonaddTest’
     See the note in ?`:::` about the use of this operator.
    See the information on DESCRIPTION files in the chapter ‘Creating R
    packages’ of the ‘Writing R Extensions’ manual.
Flavors: r-devel-linux-x86_64-debian-clang, r-devel-linux-x86_64-debian-gcc, r-devel-linux-x86_64-fedora-clang, r-devel-linux-x86_64-fedora-gcc, r-devel-osx-x86_64-clang, r-devel-windows-ix86+x86_64, r-patched-linux-x86_64, r-patched-solaris-sparc, r-patched-solaris-x86, r-release-linux-ix86, r-release-linux-x86_64, r-release-osx-x86_64-mavericks, r-release-windows-ix86+x86_64, r-oldrel-windows-ix86+x86_64

Version: 2.0.5
Check: R code for possible problems
Result: NOTE
    sigma.hat: no visible global function definition for ‘sigmaHat’
Flavors: r-devel-linux-x86_64-debian-clang, r-devel-linux-x86_64-debian-gcc, r-devel-linux-x86_64-fedora-clang, r-devel-linux-x86_64-fedora-gcc, r-devel-osx-x86_64-clang, r-devel-windows-ix86+x86_64, r-patched-linux-x86_64, r-patched-solaris-sparc, r-patched-solaris-x86