CRAN Package Check Results for Package alr4

Last updated on 2017-08-20 14:46:42.

Flavor Version Tinstall Tcheck Ttotal Status Flags
r-devel-linux-x86_64-debian-clang 1.0.5 4.26 44.31 48.57 NOTE
r-devel-linux-x86_64-debian-gcc 1.0.5 4.50 43.31 47.81 NOTE
r-devel-linux-x86_64-fedora-clang 1.0.5 105.68 NOTE
r-devel-linux-x86_64-fedora-gcc 1.0.5 109.61 NOTE
r-devel-windows-ix86+x86_64 1.0.5 14.00 77.00 91.00 NOTE
r-patched-linux-x86_64 1.0.5 4.32 45.01 49.33 NOTE
r-patched-solaris-x86 1.0.5 151.20 NOTE
r-release-linux-x86_64 1.0.5 4.21 44.26 48.47 NOTE
r-release-windows-ix86+x86_64 1.0.5 24.00 75.00 99.00 NOTE
r-release-osx-x86_64 1.0.5 NOTE
r-oldrel-windows-ix86+x86_64 1.0.5 14.00 71.00 85.00 NOTE
r-oldrel-osx-x86_64 1.0.5 NOTE

Check Details

Version: 1.0.5
Check: R code for possible problems
Result: NOTE
    alr4Web: no visible global function definition for ‘browseURL’
    print.summary.lm: no visible binding for global variable ‘quantile’
    print.summary.lm: no visible global function definition for ‘quantile’
    print.summary.lm: no visible global function definition for
     ‘printCoefmat’
    print.summary.lm: no visible global function definition for ‘naprint’
    print.summary.lm: no visible global function definition for ‘pf’
    print.summary.lm: no visible global function definition for ‘symnum’
    Undefined global functions or variables:
     browseURL naprint pf printCoefmat quantile symnum
    Consider adding
     importFrom("stats", "naprint", "pf", "printCoefmat", "quantile",
     "symnum")
     importFrom("utils", "browseURL")
    to your NAMESPACE file.
Flavors: r-devel-linux-x86_64-debian-clang, r-devel-linux-x86_64-debian-gcc, r-devel-linux-x86_64-fedora-clang, r-devel-linux-x86_64-fedora-gcc, r-devel-windows-ix86+x86_64, r-patched-linux-x86_64, r-patched-solaris-x86, r-release-linux-x86_64, r-release-windows-ix86+x86_64, r-release-osx-x86_64, r-oldrel-windows-ix86+x86_64, r-oldrel-osx-x86_64