CRAN Package Check Results for Package alr4

Last updated on 2015-05-28 23:47:19.

Flavor Version Tinstall Tcheck Ttotal Status Flags
r-devel-linux-x86_64-debian-clang 1.0.5 4.85 42.71 47.56 OK
r-devel-linux-x86_64-debian-gcc 1.0.5 4.81 42.80 47.62 OK
r-devel-linux-x86_64-fedora-clang 1.0.5 110.37 OK
r-devel-linux-x86_64-fedora-gcc 1.0.5 96.71 OK
r-devel-osx-x86_64-clang 1.0.5 84.75 OK
r-devel-windows-ix86+x86_64 1.0.5 15.00 67.00 82.00 OK
r-patched-linux-x86_64 1.0.5 4.79 42.23 47.02 OK
r-patched-solaris-sparc 1.0.5 598.70 OK
r-patched-solaris-x86 1.0.5 142.50 OK
r-release-linux-x86_64 1.0.5 5.28 43.42 48.70 OK
r-release-osx-x86_64-mavericks 1.0.5 OK
r-release-osx-x86_64-snowleopard 1.0.5 ERROR
r-release-windows-ix86+x86_64 1.0.5 17.00 68.00 85.00 OK
r-oldrel-windows-ix86+x86_64 1.0.5 25.00 89.00 114.00 OK

Check Details

Version: 1.0.5
Check: package dependencies
Result: ERROR
    Package required but not available: ‘car’
    
    See section ‘The DESCRIPTION file’ in the ‘Writing R Extensions’
    manual.
Flavor: r-release-osx-x86_64-snowleopard