CRAN Package Check Results for Package alr4

Last updated on 2014-07-24 17:48:57.

Flavor Version Tinstall Tcheck Ttotal Status Flags
r-devel-linux-x86_64-debian-clang 1.0.3 2.88 18.47 21.34 NOTE
r-devel-linux-x86_64-debian-gcc 1.0.3 2.68 18.14 20.82 NOTE
r-devel-linux-x86_64-fedora-clang 1.0.3 43.84 NOTE
r-devel-linux-x86_64-fedora-gcc 1.0.3 42.20 NOTE
r-devel-osx-x86_64-clang 1.0.3 41.15 NOTE
r-devel-windows-ix86+x86_64 1.0.3 8.00 31.00 39.00 NOTE
r-patched-linux-x86_64 1.0.3 3.24 18.62 21.86 NOTE
r-patched-solaris-sparc 1.0.3 244.30 NOTE
r-patched-solaris-x86 1.0.3 60.60 NOTE
r-release-linux-ix86 1.0.3 3.32 26.76 30.08 NOTE
r-release-linux-x86_64 1.0.3 2.61 19.86 22.47 NOTE
r-release-osx-x86_64-mavericks 1.0.3 NOTE
r-release-osx-x86_64-snowleopard 1.0.3 OK
r-release-windows-ix86+x86_64 1.0.3 8.00 31.00 39.00 NOTE
r-oldrel-windows-ix86+x86_64 1.0.3 10.00 33.00 43.00 NOTE

Check Details

Version: 1.0.3
Check: dependencies in R code
Result: NOTE
    Packages in Depends field not imported from:
     ‘car’ ‘effects’
     These packages need to be imported from (in the NAMESPACE file)
     for when this namespace is loaded but not attached.
    See the information on DESCRIPTION files in the chapter ‘Creating R
    packages’ of the ‘Writing R Extensions’ manual.
Flavors: r-devel-linux-x86_64-debian-clang, r-devel-linux-x86_64-debian-gcc, r-devel-linux-x86_64-fedora-clang, r-devel-linux-x86_64-fedora-gcc, r-devel-osx-x86_64-clang, r-devel-windows-ix86+x86_64, r-patched-linux-x86_64, r-patched-solaris-sparc, r-patched-solaris-x86, r-release-linux-ix86, r-release-linux-x86_64, r-release-osx-x86_64-mavericks, r-release-windows-ix86+x86_64, r-oldrel-windows-ix86+x86_64