CRAN Package Check Results for Package alr4

Last updated on 2017-02-19 23:47:56.

Flavor Version Tinstall Tcheck Ttotal Status Flags
r-devel-linux-x86_64-debian-clang 1.0.5 4.48 44.20 48.68 NOTE
r-devel-linux-x86_64-debian-gcc 1.0.5 4.45 45.01 49.47 NOTE
r-devel-linux-x86_64-fedora-clang 1.0.5 104.43 NOTE --no-stop-on-test-error
r-devel-linux-x86_64-fedora-gcc 1.0.5 102.99 NOTE --no-stop-on-test-error
r-devel-macos-x86_64-clang 1.0.5 81.84 NOTE --no-stop-on-test-error
r-devel-windows-ix86+x86_64 1.0.5 27.00 112.00 139.00 NOTE
r-patched-linux-x86_64 1.0.5 4.54 41.58 46.13 NOTE
r-patched-solaris-sparc 1.0.5 570.10 NOTE
r-patched-solaris-x86 1.0.5 135.50 NOTE
r-release-linux-x86_64 1.0.5 4.17 40.45 44.62 NOTE
r-release-osx-x86_64-mavericks 1.0.5 NOTE
r-release-windows-ix86+x86_64 1.0.5 15.00 68.00 83.00 NOTE
r-oldrel-windows-ix86+x86_64 1.0.5 22.00 100.00 122.00 OK

Check Details

Version: 1.0.5
Check: R code for possible problems
Result: NOTE
    alr4Web: no visible global function definition for ‘browseURL’
    print.summary.lm: no visible binding for global variable ‘quantile’
    print.summary.lm: no visible global function definition for ‘quantile’
    print.summary.lm: no visible global function definition for
     ‘printCoefmat’
    print.summary.lm: no visible global function definition for ‘naprint’
    print.summary.lm: no visible global function definition for ‘pf’
    print.summary.lm: no visible global function definition for ‘symnum’
    Undefined global functions or variables:
     browseURL naprint pf printCoefmat quantile symnum
    Consider adding
     importFrom("stats", "naprint", "pf", "printCoefmat", "quantile",
     "symnum")
     importFrom("utils", "browseURL")
    to your NAMESPACE file.
Flavors: r-devel-linux-x86_64-debian-clang, r-devel-linux-x86_64-debian-gcc, r-devel-windows-ix86+x86_64, r-patched-linux-x86_64, r-patched-solaris-sparc, r-patched-solaris-x86, r-release-linux-x86_64, r-release-osx-x86_64-mavericks, r-release-windows-ix86+x86_64

Version: 1.0.5
Flags: --no-stop-on-test-error
Check: R code for possible problems
Result: NOTE
    alr4Web: no visible global function definition for ‘browseURL’
    print.summary.lm: no visible binding for global variable ‘quantile’
    print.summary.lm: no visible global function definition for ‘quantile’
    print.summary.lm: no visible global function definition for
     ‘printCoefmat’
    print.summary.lm: no visible global function definition for ‘naprint’
    print.summary.lm: no visible global function definition for ‘pf’
    print.summary.lm: no visible global function definition for ‘symnum’
    Undefined global functions or variables:
     browseURL naprint pf printCoefmat quantile symnum
    Consider adding
     importFrom("stats", "naprint", "pf", "printCoefmat", "quantile",
     "symnum")
     importFrom("utils", "browseURL")
    to your NAMESPACE file.
Flavors: r-devel-linux-x86_64-fedora-clang, r-devel-linux-x86_64-fedora-gcc, r-devel-macos-x86_64-clang