CRAN Package Check Results for Package alr4

Last updated on 2017-01-23 18:46:57.

Flavor Version Tinstall Tcheck Ttotal Status Flags
r-devel-linux-x86_64-debian-clang 1.0.5 5.22 41.96 47.19 NOTE
r-devel-linux-x86_64-debian-gcc 1.0.5 4.44 43.24 47.68 NOTE
r-devel-linux-x86_64-fedora-clang 1.0.5 95.14 NOTE --no-stop-on-test-error
r-devel-linux-x86_64-fedora-gcc 1.0.5 92.24 NOTE --no-stop-on-test-error
r-devel-macos-x86_64-clang 1.0.5 71.75 NOTE --no-stop-on-test-error
r-devel-windows-ix86+x86_64 1.0.5 15.00 88.00 103.00 NOTE
r-patched-linux-x86_64 1.0.5 4.48 39.87 44.35 NOTE
r-patched-solaris-sparc 1.0.5 570.10 NOTE
r-patched-solaris-x86 1.0.5 126.10 NOTE
r-release-linux-x86_64 1.0.5 4.28 40.51 44.79 NOTE
r-release-osx-x86_64-mavericks 1.0.5 NOTE
r-release-windows-ix86+x86_64 1.0.5 33.00 103.00 136.00 NOTE
r-oldrel-windows-ix86+x86_64 1.0.5 23.00 178.00 201.00 OK

Check Details

Version: 1.0.5
Check: R code for possible problems
Result: NOTE
    alr4Web: no visible global function definition for ‘browseURL’
    print.summary.lm: no visible binding for global variable ‘quantile’
    print.summary.lm: no visible global function definition for ‘quantile’
    print.summary.lm: no visible global function definition for
     ‘printCoefmat’
    print.summary.lm: no visible global function definition for ‘naprint’
    print.summary.lm: no visible global function definition for ‘pf’
    print.summary.lm: no visible global function definition for ‘symnum’
    Undefined global functions or variables:
     browseURL naprint pf printCoefmat quantile symnum
    Consider adding
     importFrom("stats", "naprint", "pf", "printCoefmat", "quantile",
     "symnum")
     importFrom("utils", "browseURL")
    to your NAMESPACE file.
Flavors: r-devel-linux-x86_64-debian-clang, r-devel-linux-x86_64-debian-gcc, r-devel-windows-ix86+x86_64, r-patched-linux-x86_64, r-patched-solaris-sparc, r-patched-solaris-x86, r-release-linux-x86_64, r-release-osx-x86_64-mavericks, r-release-windows-ix86+x86_64

Version: 1.0.5
Flags: --no-stop-on-test-error
Check: R code for possible problems
Result: NOTE
    alr4Web: no visible global function definition for ‘browseURL’
    print.summary.lm: no visible binding for global variable ‘quantile’
    print.summary.lm: no visible global function definition for ‘quantile’
    print.summary.lm: no visible global function definition for
     ‘printCoefmat’
    print.summary.lm: no visible global function definition for ‘naprint’
    print.summary.lm: no visible global function definition for ‘pf’
    print.summary.lm: no visible global function definition for ‘symnum’
    Undefined global functions or variables:
     browseURL naprint pf printCoefmat quantile symnum
    Consider adding
     importFrom("stats", "naprint", "pf", "printCoefmat", "quantile",
     "symnum")
     importFrom("utils", "browseURL")
    to your NAMESPACE file.
Flavors: r-devel-linux-x86_64-fedora-clang, r-devel-linux-x86_64-fedora-gcc, r-devel-macos-x86_64-clang