CRAN Package Check Results for Package alr4

Last updated on 2015-04-19 10:51:41.

Flavor Version Tinstall Tcheck Ttotal Status Flags
r-devel-linux-x86_64-debian-clang 1.0.5 4.74 42.98 47.73 OK
r-devel-linux-x86_64-debian-gcc 1.0.5 4.79 43.54 48.33 OK
r-devel-linux-x86_64-fedora-clang 1.0.5 104.87 OK
r-devel-linux-x86_64-fedora-gcc 1.0.5 98.65 OK
r-devel-osx-x86_64-clang 1.0.5 90.89 OK
r-devel-windows-ix86+x86_64 1.0.5 20.00 91.00 111.00 OK
r-patched-linux-x86_64 1.0.5 4.80 42.18 46.97 OK
r-patched-solaris-sparc 1.0.5 632.50 OK
r-patched-solaris-x86 1.0.5 136.40 OK
r-release-linux-x86_64 1.0.5 5.06 43.03 48.09 OK
r-release-osx-x86_64-mavericks 1.0.5 OK
r-release-osx-x86_64-snowleopard 1.0.5 ERROR
r-release-windows-ix86+x86_64 1.0.5 11.00 60.00 71.00 OK
r-oldrel-windows-ix86+x86_64 1.0.5 23.00 117.00 140.00 OK

Check Details

Version: 1.0.5
Check: package dependencies
Result: ERROR
    Package required but not available: ‘car’
    
    See section ‘The DESCRIPTION file’ in the ‘Writing R Extensions’
    manual.
Flavor: r-release-osx-x86_64-snowleopard