CRAN Package Check Results for Package alr4

Last updated on 2014-04-16 09:47:55.

Flavor Version Tinstall Tcheck Ttotal Status Flags
r-devel-linux-x86_64-debian-clang 1.0.3 2.58 19.68 22.26 NOTE
r-devel-linux-x86_64-debian-gcc 1.0.3 2.63 19.94 22.58 NOTE
r-devel-linux-x86_64-fedora-clang 1.0.3 43.06 NOTE
r-devel-linux-x86_64-fedora-gcc 1.0.3 40.88 NOTE
r-devel-macosx-x86_64-clang 1.0.3 43.36 NOTE
r-devel-macosx-x86_64-gcc 1.0.3 ERROR
r-devel-windows-ix86+x86_64 1.0.3 9.00 30.00 39.00 NOTE
r-patched-linux-x86_64 1.0.3 2.84 19.99 22.82 NOTE
r-patched-solaris-sparc 1.0.3 244.30 NOTE
r-patched-solaris-x86 1.0.3 59.30 NOTE
r-release-linux-ix86 1.0.3 6.00 38.00 44.00 NOTE
r-release-linux-x86_64 1.0.3 2.66 19.92 22.58 NOTE
r-release-macosx-x86_64 1.0.3 OK
r-release-windows-ix86+x86_64 1.0.3 8.00 33.00 41.00 NOTE
r-oldrel-windows-ix86+x86_64 1.0.3 9.00 30.00 39.00 NOTE

Check Details

Version: 1.0.3
Check: dependencies in R code
Result: NOTE
    Packages in Depends field not imported from:
     ‘car’ ‘effects’
     These packages need to be imported from (in the NAMESPACE file)
     for when this namespace is loaded but not attached.
    See the information on DESCRIPTION files in the chapter ‘Creating R
    packages’ of the ‘Writing R Extensions’ manual.
Flavors: r-devel-linux-x86_64-debian-clang, r-devel-linux-x86_64-debian-gcc, r-devel-linux-x86_64-fedora-clang, r-devel-linux-x86_64-fedora-gcc, r-devel-macosx-x86_64-clang, r-devel-windows-ix86+x86_64, r-patched-linux-x86_64, r-patched-solaris-sparc, r-patched-solaris-x86, r-release-linux-ix86, r-release-linux-x86_64, r-release-windows-ix86+x86_64, r-oldrel-windows-ix86+x86_64

Version: 1.0.3
Check: package dependencies
Result: ERROR
    Package required but not available: ‘car’
    
    See the information on DESCRIPTION files in the chapter ‘Creating R
    packages’ of the ‘Writing R Extensions’ manual.
Flavor: r-devel-macosx-x86_64-gcc