CRAN Package Check Results for Package alr4

Last updated on 2014-08-29 03:47:03.

Flavor Version Tinstall Tcheck Ttotal Status Flags
r-devel-linux-x86_64-debian-clang 1.0.3 2.42 18.25 20.66 NOTE
r-devel-linux-x86_64-debian-gcc 1.0.3 3.74 18.42 22.16 NOTE
r-devel-linux-x86_64-fedora-clang 1.0.3 41.20 NOTE
r-devel-linux-x86_64-fedora-gcc 1.0.3 38.23 NOTE
r-devel-osx-x86_64-clang 1.0.3 39.10 NOTE
r-devel-windows-ix86+x86_64 1.0.3 8.00 30.00 38.00 NOTE
r-patched-linux-x86_64 1.0.3 2.60 18.60 21.20 NOTE
r-patched-solaris-sparc 1.0.3 275.50 NOTE
r-patched-solaris-x86 1.0.3 60.80 NOTE
r-release-linux-ix86 1.0.3 3.31 26.71 30.02 NOTE
r-release-linux-x86_64 1.0.3 2.52 19.48 22.00 NOTE
r-release-osx-x86_64-mavericks 1.0.3 NOTE
r-release-osx-x86_64-snowleopard 1.0.3 OK
r-release-windows-ix86+x86_64 1.0.3 8.00 33.00 41.00 NOTE
r-oldrel-windows-ix86+x86_64 1.0.3 9.00 33.00 42.00 NOTE

Check Details

Version: 1.0.3
Check: dependencies in R code
Result: NOTE
    Packages in Depends field not imported from:
     ‘car’ ‘effects’
     These packages need to be imported from (in the NAMESPACE file)
     for when this namespace is loaded but not attached.
    See the information on DESCRIPTION files in the chapter ‘Creating R
    packages’ of the ‘Writing R Extensions’ manual.
Flavors: r-devel-linux-x86_64-debian-clang, r-devel-linux-x86_64-debian-gcc, r-devel-linux-x86_64-fedora-clang, r-devel-linux-x86_64-fedora-gcc, r-devel-osx-x86_64-clang, r-devel-windows-ix86+x86_64, r-patched-linux-x86_64, r-patched-solaris-sparc, r-patched-solaris-x86, r-release-linux-ix86, r-release-linux-x86_64, r-release-osx-x86_64-mavericks, r-release-windows-ix86+x86_64, r-oldrel-windows-ix86+x86_64