CRAN Package Check Results for Package alr4

Last updated on 2015-07-28 23:47:22.

Flavor Version Tinstall Tcheck Ttotal Status Flags
r-devel-linux-x86_64-debian-clang 1.0.5 4.75 43.28 48.03 NOTE
r-devel-linux-x86_64-debian-gcc 1.0.5 5.86 42.02 47.88 NOTE
r-devel-linux-x86_64-fedora-clang 1.0.5 97.85 NOTE
r-devel-linux-x86_64-fedora-gcc 1.0.5 92.62 NOTE
r-devel-osx-x86_64-clang 1.0.5 83.88 OK
r-devel-windows-ix86+x86_64 1.0.5 16.00 70.00 86.00 NOTE
r-patched-linux-x86_64 1.0.5 4.67 42.56 47.22 OK
r-patched-solaris-sparc 1.0.5 600.70 OK
r-patched-solaris-x86 1.0.5 138.10 OK
r-release-linux-x86_64 1.0.5 4.54 42.54 47.08 OK
r-release-osx-x86_64-mavericks 1.0.5 OK
r-release-windows-ix86+x86_64 1.0.5 25.00 65.00 90.00 OK
r-oldrel-windows-ix86+x86_64 1.0.5 21.00 93.00 114.00 OK

Check Details

Version: 1.0.5
Check: R code for possible problems
Result: NOTE
    alr4Web: no visible global function definition for ‘browseURL’
    print.summary.lm: no visible binding for global variable ‘quantile’
    print.summary.lm: no visible global function definition for ‘quantile’
    print.summary.lm: no visible global function definition for
     ‘printCoefmat’
    print.summary.lm: no visible global function definition for ‘naprint’
    print.summary.lm: no visible global function definition for ‘pf’
    print.summary.lm: no visible global function definition for ‘symnum’
    Undefined global functions or variables:
     browseURL naprint pf printCoefmat quantile symnum
    Consider adding
     importFrom("stats", "naprint", "pf", "printCoefmat", "quantile",
     "symnum")
     importFrom("utils", "browseURL")
    to your NAMESPACE.
Flavors: r-devel-linux-x86_64-debian-clang, r-devel-linux-x86_64-debian-gcc, r-devel-linux-x86_64-fedora-clang, r-devel-linux-x86_64-fedora-gcc, r-devel-windows-ix86+x86_64