CRAN Package Check Results for Package alr4

Last updated on 2017-06-23 02:46:59.

Flavor Version Tinstall Tcheck Ttotal Status Flags
r-devel-linux-x86_64-debian-clang 1.0.5 4.62 46.02 50.64 NOTE
r-devel-linux-x86_64-debian-gcc 1.0.5 4.29 44.48 48.77 NOTE
r-devel-linux-x86_64-fedora-clang 1.0.5 108.05 NOTE
r-devel-linux-x86_64-fedora-gcc 1.0.5 104.38 NOTE
r-devel-windows-ix86+x86_64 1.0.5 22.00 108.00 130.00 NOTE
r-patched-linux-x86_64 1.0.5 4.65 46.14 50.79 NOTE
r-patched-solaris-sparc 1.0.5 623.80 NOTE
r-patched-solaris-x86 1.0.5 150.00 NOTE
r-release-linux-x86_64 1.0.5 4.96 44.89 49.85 NOTE
r-release-windows-ix86+x86_64 1.0.5 22.00 126.00 148.00 NOTE
r-release-osx-x86_64 1.0.5 NOTE
r-oldrel-windows-ix86+x86_64 1.0.5 22.00 74.00 96.00 NOTE
r-oldrel-osx-x86_64 1.0.5 NOTE

Check Details

Version: 1.0.5
Check: R code for possible problems
Result: NOTE
    alr4Web: no visible global function definition for ‘browseURL’
    print.summary.lm: no visible binding for global variable ‘quantile’
    print.summary.lm: no visible global function definition for ‘quantile’
    print.summary.lm: no visible global function definition for
     ‘printCoefmat’
    print.summary.lm: no visible global function definition for ‘naprint’
    print.summary.lm: no visible global function definition for ‘pf’
    print.summary.lm: no visible global function definition for ‘symnum’
    Undefined global functions or variables:
     browseURL naprint pf printCoefmat quantile symnum
    Consider adding
     importFrom("stats", "naprint", "pf", "printCoefmat", "quantile",
     "symnum")
     importFrom("utils", "browseURL")
    to your NAMESPACE file.
Flavors: r-devel-linux-x86_64-debian-clang, r-devel-linux-x86_64-debian-gcc, r-devel-linux-x86_64-fedora-clang, r-devel-linux-x86_64-fedora-gcc, r-devel-windows-ix86+x86_64, r-patched-linux-x86_64, r-patched-solaris-sparc, r-patched-solaris-x86, r-release-linux-x86_64, r-release-windows-ix86+x86_64, r-release-osx-x86_64, r-oldrel-windows-ix86+x86_64, r-oldrel-osx-x86_64