CRAN Package Check Results for Package alr4

Last updated on 2016-05-29 03:48:10.

Flavor Version Tinstall Tcheck Ttotal Status Flags
r-devel-linux-x86_64-debian-gcc 1.0.5 4.72 43.14 47.86 NOTE
r-devel-linux-x86_64-fedora-clang 1.0.5 102.78 NOTE
r-devel-linux-x86_64-fedora-gcc 1.0.5 87.75 NOTE
r-devel-osx-x86_64-clang 1.0.5 99.71 NOTE
r-devel-windows-ix86+x86_64 1.0.5 15.00 86.00 101.00 NOTE
r-patched-linux-x86_64 1.0.5 4.64 43.17 47.80 NOTE
r-patched-solaris-sparc 1.0.5 561.20 NOTE
r-patched-solaris-x86 1.0.5 126.30 NOTE
r-release-linux-x86_64 1.0.5 4.67 42.96 47.63 NOTE
r-release-osx-x86_64-mavericks 1.0.5 NOTE
r-release-windows-ix86+x86_64 1.0.5 22.00 81.00 103.00 NOTE
r-oldrel-windows-ix86+x86_64 1.0.5 16.00 124.00 140.00 OK

Check Details

Version: 1.0.5
Check: R code for possible problems
Result: NOTE
    alr4Web: no visible global function definition for ‘browseURL’
    print.summary.lm: no visible binding for global variable ‘quantile’
    print.summary.lm: no visible global function definition for ‘quantile’
    print.summary.lm: no visible global function definition for
     ‘printCoefmat’
    print.summary.lm: no visible global function definition for ‘naprint’
    print.summary.lm: no visible global function definition for ‘pf’
    print.summary.lm: no visible global function definition for ‘symnum’
    Undefined global functions or variables:
     browseURL naprint pf printCoefmat quantile symnum
    Consider adding
     importFrom("stats", "naprint", "pf", "printCoefmat", "quantile",
     "symnum")
     importFrom("utils", "browseURL")
    to your NAMESPACE file.
Flavors: r-devel-linux-x86_64-debian-gcc, r-devel-linux-x86_64-fedora-clang, r-devel-linux-x86_64-fedora-gcc, r-devel-osx-x86_64-clang, r-devel-windows-ix86+x86_64, r-patched-linux-x86_64, r-patched-solaris-sparc, r-patched-solaris-x86, r-release-linux-x86_64, r-release-osx-x86_64-mavericks, r-release-windows-ix86+x86_64