CRAN Package Check Results for Package alr4

Last updated on 2016-02-07 17:49:37.

Flavor Version Tinstall Tcheck Ttotal Status Flags
r-devel-linux-x86_64-debian-gcc 1.0.5 4.39 41.54 45.93 NOTE
r-devel-linux-x86_64-fedora-clang 1.0.5 94.08 NOTE
r-devel-linux-x86_64-fedora-gcc 1.0.5 90.35 NOTE
r-devel-osx-x86_64-clang 1.0.5 99.42 NOTE
r-devel-windows-ix86+x86_64 1.0.5 15.00 106.00 121.00 NOTE
r-patched-linux-x86_64 1.0.5 4.99 47.89 52.87 OK
r-patched-solaris-sparc 1.0.5 600.10 OK
r-patched-solaris-x86 1.0.5 134.10 OK
r-release-linux-x86_64 1.0.5 5.01 45.84 50.85 OK
r-release-osx-x86_64-mavericks 1.0.5 OK
r-release-windows-ix86+x86_64 1.0.5 22.00 113.00 135.00 OK
r-oldrel-windows-ix86+x86_64 1.0.5 34.00 151.00 185.00 OK

Check Details

Version: 1.0.5
Check: R code for possible problems
Result: NOTE
    alr4Web: no visible global function definition for ‘browseURL’
    print.summary.lm: no visible binding for global variable ‘quantile’
    print.summary.lm: no visible global function definition for ‘quantile’
    print.summary.lm: no visible global function definition for
     ‘printCoefmat’
    print.summary.lm: no visible global function definition for ‘naprint’
    print.summary.lm: no visible global function definition for ‘pf’
    print.summary.lm: no visible global function definition for ‘symnum’
    Undefined global functions or variables:
     browseURL naprint pf printCoefmat quantile symnum
    Consider adding
     importFrom("stats", "naprint", "pf", "printCoefmat", "quantile",
     "symnum")
     importFrom("utils", "browseURL")
    to your NAMESPACE file.
Flavors: r-devel-linux-x86_64-debian-gcc, r-devel-linux-x86_64-fedora-clang, r-devel-linux-x86_64-fedora-gcc, r-devel-osx-x86_64-clang, r-devel-windows-ix86+x86_64