CRAN Package Check Results for Package alr4

Last updated on 2016-06-25 16:47:40.

Flavor Version Tinstall Tcheck Ttotal Status Flags
r-devel-linux-x86_64-debian-gcc 1.0.5 4.35 43.68 48.03 NOTE
r-devel-linux-x86_64-fedora-clang 1.0.5 93.23 NOTE
r-devel-linux-x86_64-fedora-gcc 1.0.5 88.96 NOTE
r-devel-osx-x86_64-clang 1.0.5 74.51 NOTE
r-devel-windows-ix86+x86_64 1.0.5 23.00 119.00 142.00 NOTE
r-patched-linux-x86_64 1.0.5 5.14 44.72 49.85 NOTE
r-patched-solaris-sparc 1.0.5 564.60 NOTE
r-patched-solaris-x86 1.0.5 126.80 NOTE
r-release-linux-x86_64 1.0.5 5.24 44.70 49.94 NOTE
r-release-osx-x86_64-mavericks 1.0.5 NOTE
r-release-windows-ix86+x86_64 1.0.5 19.00 76.00 95.00 NOTE
r-oldrel-windows-ix86+x86_64 1.0.5 27.00 114.00 141.00 OK

Check Details

Version: 1.0.5
Check: R code for possible problems
Result: NOTE
    alr4Web: no visible global function definition for ‘browseURL’
    print.summary.lm: no visible binding for global variable ‘quantile’
    print.summary.lm: no visible global function definition for ‘quantile’
    print.summary.lm: no visible global function definition for
     ‘printCoefmat’
    print.summary.lm: no visible global function definition for ‘naprint’
    print.summary.lm: no visible global function definition for ‘pf’
    print.summary.lm: no visible global function definition for ‘symnum’
    Undefined global functions or variables:
     browseURL naprint pf printCoefmat quantile symnum
    Consider adding
     importFrom("stats", "naprint", "pf", "printCoefmat", "quantile",
     "symnum")
     importFrom("utils", "browseURL")
    to your NAMESPACE file.
Flavors: r-devel-linux-x86_64-debian-gcc, r-devel-linux-x86_64-fedora-clang, r-devel-linux-x86_64-fedora-gcc, r-devel-osx-x86_64-clang, r-devel-windows-ix86+x86_64, r-patched-linux-x86_64, r-patched-solaris-sparc, r-patched-solaris-x86, r-release-linux-x86_64, r-release-osx-x86_64-mavericks, r-release-windows-ix86+x86_64