CRAN Package Check Results for Package alr4

Last updated on 2017-04-29 15:47:44.

Flavor Version Tinstall Tcheck Ttotal Status Flags
r-devel-linux-x86_64-debian-clang 1.0.5 4.15 44.58 48.73 NOTE
r-devel-linux-x86_64-debian-gcc 1.0.5 4.26 45.11 49.37 NOTE
r-devel-linux-x86_64-fedora-clang 1.0.5 108.35 NOTE --no-stop-on-test-error
r-devel-linux-x86_64-fedora-gcc 1.0.5 104.77 NOTE --no-stop-on-test-error
r-devel-windows-ix86+x86_64 1.0.5 27.00 105.00 132.00 NOTE
r-patched-linux-x86_64 1.0.5 4.24 43.65 47.90 NOTE
r-patched-solaris-sparc 1.0.5 623.80 NOTE
r-patched-solaris-x86 1.0.5 149.50 NOTE
r-release-linux-x86_64 1.0.5 4.66 46.04 50.70 NOTE
r-release-windows-ix86+x86_64 1.0.5 22.00 115.00 137.00 NOTE
r-release-osx-x86_64 1.0.5 NOTE
r-oldrel-windows-ix86+x86_64 1.0.5 22.00 110.00 132.00 NOTE
r-oldrel-osx-x86_64 1.0.5 NOTE

Check Details

Version: 1.0.5
Check: R code for possible problems
Result: NOTE
    alr4Web: no visible global function definition for ‘browseURL’
    print.summary.lm: no visible binding for global variable ‘quantile’
    print.summary.lm: no visible global function definition for ‘quantile’
    print.summary.lm: no visible global function definition for
     ‘printCoefmat’
    print.summary.lm: no visible global function definition for ‘naprint’
    print.summary.lm: no visible global function definition for ‘pf’
    print.summary.lm: no visible global function definition for ‘symnum’
    Undefined global functions or variables:
     browseURL naprint pf printCoefmat quantile symnum
    Consider adding
     importFrom("stats", "naprint", "pf", "printCoefmat", "quantile",
     "symnum")
     importFrom("utils", "browseURL")
    to your NAMESPACE file.
Flavors: r-devel-linux-x86_64-debian-clang, r-devel-linux-x86_64-debian-gcc, r-devel-windows-ix86+x86_64, r-patched-linux-x86_64, r-patched-solaris-sparc, r-patched-solaris-x86, r-release-linux-x86_64, r-release-windows-ix86+x86_64, r-release-osx-x86_64, r-oldrel-windows-ix86+x86_64, r-oldrel-osx-x86_64

Version: 1.0.5
Flags: --no-stop-on-test-error
Check: R code for possible problems
Result: NOTE
    alr4Web: no visible global function definition for ‘browseURL’
    print.summary.lm: no visible binding for global variable ‘quantile’
    print.summary.lm: no visible global function definition for ‘quantile’
    print.summary.lm: no visible global function definition for
     ‘printCoefmat’
    print.summary.lm: no visible global function definition for ‘naprint’
    print.summary.lm: no visible global function definition for ‘pf’
    print.summary.lm: no visible global function definition for ‘symnum’
    Undefined global functions or variables:
     browseURL naprint pf printCoefmat quantile symnum
    Consider adding
     importFrom("stats", "naprint", "pf", "printCoefmat", "quantile",
     "symnum")
     importFrom("utils", "browseURL")
    to your NAMESPACE file.
Flavors: r-devel-linux-x86_64-fedora-clang, r-devel-linux-x86_64-fedora-gcc