CRAN Package Check Results for Package alr4

Last updated on 2014-09-20 07:48:05.

Flavor Version Tinstall Tcheck Ttotal Status Flags
r-devel-linux-x86_64-debian-clang 1.0.3 2.37 18.68 21.06 NOTE
r-devel-linux-x86_64-debian-gcc 1.0.3 2.36 17.80 20.16 NOTE
r-devel-linux-x86_64-fedora-clang 1.0.3 40.70 NOTE
r-devel-linux-x86_64-fedora-gcc 1.0.3 38.48 NOTE
r-devel-osx-x86_64-clang 1.0.3 41.78 NOTE
r-devel-windows-ix86+x86_64 1.0.3 10.00 28.00 38.00 NOTE
r-patched-linux-x86_64 1.0.3 2.57 18.69 21.26 NOTE
r-patched-solaris-sparc 1.0.3 275.50 NOTE
r-patched-solaris-x86 1.0.3 61.00 NOTE
r-release-linux-ix86 1.0.3 3.30 27.02 30.32 NOTE
r-release-linux-x86_64 1.0.3 2.55 19.98 22.53 NOTE
r-release-osx-x86_64-mavericks 1.0.3 NOTE
r-release-osx-x86_64-snowleopard 1.0.3 OK
r-release-windows-ix86+x86_64 1.0.3 9.00 33.00 42.00 NOTE
r-oldrel-windows-ix86+x86_64 1.0.3 10.00 36.00 46.00 NOTE

Check Details

Version: 1.0.3
Check: dependencies in R code
Result: NOTE
    Packages in Depends field not imported from:
     ‘car’ ‘effects’
     These packages need to be imported from (in the NAMESPACE file)
     for when this namespace is loaded but not attached.
    See the information on DESCRIPTION files in the chapter ‘Creating R
    packages’ of the ‘Writing R Extensions’ manual.
Flavors: r-devel-linux-x86_64-debian-clang, r-devel-linux-x86_64-debian-gcc, r-devel-linux-x86_64-fedora-clang, r-devel-linux-x86_64-fedora-gcc, r-devel-osx-x86_64-clang, r-devel-windows-ix86+x86_64, r-patched-linux-x86_64, r-patched-solaris-sparc, r-patched-solaris-x86, r-release-linux-ix86, r-release-linux-x86_64, r-release-osx-x86_64-mavericks, r-release-windows-ix86+x86_64, r-oldrel-windows-ix86+x86_64