CRAN Package Check Results for Package alr4

Last updated on 2016-09-27 10:47:22.

Flavor Version Tinstall Tcheck Ttotal Status Flags
r-devel-linux-x86_64-debian-clang 1.0.5 4.24 39.49 43.72 NOTE
r-devel-linux-x86_64-debian-gcc 1.0.5 4.39 41.83 46.22 NOTE
r-devel-linux-x86_64-fedora-clang 1.0.5 92.81 NOTE
r-devel-linux-x86_64-fedora-gcc 1.0.5 88.65 NOTE
r-devel-macos-x86_64-clang 1.0.5 70.01 NOTE
r-devel-windows-ix86+x86_64 1.0.5 19.00 96.00 115.00 NOTE
r-patched-linux-x86_64 1.0.5 4.17 39.48 43.65 NOTE
r-patched-solaris-sparc 1.0.5 564.60 NOTE
r-patched-solaris-x86 1.0.5 125.20 NOTE
r-release-linux-x86_64 1.0.5 4.45 40.40 44.85 NOTE
r-release-osx-x86_64-mavericks 1.0.5 NOTE
r-release-windows-ix86+x86_64 1.0.5 20.00 96.00 116.00 NOTE
r-oldrel-windows-ix86+x86_64 1.0.5 22.00 102.00 124.00 OK

Check Details

Version: 1.0.5
Check: R code for possible problems
Result: NOTE
    alr4Web: no visible global function definition for ‘browseURL’
    print.summary.lm: no visible binding for global variable ‘quantile’
    print.summary.lm: no visible global function definition for ‘quantile’
    print.summary.lm: no visible global function definition for
     ‘printCoefmat’
    print.summary.lm: no visible global function definition for ‘naprint’
    print.summary.lm: no visible global function definition for ‘pf’
    print.summary.lm: no visible global function definition for ‘symnum’
    Undefined global functions or variables:
     browseURL naprint pf printCoefmat quantile symnum
    Consider adding
     importFrom("stats", "naprint", "pf", "printCoefmat", "quantile",
     "symnum")
     importFrom("utils", "browseURL")
    to your NAMESPACE file.
Flavors: r-devel-linux-x86_64-debian-clang, r-devel-linux-x86_64-debian-gcc, r-devel-linux-x86_64-fedora-clang, r-devel-linux-x86_64-fedora-gcc, r-devel-macos-x86_64-clang, r-devel-windows-ix86+x86_64, r-patched-linux-x86_64, r-patched-solaris-sparc, r-patched-solaris-x86, r-release-linux-x86_64, r-release-osx-x86_64-mavericks, r-release-windows-ix86+x86_64