CRAN Package Check Results for Package alr4

Last updated on 2016-04-28 21:47:21.

Flavor Version Tinstall Tcheck Ttotal Status Flags
r-devel-linux-x86_64-debian-gcc 1.0.5 4.63 43.15 47.77 NOTE
r-devel-linux-x86_64-fedora-clang 1.0.5 94.05 NOTE
r-devel-linux-x86_64-fedora-gcc 1.0.5 88.15 NOTE
r-devel-osx-x86_64-clang 1.0.5 99.58 NOTE
r-devel-windows-ix86+x86_64 1.0.5 22.00 104.00 126.00 NOTE
r-patched-linux-x86_64 1.0.5 4.45 42.33 46.78 NOTE
r-patched-solaris-sparc 1.0.5 555.60 NOTE
r-patched-solaris-x86 1.0.5 127.60 NOTE
r-release-linux-x86_64 1.0.5 4.88 47.42 52.30 OK
r-release-osx-x86_64-mavericks 1.0.5 OK
r-release-windows-ix86+x86_64 1.0.5 16.00 86.00 102.00 OK
r-oldrel-windows-ix86+x86_64 1.0.5 35.00 109.00 144.00 OK

Check Details

Version: 1.0.5
Check: R code for possible problems
Result: NOTE
    alr4Web: no visible global function definition for ‘browseURL’
    print.summary.lm: no visible binding for global variable ‘quantile’
    print.summary.lm: no visible global function definition for ‘quantile’
    print.summary.lm: no visible global function definition for
     ‘printCoefmat’
    print.summary.lm: no visible global function definition for ‘naprint’
    print.summary.lm: no visible global function definition for ‘pf’
    print.summary.lm: no visible global function definition for ‘symnum’
    Undefined global functions or variables:
     browseURL naprint pf printCoefmat quantile symnum
    Consider adding
     importFrom("stats", "naprint", "pf", "printCoefmat", "quantile",
     "symnum")
     importFrom("utils", "browseURL")
    to your NAMESPACE file.
Flavors: r-devel-linux-x86_64-debian-gcc, r-devel-linux-x86_64-fedora-clang, r-devel-linux-x86_64-fedora-gcc, r-devel-osx-x86_64-clang, r-devel-windows-ix86+x86_64, r-patched-linux-x86_64, r-patched-solaris-sparc, r-patched-solaris-x86