CRAN Package Check Results for Package alr4

Last updated on 2015-09-03 14:48:09.

Flavor Version Tinstall Tcheck Ttotal Status Flags
r-devel-linux-x86_64-debian-clang 1.0.5 4.63 43.29 47.92 NOTE
r-devel-linux-x86_64-debian-gcc 1.0.5 4.71 42.86 47.57 NOTE
r-devel-linux-x86_64-fedora-clang 1.0.5 97.65 NOTE
r-devel-linux-x86_64-fedora-gcc 1.0.5 94.55 NOTE
r-devel-osx-x86_64-clang 1.0.5 76.98 OK
r-devel-windows-ix86+x86_64 1.0.5 29.00 77.00 106.00 NOTE
r-patched-linux-x86_64 1.0.5 5.02 45.47 50.48 OK
r-patched-solaris-sparc 1.0.5 600.70 OK
r-patched-solaris-x86 1.0.5 143.00 OK
r-release-linux-x86_64 1.0.5 4.91 45.50 50.41 OK
r-release-osx-x86_64-mavericks 1.0.5 OK
r-release-windows-ix86+x86_64 1.0.5 23.00 73.00 96.00 OK
r-oldrel-windows-ix86+x86_64 1.0.5 34.00 98.00 132.00 OK

Check Details

Version: 1.0.5
Check: R code for possible problems
Result: NOTE
    alr4Web: no visible global function definition for ‘browseURL’
    print.summary.lm: no visible binding for global variable ‘quantile’
    print.summary.lm: no visible global function definition for ‘quantile’
    print.summary.lm: no visible global function definition for
     ‘printCoefmat’
    print.summary.lm: no visible global function definition for ‘naprint’
    print.summary.lm: no visible global function definition for ‘pf’
    print.summary.lm: no visible global function definition for ‘symnum’
    Undefined global functions or variables:
     browseURL naprint pf printCoefmat quantile symnum
    Consider adding
     importFrom("stats", "naprint", "pf", "printCoefmat", "quantile",
     "symnum")
     importFrom("utils", "browseURL")
    to your NAMESPACE.
Flavors: r-devel-linux-x86_64-debian-clang, r-devel-linux-x86_64-debian-gcc, r-devel-linux-x86_64-fedora-clang, r-devel-linux-x86_64-fedora-gcc, r-devel-windows-ix86+x86_64