CRAN Package Check Results for Package alr4

Last updated on 2014-10-02 11:48:01.

Flavor Version Tinstall Tcheck Ttotal Status Flags
r-devel-linux-x86_64-debian-clang 1.0.5 2.42 20.88 23.31 OK
r-devel-linux-x86_64-debian-gcc 1.0.5 2.35 20.03 22.38 OK
r-devel-linux-x86_64-fedora-clang 1.0.5 25.86 OK
r-devel-linux-x86_64-fedora-gcc 1.0.5 43.38 OK
r-devel-osx-x86_64-clang 1.0.5 43.38 OK
r-devel-windows-ix86+x86_64 1.0.5 10.00 36.00 46.00 OK
r-patched-linux-x86_64 1.0.5 2.57 21.09 23.66 OK
r-patched-solaris-sparc 1.0.5 260.10 OK
r-patched-solaris-x86 1.0.5 67.50 OK
r-release-linux-ix86 1.0.3 3.31 26.78 30.10 NOTE
r-release-linux-x86_64 1.0.5 2.61 21.67 24.28 OK
r-release-osx-x86_64-mavericks 1.0.5 OK
r-release-osx-x86_64-snowleopard 1.0.5 OK
r-release-windows-ix86+x86_64 1.0.5 9.00 36.00 45.00 OK
r-oldrel-windows-ix86+x86_64 1.0.5 10.00 36.00 46.00 OK

Check Details

Version: 1.0.3
Check: dependencies in R code
Result: NOTE
    Packages in Depends field not imported from:
     ‘car’ ‘effects’
     These packages need to be imported from (in the NAMESPACE file)
     for when this namespace is loaded but not attached.
    See the information on DESCRIPTION files in the chapter ‘Creating R
    packages’ of the ‘Writing R Extensions’ manual.
Flavor: r-release-linux-ix86