CRAN Package Check Results for Package alr4

Last updated on 2016-08-26 03:46:58.

Flavor Version Tinstall Tcheck Ttotal Status Flags
r-devel-linux-x86_64-debian-clang 1.0.5 4.57 44.85 49.42 NOTE
r-devel-linux-x86_64-debian-gcc 1.0.5 6.69 55.26 61.94 NOTE
r-devel-linux-x86_64-fedora-clang 1.0.5 98.15 NOTE
r-devel-linux-x86_64-fedora-gcc 1.0.5 93.29 NOTE
r-devel-osx-x86_64-clang 1.0.5 76.90 NOTE
r-devel-windows-ix86+x86_64 1.0.5 22.00 84.00 106.00 NOTE
r-patched-linux-x86_64 1.0.5 4.53 42.39 46.92 NOTE
r-patched-solaris-sparc 1.0.5 564.60 NOTE
r-patched-solaris-x86 1.0.5 124.20 NOTE
r-release-linux-x86_64 1.0.5 4.60 43.61 48.21 NOTE
r-release-osx-x86_64-mavericks 1.0.5 NOTE
r-release-windows-ix86+x86_64 1.0.5 11.00 73.00 84.00 NOTE
r-oldrel-windows-ix86+x86_64 1.0.5 17.00 77.00 94.00 OK

Check Details

Version: 1.0.5
Check: R code for possible problems
Result: NOTE
    alr4Web: no visible global function definition for ‘browseURL’
    print.summary.lm: no visible binding for global variable ‘quantile’
    print.summary.lm: no visible global function definition for ‘quantile’
    print.summary.lm: no visible global function definition for
     ‘printCoefmat’
    print.summary.lm: no visible global function definition for ‘naprint’
    print.summary.lm: no visible global function definition for ‘pf’
    print.summary.lm: no visible global function definition for ‘symnum’
    Undefined global functions or variables:
     browseURL naprint pf printCoefmat quantile symnum
    Consider adding
     importFrom("stats", "naprint", "pf", "printCoefmat", "quantile",
     "symnum")
     importFrom("utils", "browseURL")
    to your NAMESPACE file.
Flavors: r-devel-linux-x86_64-debian-clang, r-devel-linux-x86_64-debian-gcc, r-devel-linux-x86_64-fedora-clang, r-devel-linux-x86_64-fedora-gcc, r-devel-osx-x86_64-clang, r-devel-windows-ix86+x86_64, r-patched-linux-x86_64, r-patched-solaris-sparc, r-patched-solaris-x86, r-release-linux-x86_64, r-release-osx-x86_64-mavericks, r-release-windows-ix86+x86_64