CRAN Package Check Results for Package alr4

Last updated on 2017-12-16 01:55:57 CET.

Flavor Version Tinstall Tcheck Ttotal Status Flags
r-devel-linux-x86_64-debian-clang 1.0.5 6.46 68.40 74.86 NOTE
r-devel-linux-x86_64-debian-gcc 1.0.5 5.32 55.57 60.89 NOTE
r-devel-linux-x86_64-fedora-clang 1.0.5 96.04 NOTE
r-devel-linux-x86_64-fedora-gcc 1.0.5 95.59 NOTE
r-devel-windows-ix86+x86_64 1.0.5 16.00 89.00 105.00 NOTE
r-patched-linux-x86_64 1.0.5 6.80 77.87 84.67 NOTE
r-patched-solaris-x86 1.0.5 166.20 NOTE
r-release-linux-x86_64 1.0.5 6.85 76.85 83.70 NOTE
r-release-windows-ix86+x86_64 1.0.5 18.00 84.00 102.00 NOTE
r-release-osx-x86_64 1.0.5 NOTE
r-oldrel-windows-ix86+x86_64 1.0.5 18.00 106.00 124.00 NOTE
r-oldrel-osx-x86_64 1.0.5 NOTE

Check Details

Version: 1.0.5
Check: R code for possible problems
Result: NOTE
    alr4Web: no visible global function definition for ‘browseURL’
    print.summary.lm: no visible binding for global variable ‘quantile’
    print.summary.lm: no visible global function definition for ‘quantile’
    print.summary.lm: no visible global function definition for
     ‘printCoefmat’
    print.summary.lm: no visible global function definition for ‘naprint’
    print.summary.lm: no visible global function definition for ‘pf’
    print.summary.lm: no visible global function definition for ‘symnum’
    Undefined global functions or variables:
     browseURL naprint pf printCoefmat quantile symnum
    Consider adding
     importFrom("stats", "naprint", "pf", "printCoefmat", "quantile",
     "symnum")
     importFrom("utils", "browseURL")
    to your NAMESPACE file.
Flavors: r-devel-linux-x86_64-debian-clang, r-devel-linux-x86_64-debian-gcc, r-devel-linux-x86_64-fedora-clang, r-devel-linux-x86_64-fedora-gcc, r-devel-windows-ix86+x86_64, r-patched-linux-x86_64, r-patched-solaris-x86, r-release-linux-x86_64, r-release-windows-ix86+x86_64, r-release-osx-x86_64, r-oldrel-windows-ix86+x86_64, r-oldrel-osx-x86_64