CRAN Package Check Results for Package altR2

Last updated on 2022-09-25 00:48:59 CEST.

Flavor Version Tinstall Tcheck Ttotal Status Flags
r-devel-linux-x86_64-debian-clang 1.0.0 3.07 31.94 35.01 NOTE
r-devel-linux-x86_64-debian-gcc 1.0.0 2.04 25.22 27.26 NOTE
r-devel-linux-x86_64-fedora-clang 1.0.0 52.81 NOTE
r-devel-linux-x86_64-fedora-gcc 1.0.0 53.58 NOTE
r-devel-windows-x86_64 1.0.0 9.00 63.00 72.00 NOTE
r-patched-linux-x86_64 1.0.0 3.06 31.68 34.74 NOTE
r-release-linux-x86_64 1.0.0 2.57 30.55 33.12 NOTE
r-release-macos-arm64 1.0.0 19.00 NOTE
r-release-macos-x86_64 1.0.0 25.00 NOTE
r-release-windows-x86_64 1.0.0 11.00 60.00 71.00 NOTE
r-oldrel-macos-arm64 1.0.0 23.00 NOTE
r-oldrel-macos-x86_64 1.0.0 31.00 NOTE
r-oldrel-windows-ix86+x86_64 1.0.0 8.00 54.00 62.00 NOTE

Check Details

Version: 1.0.0
Check: LazyData
Result: NOTE
     'LazyData' is specified without a 'data' directory
Flavors: r-devel-linux-x86_64-debian-clang, r-devel-linux-x86_64-debian-gcc, r-devel-linux-x86_64-fedora-clang, r-devel-linux-x86_64-fedora-gcc, r-devel-windows-x86_64, r-patched-linux-x86_64, r-release-linux-x86_64, r-release-macos-arm64, r-release-macos-x86_64, r-release-windows-x86_64, r-oldrel-macos-arm64, r-oldrel-macos-x86_64, r-oldrel-windows-ix86+x86_64