CRAN Package Check Results for Package amap

Last updated on 2015-01-26 03:52:16.

Flavor Version Tinstall Tcheck Ttotal Status Flags
r-devel-linux-x86_64-debian-clang 0.8-14 2.96 14.17 17.13 NOTE
r-devel-linux-x86_64-debian-gcc 0.8-14 4.47 14.01 18.48 NOTE
r-devel-linux-x86_64-fedora-clang 0.8-14 35.91 NOTE
r-devel-linux-x86_64-fedora-gcc 0.8-14 37.31 NOTE
r-devel-osx-x86_64-clang 0.8-14 43.31 NOTE
r-devel-windows-ix86+x86_64 0.8-14 18.00 32.00 50.00 NOTE
r-patched-linux-x86_64 0.8-14 4.77 14.98 19.75 OK
r-patched-solaris-sparc 0.8-14 257.90 OK
r-patched-solaris-x86 0.8-14 55.80 OK
r-release-linux-ix86 0.8-14 6.34 22.64 28.99 OK
r-release-linux-x86_64 0.8-14 4.50 14.78 19.28 OK
r-release-osx-x86_64-mavericks 0.8-14 OK
r-release-osx-x86_64-snowleopard 0.8-14 OK
r-release-windows-ix86+x86_64 0.8-14 15.00 33.00 48.00 OK
r-oldrel-windows-ix86+x86_64 0.8-14 16.00 33.00 49.00 OK

Check Details

Version: 0.8-14
Check: dependencies in R code
Result: NOTE
    'library' or 'require' call to ‘Biobase’ in package code.
     Please use :: or requireNamespace() instead.
     See section 'Suggested packages' in the 'Writing R Extensions' manual.
Flavors: r-devel-linux-x86_64-debian-clang, r-devel-linux-x86_64-debian-gcc, r-devel-linux-x86_64-fedora-clang, r-devel-linux-x86_64-fedora-gcc, r-devel-osx-x86_64-clang, r-devel-windows-ix86+x86_64