CRAN Package Check Results for Package amap

Last updated on 2014-07-25 03:49:42.

Flavor Version Tinstall Tcheck Ttotal Status Flags
r-devel-linux-x86_64-debian-clang 0.8-12 2.77 14.54 17.30 OK
r-devel-linux-x86_64-debian-gcc 0.8-12 4.56 14.16 18.72 OK
r-devel-linux-x86_64-fedora-clang 0.8-12 35.65 OK
r-devel-linux-x86_64-fedora-gcc 0.8-12 34.61 OK
r-devel-osx-x86_64-clang 0.8-12 40.77 OK
r-devel-windows-ix86+x86_64 0.8-12 16.00 31.00 47.00 OK
r-patched-linux-x86_64 0.8-12 4.55 14.60 19.15 OK
r-patched-solaris-sparc 0.8-12 207.90 OK
r-patched-solaris-x86 0.8-12 53.00 OK
r-release-linux-ix86 0.8-12 6.77 23.30 30.06 OK
r-release-linux-x86_64 0.8-12 4.60 14.75 19.35 OK
r-release-osx-x86_64-mavericks 0.8-12 NOTE
r-release-osx-x86_64-snowleopard 0.8-12 NOTE
r-release-windows-ix86+x86_64 0.8-12 19.00 32.00 51.00 OK
r-oldrel-windows-ix86+x86_64 0.8-12 15.00 33.00 48.00 OK

Check Details

Version: 0.8-12
Check: package dependencies
Result: NOTE
    Package suggested but not available for checking: ‘Biobase’
Flavors: r-release-osx-x86_64-mavericks, r-release-osx-x86_64-snowleopard

Version: 0.8-12
Check: R code for possible problems
Result: NOTE
    Kmeans: no visible global function definition for ‘exprs’
    hcluster: no visible global function definition for ‘exprs’
    hclusterpar: no visible global function definition for ‘exprs’
Flavors: r-release-osx-x86_64-mavericks, r-release-osx-x86_64-snowleopard