CRAN Package Check Results for Package amap

Last updated on 2014-04-23 12:48:13.

Flavor Version Tinstall Tcheck Ttotal Status Flags
r-devel-linux-x86_64-debian-clang 0.8-12 2.95 15.38 18.33 OK
r-devel-linux-x86_64-debian-gcc 0.8-12 3.62 15.16 18.78 OK
r-devel-linux-x86_64-fedora-clang 0.8-12 36.09 OK
r-devel-linux-x86_64-fedora-gcc 0.8-12 34.69 OK
r-devel-osx-x86_64-clang 0.8-12 38.03 OK
r-devel-osx-x86_64-gcc 0.8-12 NOTE
r-devel-windows-ix86+x86_64 0.8-12 14.00 30.00 44.00 OK
r-patched-linux-x86_64 0.8-12 3.62 15.30 18.92 OK
r-patched-solaris-sparc 0.8-12 207.90 OK
r-patched-solaris-x86 0.8-12 54.80 OK
r-release-linux-ix86 0.8-12 7.00 34.00 41.00 OK
r-release-linux-x86_64 0.8-12 3.68 15.41 19.10 OK
r-release-osx-x86_64-mavericks 0.8-12 NOTE
r-release-osx-x86_64-snowleopard 0.8-12 NOTE
r-release-windows-ix86+x86_64 0.8-12 28.00 41.00 69.00 OK
r-oldrel-windows-ix86+x86_64 0.8-12 15.00 33.00 48.00 OK

Check Details

Version: 0.8-12
Check: package dependencies
Result: NOTE
    Package suggested but not available for checking: ‘Biobase’
Flavors: r-devel-osx-x86_64-gcc, r-release-osx-x86_64-mavericks, r-release-osx-x86_64-snowleopard

Version: 0.8-12
Check: R code for possible problems
Result: NOTE
    Kmeans: no visible global function definition for ‘exprs’
    hcluster: no visible global function definition for ‘exprs’
    hclusterpar: no visible global function definition for ‘exprs’
Flavors: r-devel-osx-x86_64-gcc, r-release-osx-x86_64-mavericks, r-release-osx-x86_64-snowleopard