CRAN Package Check Results for Package amap

Last updated on 2014-10-22 13:48:33.

Flavor Version Tinstall Tcheck Ttotal Status Flags
r-devel-linux-x86_64-debian-clang 0.8-12 2.98 15.20 18.18 NOTE
r-devel-linux-x86_64-debian-gcc 0.8-12 4.59 15.31 19.90 NOTE
r-devel-linux-x86_64-fedora-clang 0.8-12 35.59 NOTE
r-devel-linux-x86_64-fedora-gcc 0.8-12 36.47 NOTE
r-devel-osx-x86_64-clang 0.8-12 41.60 NOTE
r-devel-windows-ix86+x86_64 0.8-12 15.00 30.00 45.00 NOTE
r-patched-linux-x86_64 0.8-12 4.66 15.30 19.96 NOTE
r-patched-solaris-sparc 0.8-12 218.00 NOTE
r-patched-solaris-x86 0.8-12 54.20 NOTE
r-release-linux-ix86 0.8-12 7.20 23.79 30.98 OK
r-release-linux-x86_64 0.8-12 4.54 15.73 20.27 OK
r-release-osx-x86_64-mavericks 0.8-12 NOTE
r-release-osx-x86_64-snowleopard 0.8-12 NOTE
r-release-windows-ix86+x86_64 0.8-12 19.00 32.00 51.00 OK
r-oldrel-windows-ix86+x86_64 0.8-12 15.00 33.00 48.00 OK

Check Details

Version: 0.8-12
Check: R code for possible problems
Result: NOTE
    Kmeans: no visible global function definition for ‘exprs’
    hcluster: no visible global function definition for ‘exprs’
    hclusterpar: no visible global function definition for ‘exprs’
Flavors: r-devel-linux-x86_64-debian-clang, r-devel-linux-x86_64-debian-gcc, r-devel-linux-x86_64-fedora-clang, r-devel-linux-x86_64-fedora-gcc, r-devel-osx-x86_64-clang, r-devel-windows-ix86+x86_64, r-patched-linux-x86_64, r-patched-solaris-sparc, r-patched-solaris-x86, r-release-osx-x86_64-mavericks, r-release-osx-x86_64-snowleopard

Version: 0.8-12
Check: package dependencies
Result: NOTE
    Package suggested but not available for checking: ‘Biobase’
Flavors: r-release-osx-x86_64-mavericks, r-release-osx-x86_64-snowleopard