CRAN Package Check Results for Package amap

Last updated on 2015-04-02 05:49:29.

Flavor Version Tinstall Tcheck Ttotal Status Flags
r-devel-linux-x86_64-debian-clang 0.8-14 3.02 14.25 17.27 NOTE
r-devel-linux-x86_64-debian-gcc 0.8-14 4.29 14.66 18.95 NOTE
r-devel-linux-x86_64-fedora-clang 0.8-14 34.05 NOTE
r-devel-linux-x86_64-fedora-gcc 0.8-14 35.15 NOTE
r-devel-osx-x86_64-clang 0.8-14 47.49 NOTE
r-prerel-windows-ix86+x86_64 0.8-14 25.00 31.00 56.00 NOTE
r-prerel-linux-x86_64 0.8-14 4.31 14.45 18.76 NOTE
r-prerel-solaris-sparc 0.8-14 263.30 NOTE
r-prerel-solaris-x86 0.8-14 52.70 NOTE
r-release-linux-x86_64 0.8-14 4.38 15.25 19.63 NOTE
r-release-osx-x86_64-mavericks 0.8-14 OK
r-release-osx-x86_64-snowleopard 0.8-14 OK
r-release-windows-ix86+x86_64 0.8-14 23.00 34.00 57.00 NOTE
r-oldrel-windows-ix86+x86_64 0.8-14 16.00 33.00 49.00 OK

Check Details

Version: 0.8-14
Check: dependencies in R code
Result: NOTE
    'library' or 'require' call to ‘Biobase’ in package code.
     Please use :: or requireNamespace() instead.
     See section 'Suggested packages' in the 'Writing R Extensions' manual.
Flavors: r-devel-linux-x86_64-debian-clang, r-devel-linux-x86_64-debian-gcc, r-devel-linux-x86_64-fedora-clang, r-devel-linux-x86_64-fedora-gcc, r-devel-osx-x86_64-clang, r-prerel-windows-ix86+x86_64, r-prerel-linux-x86_64, r-prerel-solaris-sparc, r-prerel-solaris-x86, r-release-linux-x86_64, r-release-windows-ix86+x86_64