CRAN Package Check Results for Package amap

Last updated on 2014-08-23 20:46:48.

Flavor Version Tinstall Tcheck Ttotal Status Flags
r-devel-linux-x86_64-debian-clang 0.8-12 2.79 14.36 17.15 NOTE
r-devel-linux-x86_64-debian-gcc 0.8-12 4.48 13.66 18.14 NOTE
r-devel-linux-x86_64-fedora-clang 0.8-12 32.88 NOTE
r-devel-linux-x86_64-fedora-gcc 0.8-12 32.74 NOTE
r-devel-osx-x86_64-clang 0.8-12 41.01 NOTE
r-devel-windows-ix86+x86_64 0.8-12 16.00 30.00 46.00 OK
r-patched-linux-x86_64 0.8-12 4.59 14.36 18.95 OK
r-patched-solaris-sparc 0.8-12 249.60 OK
r-patched-solaris-x86 0.8-12 53.70 OK
r-release-linux-ix86 0.8-12 7.09 23.06 30.15 OK
r-release-linux-x86_64 0.8-12 4.53 15.34 19.87 OK
r-release-osx-x86_64-mavericks 0.8-12 NOTE
r-release-osx-x86_64-snowleopard 0.8-12 NOTE
r-release-windows-ix86+x86_64 0.8-12 19.00 32.00 51.00 OK
r-oldrel-windows-ix86+x86_64 0.8-12 15.00 33.00 48.00 OK

Check Details

Version: 0.8-12
Check: R code for possible problems
Result: NOTE
    Kmeans: no visible global function definition for ‘exprs’
    hcluster: no visible global function definition for ‘exprs’
    hclusterpar: no visible global function definition for ‘exprs’
Flavors: r-devel-linux-x86_64-debian-clang, r-devel-linux-x86_64-debian-gcc, r-devel-linux-x86_64-fedora-clang, r-devel-linux-x86_64-fedora-gcc, r-devel-osx-x86_64-clang, r-release-osx-x86_64-mavericks, r-release-osx-x86_64-snowleopard

Version: 0.8-12
Check: package dependencies
Result: NOTE
    Package suggested but not available for checking: ‘Biobase’
Flavors: r-release-osx-x86_64-mavericks, r-release-osx-x86_64-snowleopard