CRAN Package Check Results for Package amap

Last updated on 2014-09-03 05:47:36.

Flavor Version Tinstall Tcheck Ttotal Status Flags
r-devel-linux-x86_64-debian-clang 0.8-12 2.83 13.71 16.54 NOTE
r-devel-linux-x86_64-debian-gcc 0.8-12 4.46 13.55 18.01 NOTE
r-devel-linux-x86_64-fedora-clang 0.8-12 34.34 NOTE
r-devel-linux-x86_64-fedora-gcc 0.8-12 33.36 NOTE
r-devel-osx-x86_64-clang 0.8-12 39.39 NOTE
r-devel-windows-ix86+x86_64 0.8-12 15.00 30.00 45.00 NOTE
r-patched-linux-x86_64 0.8-12 4.67 14.79 19.46 OK
r-patched-solaris-sparc 0.8-12 249.60 OK
r-patched-solaris-x86 0.8-12 53.80 OK
r-release-linux-ix86 0.8-12 7.14 23.50 30.64 OK
r-release-linux-x86_64 0.8-12 4.58 15.48 20.06 OK
r-release-osx-x86_64-mavericks 0.8-12 NOTE
r-release-osx-x86_64-snowleopard 0.8-12 NOTE
r-release-windows-ix86+x86_64 0.8-12 19.00 32.00 51.00 OK
r-oldrel-windows-ix86+x86_64 0.8-12 15.00 33.00 48.00 OK

Check Details

Version: 0.8-12
Check: R code for possible problems
Result: NOTE
    Kmeans: no visible global function definition for ‘exprs’
    hcluster: no visible global function definition for ‘exprs’
    hclusterpar: no visible global function definition for ‘exprs’
Flavors: r-devel-linux-x86_64-debian-clang, r-devel-linux-x86_64-debian-gcc, r-devel-linux-x86_64-fedora-clang, r-devel-linux-x86_64-fedora-gcc, r-devel-osx-x86_64-clang, r-devel-windows-ix86+x86_64, r-release-osx-x86_64-mavericks, r-release-osx-x86_64-snowleopard

Version: 0.8-12
Check: package dependencies
Result: NOTE
    Package suggested but not available for checking: ‘Biobase’
Flavors: r-release-osx-x86_64-mavericks, r-release-osx-x86_64-snowleopard