CRAN Package Check Results for Package amap

Last updated on 2015-05-03 11:47:28.

Flavor Version Tinstall Tcheck Ttotal Status Flags
r-devel-linux-x86_64-debian-clang 0.8-14 3.10 14.31 17.41 NOTE
r-devel-linux-x86_64-debian-gcc 0.8-14 4.45 14.94 19.39 NOTE
r-devel-linux-x86_64-fedora-clang 0.8-14 34.58 NOTE
r-devel-linux-x86_64-fedora-gcc 0.8-14 34.93 NOTE
r-devel-osx-x86_64-clang 0.8-14 41.65 NOTE
r-devel-windows-ix86+x86_64 0.8-14 18.00 30.00 48.00 NOTE
r-patched-linux-x86_64 0.8-14 4.44 14.65 19.09 NOTE
r-patched-solaris-sparc 0.8-14 263.30 NOTE
r-patched-solaris-x86 0.8-14 51.40 NOTE
r-release-linux-x86_64 0.8-14 4.34 14.42 18.76 NOTE
r-release-osx-x86_64-mavericks 0.8-14 NOTE
r-release-osx-x86_64-snowleopard 0.8-14 NOTE
r-release-windows-ix86+x86_64 0.8-14 13.00 34.00 47.00 NOTE
r-oldrel-windows-ix86+x86_64 0.8-14 23.00 34.00 57.00 NOTE

Check Details

Version: 0.8-14
Check: dependencies in R code
Result: NOTE
    'library' or 'require' call to ‘Biobase’ in package code.
     Please use :: or requireNamespace() instead.
     See section 'Suggested packages' in the 'Writing R Extensions' manual.
Flavors: r-devel-linux-x86_64-debian-clang, r-devel-linux-x86_64-debian-gcc, r-devel-linux-x86_64-fedora-clang, r-devel-linux-x86_64-fedora-gcc, r-devel-osx-x86_64-clang, r-devel-windows-ix86+x86_64, r-patched-linux-x86_64, r-patched-solaris-sparc, r-patched-solaris-x86, r-release-linux-x86_64, r-release-osx-x86_64-mavericks, r-release-osx-x86_64-snowleopard, r-release-windows-ix86+x86_64, r-oldrel-windows-ix86+x86_64

Version: 0.8-14
Check: package dependencies
Result: NOTE
    Package suggested but not available for checking: ‘Biobase’
Flavor: r-release-osx-x86_64-snowleopard