CRAN Package Check Results for Package amap

Last updated on 2015-07-30 11:48:27.

Flavor Version Tinstall Tcheck Ttotal Status Flags
r-devel-linux-x86_64-debian-clang 0.8-14 3.02 14.06 17.08 NOTE
r-devel-linux-x86_64-debian-gcc 0.8-14 4.54 14.24 18.77 NOTE
r-devel-linux-x86_64-fedora-clang 0.8-14 32.50 NOTE
r-devel-linux-x86_64-fedora-gcc 0.8-14 33.05 NOTE
r-devel-osx-x86_64-clang 0.8-14 35.68 NOTE
r-devel-windows-ix86+x86_64 0.8-14 19.00 31.00 50.00 NOTE
r-patched-linux-x86_64 0.8-14 4.34 14.54 18.87 NOTE
r-patched-solaris-sparc 0.8-14 217.80 NOTE
r-patched-solaris-x86 0.8-14 49.10 NOTE
r-release-linux-x86_64 0.8-14 4.51 14.19 18.70 NOTE
r-release-osx-x86_64-mavericks 0.8-14 NOTE
r-release-windows-ix86+x86_64 0.8-14 17.00 33.00 50.00 NOTE
r-oldrel-windows-ix86+x86_64 0.8-14 23.00 34.00 57.00 NOTE

Check Details

Version: 0.8-14
Check: dependencies in R code
Result: NOTE
    'library' or 'require' call to ‘Biobase’ in package code.
     Please use :: or requireNamespace() instead.
     See section 'Suggested packages' in the 'Writing R Extensions' manual.
Flavors: r-devel-linux-x86_64-debian-clang, r-devel-linux-x86_64-debian-gcc, r-devel-linux-x86_64-fedora-clang, r-devel-linux-x86_64-fedora-gcc, r-devel-osx-x86_64-clang, r-devel-windows-ix86+x86_64, r-patched-linux-x86_64, r-patched-solaris-sparc, r-patched-solaris-x86, r-release-linux-x86_64, r-release-osx-x86_64-mavericks, r-release-windows-ix86+x86_64, r-oldrel-windows-ix86+x86_64

Version: 0.8-14
Check: R code for possible problems
Result: NOTE
    acp : <anonymous>: no visible global function definition for ‘sd’
    acp: no visible binding for global variable ‘sd’
    acpgen : <anonymous>: no visible global function definition for ‘sd’
    acpgen: no visible global function definition for ‘var’
    acpgen: no visible binding for global variable ‘sd’
    acprob : <anonymous>: no visible global function definition for ‘sd’
    acprob: no visible binding for global variable ‘sd’
    biplot.acp: no visible global function definition for ‘plot.new’
    biplot.acp: no visible global function definition for ‘plot.window’
    biplot.acp: no visible global function definition for ‘axis’
    biplot.acp: no visible global function definition for ‘box’
    biplot.acp: no visible global function definition for ‘title’
    biplot.acp: no visible global function definition for ‘text’
    biplot.acp: no visible global function definition for ‘arrows’
    biplot.acp: no visible global function definition for ‘lines’
    pca : <anonymous>: no visible global function definition for ‘sd’
    pca: no visible binding for global variable ‘sd’
    plot.acp: no visible global function definition for ‘plot.new’
    plot.acp: no visible global function definition for ‘plot.window’
    plot.acp: no visible global function definition for ‘axis’
    plot.acp: no visible global function definition for ‘box’
    plot.acp: no visible global function definition for ‘title’
    plot.acp: no visible global function definition for ‘points’
    plot.acp: no visible global function definition for ‘par’
    plot2: no visible global function definition for ‘barplot’
    plotAll: no visible global function definition for ‘par’
    plotAll: no visible global function definition for ‘plot’
    plotAll: no visible global function definition for ‘biplot’
    Undefined global functions or variables:
     arrows axis barplot biplot box lines par plot plot.new plot.window
     points sd text title var
    Consider adding
     importFrom("graphics", "arrows", "axis", "barplot", "box", "lines",
     "par", "plot", "plot.new", "plot.window", "points", "text",
     "title")
     importFrom("stats", "biplot", "sd", "var")
    to your NAMESPACE.
Flavors: r-devel-linux-x86_64-debian-clang, r-devel-linux-x86_64-debian-gcc, r-devel-linux-x86_64-fedora-clang, r-devel-linux-x86_64-fedora-gcc, r-devel-windows-ix86+x86_64