CRAN Package Check Results for Package amber

Last updated on 2020-10-21 06:48:12 CEST.

Flavor Version Tinstall Tcheck Ttotal Status Flags
r-devel-linux-x86_64-debian-clang 1.0.3 14.28 133.69 147.97 OK
r-devel-linux-x86_64-debian-gcc 1.0.3 11.90 99.93 111.83 OK
r-devel-linux-x86_64-fedora-clang 1.0.3 179.44 NOTE
r-devel-linux-x86_64-fedora-gcc 1.0.3 172.24 NOTE
r-devel-windows-ix86+x86_64 1.0.3 19.00 134.00 153.00 NOTE
r-patched-linux-x86_64 1.0.3 12.11 125.52 137.63 OK
r-patched-solaris-x86 1.0.3 232.00 NOTE
r-release-linux-x86_64 1.0.3 12.52 126.84 139.36 OK
r-release-macos-x86_64 1.0.3 NOTE
r-release-windows-ix86+x86_64 1.0.3 23.00 169.00 192.00 NOTE
r-oldrel-macos-x86_64 1.0.3 NOTE
r-oldrel-windows-ix86+x86_64 1.0.3 14.00 123.00 137.00 NOTE

Check Details

Version: 1.0.3
Check: installed package size
Result: NOTE
     installed size is 9.7Mb
     sub-directories of 1Mb or more:
     extdata 8.4Mb
Flavors: r-devel-linux-x86_64-fedora-clang, r-devel-windows-ix86+x86_64, r-patched-solaris-x86, r-release-macos-x86_64, r-release-windows-ix86+x86_64, r-oldrel-macos-x86_64, r-oldrel-windows-ix86+x86_64

Version: 1.0.3
Check: dependencies in R code
Result: NOTE
    Namespace in Imports field not imported from: ‘rgdal’
     All declared Imports should be used.
Flavors: r-devel-linux-x86_64-fedora-clang, r-devel-linux-x86_64-fedora-gcc, r-patched-solaris-x86, r-release-macos-x86_64, r-oldrel-macos-x86_64