CRAN Package Check Results for Package amen

Last updated on 2016-12-04 18:47:11.

Flavor Version Tinstall Tcheck Ttotal Status Flags
r-devel-linux-x86_64-debian-clang 1.1 1.32 25.02 26.34 NOTE --no-vignettes
r-devel-linux-x86_64-debian-gcc 1.1 1.43 24.71 26.14 NOTE --no-vignettes
r-devel-linux-x86_64-fedora-clang 1.1 49.14 NOTE --no-build-vignettes --no-stop-on-test-error
r-devel-linux-x86_64-fedora-gcc 1.1 47.32 NOTE --no-build-vignettes
r-devel-macos-x86_64-clang 1.1 37.51 NOTE --no-build-vignettes
r-devel-windows-ix86+x86_64 1.1 6.00 56.00 62.00 NOTE --no-vignettes
r-patched-linux-x86_64 1.1 1.39 21.54 22.93 NOTE --no-vignettes
r-patched-solaris-sparc 1.1 242.80 NOTE --no-build-vignettes
r-patched-solaris-x86 1.1 48.20 NOTE --no-build-vignettes
r-release-linux-x86_64 1.1 1.40 21.46 22.86 NOTE --no-vignettes
r-release-osx-x86_64-mavericks 1.1 FAIL
r-release-windows-ix86+x86_64 1.1 8.00 40.00 48.00 NOTE --no-vignettes
r-oldrel-windows-ix86+x86_64 1.1 5.00 42.00 47.00 OK --no-vignettes

Check Details

Version: 1.1
Flags: --no-vignettes
Check: R code for possible problems
Result: NOTE
    addlines: no visible global function definition for ‘arrows’
    ame: no visible binding for global variable ‘var’
    ame : <anonymous>: no visible global function definition for ‘var’
    ame: no visible global function definition for ‘cov’
    ame: no visible global function definition for ‘rgamma’
    ame: no visible global function definition for ‘par’
    ame: no visible binding for global variable ‘median’
    ame: no visible global function definition for ‘matplot’
    ame: no visible global function definition for ‘abline’
    ame: no visible global function definition for ‘hist’
    ame_rep: no visible binding for global variable ‘var’
    ame_rep : <anonymous>: no visible global function definition for ‘var’
    ame_rep: no visible global function definition for ‘cov’
    ame_rep: no visible global function definition for ‘rgamma’
    ame_rep: no visible global function definition for ‘par’
    ame_rep: no visible binding for global variable ‘median’
    ame_rep: no visible global function definition for ‘matplot’
    ame_rep: no visible global function definition for ‘abline’
    ame_rep: no visible global function definition for ‘hist’
    circplot: no visible global function definition for ‘par’
    circplot: no visible global function definition for ‘plot’
    circplot: no visible global function definition for ‘segments’
    circplot: no visible global function definition for ‘text’
    circplot: no visible global function definition for ‘points’
    design_array : <anonymous>: no visible global function definition for
     ‘var’
    gofstats: no visible global function definition for ‘sd’
    gofstats: no visible global function definition for ‘cor’
    netplot: no visible global function definition for ‘plot’
    netplot: no visible global function definition for ‘points’
    netplot: no visible global function definition for ‘text’
    plot.ame: no visible global function definition for ‘par’
    plot.ame: no visible binding for global variable ‘median’
    plot.ame: no visible global function definition for ‘matplot’
    plot.ame: no visible global function definition for ‘abline’
    plot.ame: no visible global function definition for ‘hist’
    rUV_fc: no visible global function definition for ‘rnorm’
    rUV_rep_fc: no visible global function definition for ‘rnorm’
    rUV_sym_fc: no visible global function definition for ‘rgamma’
    rUV_sym_fc: no visible global function definition for ‘rnorm’
    rZ_bin_fc: no visible global function definition for ‘qnorm’
    rZ_bin_fc: no visible global function definition for ‘runif’
    rZ_bin_fc: no visible global function definition for ‘pnorm’
    rZ_bin_fc: no visible global function definition for ‘rnorm’
    rZ_cbin_fc: no visible global function definition for ‘qnorm’
    rZ_cbin_fc: no visible global function definition for ‘runif’
    rZ_cbin_fc: no visible global function definition for ‘pnorm’
    rZ_cbin_fc: no visible global function definition for ‘rnorm’
    rZ_frn_fc: no visible global function definition for ‘qnorm’
    rZ_frn_fc: no visible global function definition for ‘runif’
    rZ_frn_fc: no visible global function definition for ‘pnorm’
    rZ_frn_fc: no visible global function definition for ‘rnorm’
    rZ_nrm_fc: no visible global function definition for ‘rnorm’
    rZ_ord_fc: no visible global function definition for ‘qnorm’
    rZ_ord_fc: no visible global function definition for ‘runif’
    rZ_ord_fc: no visible global function definition for ‘pnorm’
    rZ_ord_fc: no visible global function definition for ‘rnorm’
    rZ_rrl_fc: no visible global function definition for ‘qnorm’
    rZ_rrl_fc: no visible global function definition for ‘runif’
    rZ_rrl_fc: no visible global function definition for ‘pnorm’
    rZ_rrl_fc: no visible global function definition for ‘rnorm’
    raSab_bin_fc: no visible global function definition for ‘qnorm’
    raSab_bin_fc: no visible global function definition for ‘runif’
    raSab_bin_fc: no visible global function definition for ‘pnorm’
    raSab_cbin_fc: no visible global function definition for ‘qnorm’
    raSab_cbin_fc: no visible global function definition for ‘runif’
    raSab_cbin_fc: no visible global function definition for ‘pnorm’
    raSab_frn_fc: no visible global function definition for ‘qnorm’
    raSab_frn_fc: no visible global function definition for ‘runif’
    raSab_frn_fc: no visible global function definition for ‘pnorm’
    rbeta_ab_fc: no visible global function definition for ‘rnorm’
    rbeta_ab_rep_fc: no visible global function definition for ‘rnorm’
    rmvnorm: no visible global function definition for ‘rnorm’
    rrho_mh: no visible global function definition for ‘cor’
    rrho_mh: no visible global function definition for ‘qnorm’
    rrho_mh: no visible global function definition for ‘runif’
    rrho_mh: no visible global function definition for ‘pnorm’
    rrho_mh_rep: no visible global function definition for ‘cor’
    rrho_mh_rep: no visible global function definition for ‘qnorm’
    rrho_mh_rep: no visible global function definition for ‘runif’
    rrho_mh_rep: no visible global function definition for ‘pnorm’
    rs2_fc: no visible global function definition for ‘rgamma’
    rs2_rep_fc: no visible global function definition for ‘rgamma’
    rwish: no visible global function definition for ‘rnorm’
    simY_ord: no visible global function definition for ‘quantile’
    simZ: no visible global function definition for ‘rnorm’
    sm2el: no visible global function definition for ‘var’
    summary.ame: no visible binding for global variable ‘sd’
    summary.ame: no visible global function definition for ‘pnorm’
    xnet: no visible binding for global variable ‘sd’
    zscores: no visible global function definition for ‘qnorm’
    Undefined global functions or variables:
     abline arrows cor cov hist matplot median par plot pnorm points qnorm
     quantile rgamma rnorm runif sd segments text var
    Consider adding
     importFrom("graphics", "abline", "arrows", "hist", "matplot", "par",
     "plot", "points", "segments", "text")
     importFrom("stats", "cor", "cov", "median", "pnorm", "qnorm",
     "quantile", "rgamma", "rnorm", "runif", "sd", "var")
    to your NAMESPACE file.
Flavors: r-devel-linux-x86_64-debian-clang, r-devel-linux-x86_64-debian-gcc, r-devel-windows-ix86+x86_64, r-patched-linux-x86_64, r-release-linux-x86_64, r-release-windows-ix86+x86_64

Version: 1.1
Flags: --no-build-vignettes --no-stop-on-test-error
Check: R code for possible problems
Result: NOTE
    addlines: no visible global function definition for ‘arrows’
    ame: no visible binding for global variable ‘var’
    ame : <anonymous>: no visible global function definition for ‘var’
    ame: no visible global function definition for ‘cov’
    ame: no visible global function definition for ‘rgamma’
    ame: no visible global function definition for ‘par’
    ame: no visible binding for global variable ‘median’
    ame: no visible global function definition for ‘matplot’
    ame: no visible global function definition for ‘abline’
    ame: no visible global function definition for ‘hist’
    ame_rep: no visible binding for global variable ‘var’
    ame_rep : <anonymous>: no visible global function definition for ‘var’
    ame_rep: no visible global function definition for ‘cov’
    ame_rep: no visible global function definition for ‘rgamma’
    ame_rep: no visible global function definition for ‘par’
    ame_rep: no visible binding for global variable ‘median’
    ame_rep: no visible global function definition for ‘matplot’
    ame_rep: no visible global function definition for ‘abline’
    ame_rep: no visible global function definition for ‘hist’
    circplot: no visible global function definition for ‘par’
    circplot: no visible global function definition for ‘plot’
    circplot: no visible global function definition for ‘segments’
    circplot: no visible global function definition for ‘text’
    circplot: no visible global function definition for ‘points’
    design_array : <anonymous>: no visible global function definition for
     ‘var’
    gofstats: no visible global function definition for ‘sd’
    gofstats: no visible global function definition for ‘cor’
    netplot: no visible global function definition for ‘plot’
    netplot: no visible global function definition for ‘points’
    netplot: no visible global function definition for ‘text’
    plot.ame: no visible global function definition for ‘par’
    plot.ame: no visible binding for global variable ‘median’
    plot.ame: no visible global function definition for ‘matplot’
    plot.ame: no visible global function definition for ‘abline’
    plot.ame: no visible global function definition for ‘hist’
    rUV_fc: no visible global function definition for ‘rnorm’
    rUV_rep_fc: no visible global function definition for ‘rnorm’
    rUV_sym_fc: no visible global function definition for ‘rgamma’
    rUV_sym_fc: no visible global function definition for ‘rnorm’
    rZ_bin_fc: no visible global function definition for ‘qnorm’
    rZ_bin_fc: no visible global function definition for ‘runif’
    rZ_bin_fc: no visible global function definition for ‘pnorm’
    rZ_bin_fc: no visible global function definition for ‘rnorm’
    rZ_cbin_fc: no visible global function definition for ‘qnorm’
    rZ_cbin_fc: no visible global function definition for ‘runif’
    rZ_cbin_fc: no visible global function definition for ‘pnorm’
    rZ_cbin_fc: no visible global function definition for ‘rnorm’
    rZ_frn_fc: no visible global function definition for ‘qnorm’
    rZ_frn_fc: no visible global function definition for ‘runif’
    rZ_frn_fc: no visible global function definition for ‘pnorm’
    rZ_frn_fc: no visible global function definition for ‘rnorm’
    rZ_nrm_fc: no visible global function definition for ‘rnorm’
    rZ_ord_fc: no visible global function definition for ‘qnorm’
    rZ_ord_fc: no visible global function definition for ‘runif’
    rZ_ord_fc: no visible global function definition for ‘pnorm’
    rZ_ord_fc: no visible global function definition for ‘rnorm’
    rZ_rrl_fc: no visible global function definition for ‘qnorm’
    rZ_rrl_fc: no visible global function definition for ‘runif’
    rZ_rrl_fc: no visible global function definition for ‘pnorm’
    rZ_rrl_fc: no visible global function definition for ‘rnorm’
    raSab_bin_fc: no visible global function definition for ‘qnorm’
    raSab_bin_fc: no visible global function definition for ‘runif’
    raSab_bin_fc: no visible global function definition for ‘pnorm’
    raSab_cbin_fc: no visible global function definition for ‘qnorm’
    raSab_cbin_fc: no visible global function definition for ‘runif’
    raSab_cbin_fc: no visible global function definition for ‘pnorm’
    raSab_frn_fc: no visible global function definition for ‘qnorm’
    raSab_frn_fc: no visible global function definition for ‘runif’
    raSab_frn_fc: no visible global function definition for ‘pnorm’
    rbeta_ab_fc: no visible global function definition for ‘rnorm’
    rbeta_ab_rep_fc: no visible global function definition for ‘rnorm’
    rmvnorm: no visible global function definition for ‘rnorm’
    rrho_mh: no visible global function definition for ‘cor’
    rrho_mh: no visible global function definition for ‘qnorm’
    rrho_mh: no visible global function definition for ‘runif’
    rrho_mh: no visible global function definition for ‘pnorm’
    rrho_mh_rep: no visible global function definition for ‘cor’
    rrho_mh_rep: no visible global function definition for ‘qnorm’
    rrho_mh_rep: no visible global function definition for ‘runif’
    rrho_mh_rep: no visible global function definition for ‘pnorm’
    rs2_fc: no visible global function definition for ‘rgamma’
    rs2_rep_fc: no visible global function definition for ‘rgamma’
    rwish: no visible global function definition for ‘rnorm’
    simY_ord: no visible global function definition for ‘quantile’
    simZ: no visible global function definition for ‘rnorm’
    sm2el: no visible global function definition for ‘var’
    summary.ame: no visible binding for global variable ‘sd’
    summary.ame: no visible global function definition for ‘pnorm’
    xnet: no visible binding for global variable ‘sd’
    zscores: no visible global function definition for ‘qnorm’
    Undefined global functions or variables:
     abline arrows cor cov hist matplot median par plot pnorm points qnorm
     quantile rgamma rnorm runif sd segments text var
    Consider adding
     importFrom("graphics", "abline", "arrows", "hist", "matplot", "par",
     "plot", "points", "segments", "text")
     importFrom("stats", "cor", "cov", "median", "pnorm", "qnorm",
     "quantile", "rgamma", "rnorm", "runif", "sd", "var")
    to your NAMESPACE file.
Flavor: r-devel-linux-x86_64-fedora-clang

Version: 1.1
Flags: --no-build-vignettes
Check: R code for possible problems
Result: NOTE
    addlines: no visible global function definition for ‘arrows’
    ame: no visible binding for global variable ‘var’
    ame : <anonymous>: no visible global function definition for ‘var’
    ame: no visible global function definition for ‘cov’
    ame: no visible global function definition for ‘rgamma’
    ame: no visible global function definition for ‘par’
    ame: no visible binding for global variable ‘median’
    ame: no visible global function definition for ‘matplot’
    ame: no visible global function definition for ‘abline’
    ame: no visible global function definition for ‘hist’
    ame_rep: no visible binding for global variable ‘var’
    ame_rep : <anonymous>: no visible global function definition for ‘var’
    ame_rep: no visible global function definition for ‘cov’
    ame_rep: no visible global function definition for ‘rgamma’
    ame_rep: no visible global function definition for ‘par’
    ame_rep: no visible binding for global variable ‘median’
    ame_rep: no visible global function definition for ‘matplot’
    ame_rep: no visible global function definition for ‘abline’
    ame_rep: no visible global function definition for ‘hist’
    circplot: no visible global function definition for ‘par’
    circplot: no visible global function definition for ‘plot’
    circplot: no visible global function definition for ‘segments’
    circplot: no visible global function definition for ‘text’
    circplot: no visible global function definition for ‘points’
    design_array : <anonymous>: no visible global function definition for
     ‘var’
    gofstats: no visible global function definition for ‘sd’
    gofstats: no visible global function definition for ‘cor’
    netplot: no visible global function definition for ‘plot’
    netplot: no visible global function definition for ‘points’
    netplot: no visible global function definition for ‘text’
    plot.ame: no visible global function definition for ‘par’
    plot.ame: no visible binding for global variable ‘median’
    plot.ame: no visible global function definition for ‘matplot’
    plot.ame: no visible global function definition for ‘abline’
    plot.ame: no visible global function definition for ‘hist’
    rUV_fc: no visible global function definition for ‘rnorm’
    rUV_rep_fc: no visible global function definition for ‘rnorm’
    rUV_sym_fc: no visible global function definition for ‘rgamma’
    rUV_sym_fc: no visible global function definition for ‘rnorm’
    rZ_bin_fc: no visible global function definition for ‘qnorm’
    rZ_bin_fc: no visible global function definition for ‘runif’
    rZ_bin_fc: no visible global function definition for ‘pnorm’
    rZ_bin_fc: no visible global function definition for ‘rnorm’
    rZ_cbin_fc: no visible global function definition for ‘qnorm’
    rZ_cbin_fc: no visible global function definition for ‘runif’
    rZ_cbin_fc: no visible global function definition for ‘pnorm’
    rZ_cbin_fc: no visible global function definition for ‘rnorm’
    rZ_frn_fc: no visible global function definition for ‘qnorm’
    rZ_frn_fc: no visible global function definition for ‘runif’
    rZ_frn_fc: no visible global function definition for ‘pnorm’
    rZ_frn_fc: no visible global function definition for ‘rnorm’
    rZ_nrm_fc: no visible global function definition for ‘rnorm’
    rZ_ord_fc: no visible global function definition for ‘qnorm’
    rZ_ord_fc: no visible global function definition for ‘runif’
    rZ_ord_fc: no visible global function definition for ‘pnorm’
    rZ_ord_fc: no visible global function definition for ‘rnorm’
    rZ_rrl_fc: no visible global function definition for ‘qnorm’
    rZ_rrl_fc: no visible global function definition for ‘runif’
    rZ_rrl_fc: no visible global function definition for ‘pnorm’
    rZ_rrl_fc: no visible global function definition for ‘rnorm’
    raSab_bin_fc: no visible global function definition for ‘qnorm’
    raSab_bin_fc: no visible global function definition for ‘runif’
    raSab_bin_fc: no visible global function definition for ‘pnorm’
    raSab_cbin_fc: no visible global function definition for ‘qnorm’
    raSab_cbin_fc: no visible global function definition for ‘runif’
    raSab_cbin_fc: no visible global function definition for ‘pnorm’
    raSab_frn_fc: no visible global function definition for ‘qnorm’
    raSab_frn_fc: no visible global function definition for ‘runif’
    raSab_frn_fc: no visible global function definition for ‘pnorm’
    rbeta_ab_fc: no visible global function definition for ‘rnorm’
    rbeta_ab_rep_fc: no visible global function definition for ‘rnorm’
    rmvnorm: no visible global function definition for ‘rnorm’
    rrho_mh: no visible global function definition for ‘cor’
    rrho_mh: no visible global function definition for ‘qnorm’
    rrho_mh: no visible global function definition for ‘runif’
    rrho_mh: no visible global function definition for ‘pnorm’
    rrho_mh_rep: no visible global function definition for ‘cor’
    rrho_mh_rep: no visible global function definition for ‘qnorm’
    rrho_mh_rep: no visible global function definition for ‘runif’
    rrho_mh_rep: no visible global function definition for ‘pnorm’
    rs2_fc: no visible global function definition for ‘rgamma’
    rs2_rep_fc: no visible global function definition for ‘rgamma’
    rwish: no visible global function definition for ‘rnorm’
    simY_ord: no visible global function definition for ‘quantile’
    simZ: no visible global function definition for ‘rnorm’
    sm2el: no visible global function definition for ‘var’
    summary.ame: no visible binding for global variable ‘sd’
    summary.ame: no visible global function definition for ‘pnorm’
    xnet: no visible binding for global variable ‘sd’
    zscores: no visible global function definition for ‘qnorm’
    Undefined global functions or variables:
     abline arrows cor cov hist matplot median par plot pnorm points qnorm
     quantile rgamma rnorm runif sd segments text var
    Consider adding
     importFrom("graphics", "abline", "arrows", "hist", "matplot", "par",
     "plot", "points", "segments", "text")
     importFrom("stats", "cor", "cov", "median", "pnorm", "qnorm",
     "quantile", "rgamma", "rnorm", "runif", "sd", "var")
    to your NAMESPACE file.
Flavors: r-devel-linux-x86_64-fedora-gcc, r-devel-macos-x86_64-clang, r-patched-solaris-sparc, r-patched-solaris-x86

Version: 1.1
Check: R code for possible problems
Result: NOTE
    addlines: no visible global function definition for ‘arrows’
    ame: no visible binding for global variable ‘var’
    ame : <anonymous>: no visible global function definition for ‘var’
    ame: no visible global function definition for ‘cov’
    ame: no visible global function definition for ‘rgamma’
    ame: no visible global function definition for ‘par’
    ame: no visible binding for global variable ‘median’
    ame: no visible global function definition for ‘matplot’
    ame: no visible global function definition for ‘abline’
    ame: no visible global function definition for ‘hist’
    ame_rep: no visible binding for global variable ‘var’
    ame_rep : <anonymous>: no visible global function definition for ‘var’
    ame_rep: no visible global function definition for ‘cov’
    ame_rep: no visible global function definition for ‘rgamma’
    ame_rep: no visible global function definition for ‘par’
    ame_rep: no visible binding for global variable ‘median’
    ame_rep: no visible global function definition for ‘matplot’
    ame_rep: no visible global function definition for ‘abline’
    ame_rep: no visible global function definition for ‘hist’
    circplot: no visible global function definition for ‘par’
    circplot: no visible global function definition for ‘plot’
    circplot: no visible global function definition for ‘segments’
    circplot: no visible global function definition for ‘text’
    circplot: no visible global function definition for ‘points’
    design_array : <anonymous>: no visible global function definition for
     ‘var’
    gofstats: no visible global function definition for ‘sd’
    gofstats: no visible global function definition for ‘cor’
    netplot: no visible global function definition for ‘plot’
    netplot: no visible global function definition for ‘points’
    netplot: no visible global function definition for ‘text’
    plot.ame: no visible global function definition for ‘par’
    plot.ame: no visible binding for global variable ‘median’
    plot.ame: no visible global function definition for ‘matplot’
    plot.ame: no visible global function definition for ‘abline’
    plot.ame: no visible global function definition for ‘hist’
    rUV_fc: no visible global function definition for ‘rnorm’
    rUV_rep_fc: no visible global function definition for ‘rnorm’
    rUV_sym_fc: no visible global function definition for ‘rgamma’
    rUV_sym_fc: no visible global function definition for ‘rnorm’
    rZ_bin_fc: no visible global function definition for ‘qnorm’
    rZ_bin_fc: no visible global function definition for ‘runif’
    rZ_bin_fc: no visible global function definition for ‘pnorm’
    rZ_bin_fc: no visible global function definition for ‘rnorm’
    rZ_cbin_fc: no visible global function definition for ‘qnorm’
    rZ_cbin_fc: no visible global function definition for ‘runif’
    rZ_cbin_fc: no visible global function definition for ‘pnorm’
    rZ_cbin_fc: no visible global function definition for ‘rnorm’
    rZ_frn_fc: no visible global function definition for ‘qnorm’
    rZ_frn_fc: no visible global function definition for ‘runif’
    rZ_frn_fc: no visible global function definition for ‘pnorm’
    rZ_frn_fc: no visible global function definition for ‘rnorm’
    rZ_nrm_fc: no visible global function definition for ‘rnorm’
    rZ_ord_fc: no visible global function definition for ‘qnorm’
    rZ_ord_fc: no visible global function definition for ‘runif’
    rZ_ord_fc: no visible global function definition for ‘pnorm’
    rZ_ord_fc: no visible global function definition for ‘rnorm’
    rZ_rrl_fc: no visible global function definition for ‘qnorm’
    rZ_rrl_fc: no visible global function definition for ‘runif’
    rZ_rrl_fc: no visible global function definition for ‘pnorm’
    rZ_rrl_fc: no visible global function definition for ‘rnorm’
    raSab_bin_fc: no visible global function definition for ‘qnorm’
    raSab_bin_fc: no visible global function definition for ‘runif’
    raSab_bin_fc: no visible global function definition for ‘pnorm’
    raSab_cbin_fc: no visible global function definition for ‘qnorm’
    raSab_cbin_fc: no visible global function definition for ‘runif’
    raSab_cbin_fc: no visible global function definition for ‘pnorm’
    raSab_frn_fc: no visible global function definition for ‘qnorm’
    raSab_frn_fc: no visible global function definition for ‘runif’
    raSab_frn_fc: no visible global function definition for ‘pnorm’
    rbeta_ab_fc: no visible global function definition for ‘rnorm’
    rbeta_ab_rep_fc: no visible global function definition for ‘rnorm’
    rmvnorm: no visible global function definition for ‘rnorm’
    rrho_mh: no visible global function definition for ‘cor’
    rrho_mh: no visible global function definition for ‘qnorm’
    rrho_mh: no visible global function definition for ‘runif’
    rrho_mh: no visible global function definition for ‘pnorm’
    rrho_mh_rep: no visible global function definition for ‘cor’
    rrho_mh_rep: no visible global function definition for ‘qnorm’
    rrho_mh_rep: no visible global function definition for ‘runif’
    rrho_mh_rep: no visible global function definition for ‘pnorm’
    rs2_fc: no visible global function definition for ‘rgamma’
    rs2_rep_fc: no visible global function definition for ‘rgamma’
    rwish: no visible global function definition for ‘rnorm’
    simY_ord: no visible global function definition for ‘quantile’
    simZ: no visible global function definition for ‘rnorm’
    sm2el: no visible global function definition for ‘var’
    summary.ame: no visible binding for global variable ‘sd’
    summary.ame: no visible global function definition for ‘pnorm’
    xnet: no visible binding for global variable ‘sd’
    zscores: no visible global function definition for ‘qnorm’
    Undefined global functions or variables:
     abline arrows cor cov hist matplot median par plot pnorm points qnorm
     quantile rgamma rnorm runif sd segments text var
    Consider adding
     importFrom("graphics", "abline", "arrows", "hist", "matplot", "par",
     "plot", "points", "segments", "text")
     importFrom("stats", "cor", "cov", "median", "pnorm", "qnorm",
     "quantile", "rgamma", "rnorm", "runif", "sd", "var")
    to your NAMESPACE file.
Flavor: r-release-osx-x86_64-mavericks

Version: 1.1
Check: re-building of vignette outputs
Result: WARN
    Error in re-building vignettes:
     ...
    Loading required package: network
    network: Classes for Relational Data
    Version 1.13.0 created on 2015-08-31.
    copyright (c) 2005, Carter T. Butts, University of California-Irvine
     Mark S. Handcock, University of California -- Los Angeles
     David R. Hunter, Penn State University
     Martina Morris, University of Washington
     Skye Bender-deMoll, University of Washington
     For citation information, type citation("network").
     Type help("network-package") to get started.
    
    
    Execution halted
Flavor: r-release-osx-x86_64-mavericks

Version: 1.1
Check: PDF version of manual
Result: FAIL
    
Flavor: r-release-osx-x86_64-mavericks