CRAN Package Check Results for Package amen

Last updated on 2014-04-24 17:49:39.

Flavor Version Tinstall Tcheck Ttotal Status Flags
r-devel-linux-x86_64-debian-clang 0.999 0.94 16.62 17.56 OK
r-devel-linux-x86_64-debian-gcc 0.999 0.86 16.82 17.68 OK
r-devel-linux-x86_64-fedora-clang 0.999 35.36 OK
r-devel-linux-x86_64-fedora-gcc 0.999 32.85 OK
r-devel-osx-x86_64-clang 0.999 31.87 OK
r-devel-osx-x86_64-gcc 0.999 OK
r-devel-windows-ix86+x86_64 0.999 2.00 26.00 28.00 OK
r-patched-linux-x86_64 0.999 0.88 16.78 17.66 OK
r-patched-solaris-sparc 0.999 191.90 OK
r-patched-solaris-x86 0.999 47.00 OK
r-release-linux-ix86 0.999 2.00 31.00 33.00 OK
r-release-linux-x86_64 0.999 0.88 17.02 17.89 OK
r-release-osx-x86_64-mavericks 0.999 WARN
r-release-osx-x86_64-snowleopard 0.999 OK
r-release-windows-ix86+x86_64 0.999 3.00 26.00 29.00 OK
r-oldrel-windows-ix86+x86_64 0.999 3.00 28.00 31.00 OK

Check Details

Version: 0.999
Check: PDF version of manual
Result: WARNING
    LaTeX errors when creating PDF version.
    This typically indicates Rd problems.
    LaTeX errors found:
    ! LaTeX Error: File `upquote.sty' not found.
    
    Type X to quit or <RETURN> to proceed,
    or enter new name. (Default extension: sty)
    
    4e0777e/Rd2.tex:8: ==> Fatal error occurred, no output PDF file produced!
Flavor: r-release-osx-x86_64-mavericks