CRAN Package Check Results for Package amen

Last updated on 2014-08-29 21:47:33.

Flavor Version Tinstall Tcheck Ttotal Status Flags
r-devel-linux-x86_64-debian-clang 0.999 0.82 15.76 16.58 NOTE
r-devel-linux-x86_64-debian-gcc 0.999 0.83 15.72 16.56 NOTE
r-devel-linux-x86_64-fedora-clang 0.999 33.55 NOTE
r-devel-linux-x86_64-fedora-gcc 0.999 31.13 NOTE
r-devel-osx-x86_64-clang 0.999 35.08 NOTE
r-devel-windows-ix86+x86_64 0.999 3.00 24.00 27.00 NOTE
r-patched-linux-x86_64 0.999 0.83 15.96 16.78 OK
r-patched-solaris-sparc 0.999 227.20 OK
r-patched-solaris-x86 0.999 46.00 OK
r-release-linux-ix86 0.999 1.27 23.01 24.28 OK
r-release-linux-x86_64 0.999 0.91 16.27 17.18 OK
r-release-osx-x86_64-mavericks 0.999 OK
r-release-osx-x86_64-snowleopard 0.999 OK
r-release-windows-ix86+x86_64 0.999 3.00 31.00 34.00 OK
r-oldrel-windows-ix86+x86_64 0.999 3.00 32.00 35.00 OK

Check Details

Version: 0.999
Check: R code for possible problems
Result: NOTE
    ame: no visible global function definition for ‘effectiveSize’
Flavors: r-devel-linux-x86_64-debian-clang, r-devel-linux-x86_64-debian-gcc, r-devel-linux-x86_64-fedora-clang, r-devel-linux-x86_64-fedora-gcc, r-devel-osx-x86_64-clang, r-devel-windows-ix86+x86_64