CRAN Package Check Results for Package amen

Last updated on 2014-12-20 12:47:21.

Flavor Version Tinstall Tcheck Ttotal Status Flags
r-devel-linux-x86_64-debian-clang 0.999 0.91 16.39 17.30 NOTE
r-devel-linux-x86_64-debian-gcc 0.999 0.87 15.63 16.50 NOTE
r-devel-linux-x86_64-fedora-clang 0.999 35.27 NOTE
r-devel-linux-x86_64-fedora-gcc 0.999 31.87 NOTE
r-devel-osx-x86_64-clang 0.999 34.78 NOTE
r-devel-windows-ix86+x86_64 0.999 4.00 28.00 32.00 NOTE
r-patched-linux-x86_64 0.999 0.98 16.23 17.21 NOTE
r-patched-solaris-sparc 0.999 185.80 NOTE
r-patched-solaris-x86 0.999 47.60 NOTE
r-release-linux-ix86 0.999 1.18 21.81 22.99 NOTE
r-release-linux-x86_64 0.999 1.24 16.02 17.26 NOTE
r-release-osx-x86_64-mavericks 0.999 OK
r-release-osx-x86_64-snowleopard 0.999 OK
r-release-windows-ix86+x86_64 0.999 3.00 28.00 31.00 NOTE
r-oldrel-windows-ix86+x86_64 0.999 3.00 31.00 34.00 OK

Check Details

Version: 0.999
Check: R code for possible problems
Result: NOTE
    ame: no visible global function definition for ‘effectiveSize’
Flavors: r-devel-linux-x86_64-debian-clang, r-devel-linux-x86_64-debian-gcc, r-devel-linux-x86_64-fedora-clang, r-devel-linux-x86_64-fedora-gcc, r-devel-osx-x86_64-clang, r-devel-windows-ix86+x86_64, r-patched-linux-x86_64, r-patched-solaris-sparc, r-patched-solaris-x86, r-release-linux-ix86, r-release-linux-x86_64, r-release-windows-ix86+x86_64