CRAN Package Check Results for Package amen

Last updated on 2017-10-17 01:47:46.

Flavor Version Tinstall Tcheck Ttotal Status Flags
r-devel-linux-x86_64-debian-clang 1.3 1.39 26.46 27.85 OK --no-vignettes
r-devel-linux-x86_64-debian-gcc 1.3 2.05 27.83 29.88 OK --no-vignettes
r-devel-linux-x86_64-fedora-clang 1.3 50.37 OK --no-build-vignettes
r-devel-linux-x86_64-fedora-gcc 1.3 50.47 OK --no-build-vignettes
r-devel-windows-ix86+x86_64 1.3 9.00 59.00 68.00 OK --no-vignettes
r-patched-linux-x86_64 1.3 1.47 26.19 27.65 OK --no-vignettes
r-patched-solaris-x86 1.3 61.20 OK --no-build-vignettes
r-release-linux-x86_64 1.3 1.34 25.44 26.78 OK --no-vignettes
r-release-windows-ix86+x86_64 1.3 8.00 43.00 51.00 OK --no-vignettes
r-release-osx-x86_64 1.3 FAIL
r-oldrel-windows-ix86+x86_64 1.3 7.00 54.00 61.00 OK --no-vignettes
r-oldrel-osx-x86_64 1.3 FAIL

Check Details

Version: 1.3
Check: re-building of vignette outputs
Result: WARN
    Error in re-building vignettes:
     ...
    Warning: running command 'kpsewhich framed.sty' had status 1
    Warning in test_latex_pkg("framed", system.file("misc", "framed.sty", package = "knitr")) :
     unable to find LaTeX package 'framed'; will use a copy from knitr
    Loading required package: network
    network: Classes for Relational Data
    Version 1.13.0 created on 2015-08-31.
    copyright (c) 2005, Carter T. Butts, University of California-Irvine
     Mark S. Handcock, University of California -- Los Angeles
     David R. Hunter, Penn State University
     Martina Morris, University of Washington
     Skye Bender-deMoll, University of Washington
     For citation information, type citation("network").
     Type help("network-package") to get started.
    
    
    Execution halted
Flavor: r-release-osx-x86_64

Version: 1.3
Check: PDF version of manual
Result: FAIL
    
Flavors: r-release-osx-x86_64, r-oldrel-osx-x86_64

Version: 1.3
Check: re-building of vignette outputs
Result: WARN
    Error in re-building vignettes:
     ...
    Loading required package: network
    network: Classes for Relational Data
    Version 1.13.0 created on 2015-08-31.
    copyright (c) 2005, Carter T. Butts, University of California-Irvine
     Mark S. Handcock, University of California -- Los Angeles
     David R. Hunter, Penn State University
     Martina Morris, University of Washington
     Skye Bender-deMoll, University of Washington
     For citation information, type citation("network").
     Type help("network-package") to get started.
    
    
    Execution halted
Flavor: r-oldrel-osx-x86_64