CRAN Package Check Results for Package amen

Last updated on 2017-08-18 00:49:46.

Flavor Version Tinstall Tcheck Ttotal Status Flags
r-devel-linux-x86_64-debian-clang 1.3 1.28 27.29 28.57 OK --no-vignettes
r-devel-linux-x86_64-debian-gcc 1.3 1.43 26.34 27.77 OK --no-vignettes
r-devel-linux-x86_64-fedora-clang 1.3 48.61 OK --no-build-vignettes
r-devel-linux-x86_64-fedora-gcc 1.3 49.26 OK --no-build-vignettes
r-devel-windows-ix86+x86_64 1.3 8.00 61.00 69.00 OK --no-vignettes
r-patched-linux-x86_64 1.3 1.31 26.53 27.84 OK --no-vignettes
r-patched-solaris-x86 1.3 60.40 OK --no-build-vignettes
r-release-linux-x86_64 1.3 1.33 26.21 27.54 OK --no-vignettes
r-release-windows-ix86+x86_64 1.3 5.00 47.00 52.00 OK --no-vignettes
r-release-osx-x86_64 1.3 FAIL
r-oldrel-windows-ix86+x86_64 1.3 5.00 54.00 59.00 OK --no-vignettes
r-oldrel-osx-x86_64 1.3 FAIL

Check Details

Version: 1.3
Check: re-building of vignette outputs
Result: WARN
    Error in re-building vignettes:
     ...
    Warning: running command 'kpsewhich framed.sty' had status 1
    Warning in test_latex_pkg("framed", system.file("misc", "framed.sty", package = "knitr")) :
     unable to find LaTeX package 'framed'; will use a copy from knitr
    Loading required package: network
    network: Classes for Relational Data
    Version 1.13.0 created on 2015-08-31.
    copyright (c) 2005, Carter T. Butts, University of California-Irvine
     Mark S. Handcock, University of California -- Los Angeles
     David R. Hunter, Penn State University
     Martina Morris, University of Washington
     Skye Bender-deMoll, University of Washington
     For citation information, type citation("network").
     Type help("network-package") to get started.
    
    
    Execution halted
Flavor: r-release-osx-x86_64

Version: 1.3
Check: PDF version of manual
Result: FAIL
    
Flavors: r-release-osx-x86_64, r-oldrel-osx-x86_64

Version: 1.3
Check: re-building of vignette outputs
Result: WARN
    Error in re-building vignettes:
     ...
    Loading required package: network
    network: Classes for Relational Data
    Version 1.13.0 created on 2015-08-31.
    copyright (c) 2005, Carter T. Butts, University of California-Irvine
     Mark S. Handcock, University of California -- Los Angeles
     David R. Hunter, Penn State University
     Martina Morris, University of Washington
     Skye Bender-deMoll, University of Washington
     For citation information, type citation("network").
     Type help("network-package") to get started.
    
    
    Execution halted
Flavor: r-oldrel-osx-x86_64