CRAN Package Check Results for Package amen

Last updated on 2015-01-30 23:48:39.

Flavor Version Tinstall Tcheck Ttotal Status Flags
r-devel-linux-x86_64-debian-clang 0.999 1.22 14.90 16.12 NOTE
r-devel-linux-x86_64-debian-gcc 0.999 0.84 15.45 16.29 NOTE
r-devel-linux-x86_64-fedora-clang 0.999 33.90 NOTE
r-devel-linux-x86_64-fedora-gcc 0.999 33.41 NOTE
r-devel-osx-x86_64-clang 0.999 34.90 NOTE
r-devel-windows-ix86+x86_64 0.999 5.00 25.00 30.00 NOTE
r-patched-linux-x86_64 0.999 0.99 16.26 17.24 NOTE
r-patched-solaris-sparc 0.999 207.50 NOTE
r-patched-solaris-x86 0.999 47.70 NOTE
r-release-linux-ix86 0.999 1.20 21.71 22.91 NOTE
r-release-linux-x86_64 0.999 0.85 16.54 17.39 NOTE
r-release-osx-x86_64-mavericks 0.999 NOTE
r-release-osx-x86_64-snowleopard 0.999 OK
r-release-windows-ix86+x86_64 0.999 3.00 28.00 31.00 NOTE
r-oldrel-windows-ix86+x86_64 0.999 3.00 44.00 47.00 OK

Check Details

Version: 0.999
Check: dependencies in R code
Result: NOTE
    'library' or 'require' call to ‘coda’ in package code.
     Please use :: or requireNamespace() instead.
     See section 'Suggested packages' in the 'Writing R Extensions' manual.
Flavors: r-devel-linux-x86_64-debian-clang, r-devel-linux-x86_64-debian-gcc, r-devel-linux-x86_64-fedora-clang, r-devel-linux-x86_64-fedora-gcc, r-devel-osx-x86_64-clang, r-devel-windows-ix86+x86_64

Version: 0.999
Check: S3 generic/method consistency
Result: NOTE
    Found the following apparent S3 methods exported but not registered:
     summary.ame plot.ame
    See section ‘Registering S3 methods’ in the ‘Writing R Extensions’
    manual.
Flavors: r-devel-linux-x86_64-debian-clang, r-devel-linux-x86_64-debian-gcc, r-devel-linux-x86_64-fedora-clang, r-devel-linux-x86_64-fedora-gcc, r-devel-osx-x86_64-clang

Version: 0.999
Check: R code for possible problems
Result: NOTE
    ame: no visible global function definition for ‘effectiveSize’
Flavors: r-devel-linux-x86_64-debian-clang, r-devel-linux-x86_64-debian-gcc, r-devel-linux-x86_64-fedora-clang, r-devel-linux-x86_64-fedora-gcc, r-devel-osx-x86_64-clang, r-devel-windows-ix86+x86_64, r-patched-linux-x86_64, r-patched-solaris-sparc, r-patched-solaris-x86, r-release-linux-ix86, r-release-linux-x86_64, r-release-osx-x86_64-mavericks, r-release-windows-ix86+x86_64