CRAN Package Check Results for Package amen

Last updated on 2017-12-16 05:47:39 CET.

Flavor Version Tinstall Tcheck Ttotal Status Flags
r-devel-linux-x86_64-debian-clang 1.3 1.63 39.44 41.07 OK --no-vignettes
r-devel-linux-x86_64-debian-gcc 1.3 1.48 31.31 32.79 OK --no-vignettes
r-devel-linux-x86_64-fedora-clang 1.3 48.17 OK --no-build-vignettes
r-devel-linux-x86_64-fedora-gcc 1.3 46.85 OK --no-build-vignettes
r-devel-windows-ix86+x86_64 1.3 8.00 60.00 68.00 OK --no-vignettes
r-patched-linux-x86_64 1.3 1.77 38.76 40.53 OK --no-vignettes
r-patched-solaris-x86 1.3 62.20 OK --no-build-vignettes
r-release-linux-x86_64 1.3 1.60 37.93 39.53 OK --no-vignettes
r-release-windows-ix86+x86_64 1.3 4.00 66.00 70.00 OK --no-vignettes
r-release-osx-x86_64 1.3 FAIL
r-oldrel-windows-ix86+x86_64 1.3 6.00 52.00 58.00 OK --no-vignettes
r-oldrel-osx-x86_64 1.3 FAIL

Check Details

Version: 1.3
Check: re-building of vignette outputs
Result: WARN
    Error in re-building vignettes:
     ...
    Loading required package: network
    network: Classes for Relational Data
    Version 1.13.0 created on 2015-08-31.
    copyright (c) 2005, Carter T. Butts, University of California-Irvine
     Mark S. Handcock, University of California -- Los Angeles
     David R. Hunter, Penn State University
     Martina Morris, University of Washington
     Skye Bender-deMoll, University of Washington
     For citation information, type citation("network").
     Type help("network-package") to get started.
    
    
    Execution halted
Flavors: r-release-osx-x86_64, r-oldrel-osx-x86_64

Version: 1.3
Check: PDF version of manual
Result: FAIL
    
Flavors: r-release-osx-x86_64, r-oldrel-osx-x86_64