CRAN Package Check Results for Package amen

Last updated on 2018-05-21 04:48:50 CEST.

Flavor Version Tinstall Tcheck Ttotal Status Flags
r-devel-linux-x86_64-debian-clang 1.3 4.63 33.13 37.76 OK --no-vignettes
r-devel-linux-x86_64-debian-gcc 1.3 3.18 29.29 32.47 OK --no-vignettes
r-devel-linux-x86_64-fedora-clang 1.3 54.94 OK --no-build-vignettes
r-devel-linux-x86_64-fedora-gcc 1.3 51.25 OK --no-build-vignettes
r-devel-windows-ix86+x86_64 1.3 11.00 65.00 76.00 OK --no-vignettes
r-patched-linux-x86_64 1.3 5.06 37.49 42.55 OK --no-vignettes
r-patched-solaris-x86 1.3 72.10 OK --no-build-vignettes
r-release-linux-x86_64 1.3 5.21 36.64 41.85 OK --no-vignettes
r-release-windows-ix86+x86_64 1.3 8.00 45.00 53.00 OK --no-vignettes
r-release-osx-x86_64 1.3 FAIL
r-oldrel-windows-ix86+x86_64 1.3 4.00 58.00 62.00 OK --no-vignettes
r-oldrel-osx-x86_64 1.3 FAIL

Check Details

Version: 1.3
Check: re-building of vignette outputs
Result: WARN
    Error in re-building vignettes:
     ...
    Loading required package: network
    network: Classes for Relational Data
    Version 1.13.0.1 created on 2015-08-31.
    copyright (c) 2005, Carter T. Butts, University of California-Irvine
     Mark S. Handcock, University of California -- Los Angeles
     David R. Hunter, Penn State University
     Martina Morris, University of Washington
     Skye Bender-deMoll, University of Washington
     For citation information, type citation("network").
     Type help("network-package") to get started.
    
    
    Execution halted
Flavors: r-release-osx-x86_64, r-oldrel-osx-x86_64

Version: 1.3
Check: PDF version of manual
Result: FAIL
    
Flavors: r-release-osx-x86_64, r-oldrel-osx-x86_64