CRAN Package Check Results for Package amen

Last updated on 2014-10-30 12:51:27.

Flavor Version Tinstall Tcheck Ttotal Status Flags
r-devel-linux-x86_64-debian-clang 0.999 0.84 16.07 16.92 NOTE
r-devel-linux-x86_64-debian-gcc 0.999 0.86 16.02 16.88 NOTE
r-devel-linux-x86_64-fedora-clang 0.999 33.51 NOTE
r-devel-linux-x86_64-fedora-gcc 0.999 31.37 NOTE
r-devel-osx-x86_64-clang 0.999 34.59 NOTE
r-devel-windows-ix86+x86_64 0.999 2.00 26.00 28.00 NOTE
r-patched-linux-x86_64 0.999 0.87 16.78 17.65 NOTE
r-patched-solaris-sparc 0.999 185.80 NOTE
r-patched-solaris-x86 0.999 47.50 NOTE
r-release-linux-ix86 0.999 1.26 23.03 24.30 OK
r-release-linux-x86_64 0.999 0.85 16.74 17.58 OK
r-release-osx-x86_64-mavericks 0.999 OK
r-release-osx-x86_64-snowleopard 0.999 OK
r-release-windows-ix86+x86_64 0.999 2.00 27.00 29.00 OK
r-oldrel-windows-ix86+x86_64 0.999 3.00 27.00 30.00 OK

Check Details

Version: 0.999
Check: R code for possible problems
Result: NOTE
    ame: no visible global function definition for ‘effectiveSize’
Flavors: r-devel-linux-x86_64-debian-clang, r-devel-linux-x86_64-debian-gcc, r-devel-linux-x86_64-fedora-clang, r-devel-linux-x86_64-fedora-gcc, r-devel-osx-x86_64-clang, r-devel-windows-ix86+x86_64, r-patched-linux-x86_64, r-patched-solaris-sparc, r-patched-solaris-x86