CRAN Package Check Results for Package amen

Last updated on 2014-09-01 23:46:36.

Flavor Version Tinstall Tcheck Ttotal Status Flags
r-devel-linux-x86_64-debian-clang 0.999 0.83 15.46 16.29 NOTE
r-devel-linux-x86_64-debian-gcc 0.999 0.80 15.36 16.16 NOTE
r-devel-linux-x86_64-fedora-clang 0.999 33.55 NOTE
r-devel-linux-x86_64-fedora-gcc 0.999 30.94 NOTE
r-devel-osx-x86_64-clang 0.999 34.89 NOTE
r-devel-windows-ix86+x86_64 0.999 3.00 27.00 30.00 NOTE
r-patched-linux-x86_64 0.999 0.82 15.91 16.73 OK
r-patched-solaris-sparc 0.999 227.20 OK
r-patched-solaris-x86 0.999 46.00 OK
r-release-linux-ix86 0.999 1.27 22.75 24.02 OK
r-release-linux-x86_64 0.999 0.85 16.20 17.05 OK
r-release-osx-x86_64-mavericks 0.999 OK
r-release-osx-x86_64-snowleopard 0.999 OK
r-release-windows-ix86+x86_64 0.999 2.00 45.00 47.00 OK
r-oldrel-windows-ix86+x86_64 0.999 5.00 28.00 33.00 OK

Check Details

Version: 0.999
Check: R code for possible problems
Result: NOTE
    ame: no visible global function definition for ‘effectiveSize’
Flavors: r-devel-linux-x86_64-debian-clang, r-devel-linux-x86_64-debian-gcc, r-devel-linux-x86_64-fedora-clang, r-devel-linux-x86_64-fedora-gcc, r-devel-osx-x86_64-clang, r-devel-windows-ix86+x86_64