CRAN Package Check Results for Package amerika

Last updated on 2024-03-01 10:52:54 CET.

Flavor Version Tinstall Tcheck Ttotal Status Flags
r-devel-linux-x86_64-debian-clang 0.1.0 1.98 19.68 21.66 NOTE
r-devel-linux-x86_64-debian-gcc 0.1.0 1.58 15.47 17.05 NOTE
r-devel-linux-x86_64-fedora-clang 0.1.0 26.77 NOTE
r-devel-linux-x86_64-fedora-gcc 0.1.0 26.43 NOTE
r-devel-windows-x86_64 0.1.0 2.00 35.00 37.00 NOTE
r-patched-linux-x86_64 0.1.0 1.58 19.45 21.03 NOTE
r-release-linux-x86_64 0.1.0 1.52 19.18 20.70 NOTE
r-release-macos-arm64 0.1.0 15.00 NOTE
r-release-macos-x86_64 0.1.0 19.00 NOTE
r-release-windows-x86_64 0.1.0 3.00 35.00 38.00 NOTE
r-oldrel-macos-arm64 0.1.0 15.00 NOTE
r-oldrel-windows-x86_64 0.1.0 5.00 40.00 45.00 NOTE

Check Details

Version: 0.1.0
Check: LazyData
Result: NOTE 'LazyData' is specified without a 'data' directory Flavors: r-devel-linux-x86_64-debian-clang, r-devel-linux-x86_64-debian-gcc, r-devel-linux-x86_64-fedora-clang, r-devel-linux-x86_64-fedora-gcc, r-devel-windows-x86_64, r-patched-linux-x86_64, r-release-linux-x86_64, r-release-macos-arm64, r-release-macos-x86_64, r-release-windows-x86_64, r-oldrel-macos-arm64, r-oldrel-windows-x86_64