CRAN Package Check Results for Package ampd

Last updated on 2025-01-16 19:48:20 CET.

Flavor Version Tinstall Tcheck Ttotal Status Flags
r-devel-linux-x86_64-debian-clang 0.2 1.58 16.30 17.88 OK
r-devel-linux-x86_64-debian-gcc 0.2 1.23 13.44 14.67 OK
r-devel-linux-x86_64-fedora-clang 0.2 29.83 OK
r-devel-linux-x86_64-fedora-gcc 0.2 28.37 OK
r-devel-windows-x86_64 0.2 3.00 35.00 38.00 OK
r-patched-linux-x86_64 0.2 1.90 15.45 17.35 NOTE
r-release-linux-x86_64 0.2 1.52 15.58 17.10 NOTE
r-release-macos-arm64 0.2 14.00 NOTE
r-release-macos-x86_64 0.2 19.00 NOTE
r-release-windows-x86_64 0.2 3.00 34.00 37.00 NOTE
r-oldrel-macos-arm64 0.2 15.00 NOTE
r-oldrel-macos-x86_64 0.2 18.00 NOTE
r-oldrel-windows-x86_64 0.2 2.00 33.00 35.00 NOTE

Check Details

Version: 0.2
Check: LazyData
Result: NOTE 'LazyData' is specified without a 'data' directory Flavors: r-patched-linux-x86_64, r-release-linux-x86_64, r-release-macos-arm64, r-release-macos-x86_64, r-release-windows-x86_64, r-oldrel-macos-arm64, r-oldrel-macos-x86_64, r-oldrel-windows-x86_64