Last updated on 2023-09-26 08:04:06 CEST.
Flavor | Version | Tinstall | Tcheck | Ttotal | Status | Flags |
---|---|---|---|---|---|---|
r-devel-linux-x86_64-debian-clang | 1.1.0 | 37.82 | 184.31 | 222.13 | OK | |
r-devel-linux-x86_64-debian-gcc | 1.1.0 | 25.70 | 133.60 | 159.30 | OK | |
r-devel-linux-x86_64-fedora-clang | 1.1.0 | 272.22 | NOTE | |||
r-devel-linux-x86_64-fedora-gcc | 1.1.0 | 284.61 | NOTE | |||
r-devel-windows-x86_64 | 1.1.0 | 32.00 | 153.00 | 185.00 | OK | |
r-patched-linux-x86_64 | 1.1.0 | 24.52 | 172.22 | 196.74 | OK | |
r-release-linux-x86_64 | 1.1.0 | 25.27 | 174.92 | 200.19 | OK | |
r-release-macos-arm64 | 1.1.0 | 84.00 | OK | |||
r-release-macos-x86_64 | 1.1.0 | 138.00 | OK | |||
r-release-windows-x86_64 | 1.1.0 | 42.00 | 189.00 | 231.00 | OK | |
r-oldrel-macos-arm64 | 1.1.0 | 63.00 | NOTE | |||
r-oldrel-macos-x86_64 | 1.1.0 | 115.00 | NOTE | |||
r-oldrel-windows-x86_64 | 1.1.0 | 38.00 | 180.00 | 218.00 | OK |
Version: 1.1.0
Check: dependencies in R code
Result: NOTE
Namespace in Imports field not imported from: ‘kernlab’
All declared Imports should be used.
Flavors: r-devel-linux-x86_64-fedora-clang, r-devel-linux-x86_64-fedora-gcc, r-oldrel-macos-arm64, r-oldrel-macos-x86_64