CRAN Package Check Results for Package ampir

Last updated on 2024-07-20 09:48:49 CEST.

Flavor Version Tinstall Tcheck Ttotal Status Flags
r-devel-linux-x86_64-debian-clang 1.1.0 26.08 178.27 204.35 OK
r-devel-linux-x86_64-debian-gcc 1.1.0 22.11 130.37 152.48 OK
r-devel-linux-x86_64-fedora-clang 1.1.0 278.23 NOTE
r-devel-linux-x86_64-fedora-gcc 1.1.0 271.27 NOTE
r-devel-windows-x86_64 1.1.0 26.00 150.00 176.00 OK
r-patched-linux-x86_64 1.1.0 26.20 168.75 194.95 OK
r-release-linux-x86_64 1.1.0 22.28 166.14 188.42 OK
r-release-macos-arm64 1.1.0 78.00 OK
r-release-macos-x86_64 1.1.0 111.00 OK
r-release-windows-x86_64 1.1.0 30.00 148.00 178.00 OK
r-oldrel-macos-arm64 1.1.0 84.00 OK
r-oldrel-macos-x86_64 1.1.0 138.00 OK
r-oldrel-windows-x86_64 1.1.0 41.00 185.00 226.00 OK

Check Details

Version: 1.1.0
Check: dependencies in R code
Result: NOTE Namespace in Imports field not imported from: ‘kernlab’ All declared Imports should be used. Flavors: r-devel-linux-x86_64-fedora-clang, r-devel-linux-x86_64-fedora-gcc