CRAN Package Check Results for Package anacor

Last updated on 2015-04-21 02:48:24.

Flavor Version Tinstall Tcheck Ttotal Status Flags
r-devel-linux-x86_64-debian-clang 1.0-5 4.89 48.53 53.42 NOTE
r-devel-linux-x86_64-debian-gcc 1.0-5 4.77 46.29 51.06 NOTE
r-devel-linux-x86_64-fedora-clang 1.0-5 113.47 NOTE
r-devel-linux-x86_64-fedora-gcc 1.0-5 109.85 NOTE
r-devel-osx-x86_64-clang 1.0-5 90.86 NOTE
r-devel-windows-ix86+x86_64 1.0-5 17.00 90.00 107.00 NOTE
r-patched-linux-x86_64 1.0-5 4.69 46.07 50.76 NOTE
r-patched-solaris-sparc 1.0-5 678.40 NOTE
r-patched-solaris-x86 1.0-5 137.70 NOTE
r-release-linux-x86_64 1.0-5 4.81 47.11 51.92 NOTE
r-release-osx-x86_64-mavericks 1.0-5 NOTE
r-release-osx-x86_64-snowleopard 1.0-5 ERROR
r-release-windows-ix86+x86_64 1.0-5 11.00 57.00 68.00 NOTE
r-oldrel-windows-ix86+x86_64 1.0-5 18.00 89.00 107.00 OK

Check Details

Version: 1.0-5
Check: DESCRIPTION meta-information
Result: NOTE
    Malformed Title field: should not end in a period.
Flavors: r-devel-linux-x86_64-debian-clang, r-devel-linux-x86_64-debian-gcc, r-devel-linux-x86_64-fedora-clang, r-devel-linux-x86_64-fedora-gcc, r-devel-osx-x86_64-clang, r-devel-windows-ix86+x86_64, r-patched-linux-x86_64, r-patched-solaris-sparc, r-patched-solaris-x86, r-release-linux-x86_64, r-release-osx-x86_64-mavericks, r-release-windows-ix86+x86_64

Version: 1.0-5
Check: package dependencies
Result: ERROR
    Packages required but not available: ‘car’ ‘fda’
    
    See section ‘The DESCRIPTION file’ in the ‘Writing R Extensions’
    manual.
Flavor: r-release-osx-x86_64-snowleopard