CRAN Package Check Results for Package anacor

Last updated on 2017-01-19 12:48:49.

Flavor Version Tinstall Tcheck Ttotal Status Flags
r-devel-linux-x86_64-debian-clang 1.0-6 4.68 48.03 52.70 OK
r-devel-linux-x86_64-debian-gcc 1.0-6 4.72 47.22 51.94 OK
r-devel-linux-x86_64-fedora-clang 1.0-6 118.64 OK --no-stop-on-test-error
r-devel-linux-x86_64-fedora-gcc 1.0-6 117.49 OK --no-stop-on-test-error
r-devel-macos-x86_64-clang 1.0-6 83.45 OK --no-stop-on-test-error
r-devel-windows-ix86+x86_64 1.0-6 20.00 77.00 97.00 OK
r-patched-linux-x86_64 1.0-6 4.94 44.57 49.51 OK
r-patched-solaris-sparc 1.0-6 604.50 OK
r-patched-solaris-x86 1.0-6 134.20 OK
r-release-linux-x86_64 1.0-6 4.66 45.50 50.15 OK
r-release-osx-x86_64-mavericks 1.0-6 WARN
r-release-windows-ix86+x86_64 1.0-6 12.00 74.00 86.00 OK
r-oldrel-windows-ix86+x86_64 1.0-6 15.00 119.00 134.00 OK

Check Details

Version: 1.0-6
Check: whether package can be installed
Result: WARN
    Found the following significant warnings:
     Warning: 'rgl_init' failed, running with rgl.useNULL = TRUE
Flavor: r-release-osx-x86_64-mavericks

Version: 1.0-6
Check: dependencies in R code
Result: NOTE
    Invalid MIT-MAGIC-COOKIE-1 key
Flavor: r-release-osx-x86_64-mavericks

Version: 1.0-6
Check: S3 generic/method consistency
Result: WARN
    Invalid MIT-MAGIC-COOKIE-1 key
    See section ‘Generic functions and methods’ in the ‘Writing R
    Extensions’ manual.
Flavor: r-release-osx-x86_64-mavericks

Version: 1.0-6
Check: replacement functions
Result: WARN
    Invalid MIT-MAGIC-COOKIE-1 key
    The argument of a replacement function which corresponds to the right
    hand side must be named ‘value’.
Flavor: r-release-osx-x86_64-mavericks

Version: 1.0-6
Check: foreign function calls
Result: NOTE
    Invalid MIT-MAGIC-COOKIE-1 key
    See chapter ‘System and foreign language interfaces’ in the ‘Writing R
    Extensions’ manual.
Flavor: r-release-osx-x86_64-mavericks

Version: 1.0-6
Check: R code for possible problems
Result: NOTE
    Invalid MIT-MAGIC-COOKIE-1 key
Flavor: r-release-osx-x86_64-mavericks

Version: 1.0-6
Check: for missing documentation entries
Result: WARN
    Invalid MIT-MAGIC-COOKIE-1 key
    All user-level objects in a package should have documentation entries.
    See chapter ‘Writing R documentation files’ in the ‘Writing R
    Extensions’ manual.
Flavor: r-release-osx-x86_64-mavericks

Version: 1.0-6
Check: for code/documentation mismatches
Result: WARN
    Invalid MIT-MAGIC-COOKIE-1 key
    Invalid MIT-MAGIC-COOKIE-1 key
    Invalid MIT-MAGIC-COOKIE-1 key
Flavor: r-release-osx-x86_64-mavericks

Version: 1.0-6
Check: Rd \usage sections
Result: NOTE
    Invalid MIT-MAGIC-COOKIE-1 key
    The \usage entries for S3 methods should use the \method markup and not
    their full name.
    See chapter ‘Writing R documentation files’ in the ‘Writing R
    Extensions’ manual.
Flavor: r-release-osx-x86_64-mavericks