CRAN Package Check Results for Package anacor

Last updated on 2015-05-27 11:49:15.

Flavor Version Tinstall Tcheck Ttotal Status Flags
r-devel-linux-x86_64-debian-clang 1.0-5 4.72 48.14 52.86 NOTE
r-devel-linux-x86_64-debian-gcc 1.0-5 4.62 47.32 51.95 NOTE
r-devel-linux-x86_64-fedora-clang 1.0-5 109.21 NOTE
r-devel-linux-x86_64-fedora-gcc 1.0-5 106.08 NOTE
r-devel-osx-x86_64-clang 1.0-5 84.08 NOTE
r-devel-windows-ix86+x86_64 1.0-5 12.00 65.00 77.00 NOTE
r-patched-linux-x86_64 1.0-5 4.62 45.58 50.20 NOTE
r-patched-solaris-sparc 1.0-5 609.70 NOTE
r-patched-solaris-x86 1.0-5 145.60 NOTE
r-release-linux-x86_64 1.0-5 4.70 46.48 51.18 NOTE
r-release-osx-x86_64-mavericks 1.0-5 NOTE
r-release-osx-x86_64-snowleopard 1.0-5 ERROR
r-release-windows-ix86+x86_64 1.0-5 14.00 65.00 79.00 NOTE
r-oldrel-windows-ix86+x86_64 1.0-5 20.00 98.00 118.00 OK

Check Details

Version: 1.0-5
Check: DESCRIPTION meta-information
Result: NOTE
    Malformed Title field: should not end in a period.
Flavors: r-devel-linux-x86_64-debian-clang, r-devel-linux-x86_64-debian-gcc, r-devel-linux-x86_64-fedora-clang, r-devel-linux-x86_64-fedora-gcc, r-devel-osx-x86_64-clang, r-devel-windows-ix86+x86_64, r-patched-linux-x86_64, r-patched-solaris-sparc, r-patched-solaris-x86, r-release-linux-x86_64, r-release-osx-x86_64-mavericks, r-release-windows-ix86+x86_64

Version: 1.0-5
Check: package dependencies
Result: ERROR
    Packages required but not available: ‘car’ ‘fda’
    
    See section ‘The DESCRIPTION file’ in the ‘Writing R Extensions’
    manual.
Flavor: r-release-osx-x86_64-snowleopard