CRAN Package Check Results for Package anacor

Last updated on 2014-04-23 12:48:13.

Flavor Version Tinstall Tcheck Ttotal Status Flags
r-devel-linux-x86_64-debian-clang 1.0-4 4.44 50.09 54.54 OK
r-devel-linux-x86_64-debian-gcc 1.0-4 4.34 49.62 53.96 OK
r-devel-linux-x86_64-fedora-clang 1.0-4 135.03 OK
r-devel-linux-x86_64-fedora-gcc 1.0-4 127.90 OK
r-devel-osx-x86_64-clang 1.0-4 90.78 OK
r-devel-osx-x86_64-gcc 1.0-4 ERROR
r-devel-windows-ix86+x86_64 1.0-4 11.00 71.00 82.00 OK
r-patched-linux-x86_64 1.0-4 4.16 50.61 54.78 OK
r-patched-solaris-sparc 1.0-4 639.30 OK
r-patched-solaris-x86 1.0-4 169.10 OK
r-release-linux-ix86 1.0-4 6.00 82.00 88.00 OK
r-release-linux-x86_64 1.0-4 4.24 49.96 54.20 OK
r-release-osx-x86_64-mavericks 1.0-4 WARN
r-release-osx-x86_64-snowleopard 1.0-4 OK
r-release-windows-ix86+x86_64 1.0-4 12.00 70.00 82.00 OK
r-oldrel-windows-ix86+x86_64 1.0-4 11.00 67.00 78.00 OK

Check Details

Version: 1.0-4
Check: package dependencies
Result: ERROR
    Packages required but not available: ‘fda’ ‘car’
    
    See the information on DESCRIPTION files in the chapter ‘Creating R
    packages’ of the ‘Writing R Extensions’ manual.
Flavor: r-devel-osx-x86_64-gcc

Version: 1.0-4
Check: PDF version of manual
Result: WARNING
    LaTeX errors when creating PDF version.
    This typically indicates Rd problems.
    LaTeX errors found:
    ! LaTeX Error: File `upquote.sty' not found.
    
    Type X to quit or <RETURN> to proceed,
    or enter new name. (Default extension: sty)
    
    4223b0b/Rd2.tex:8: ==> Fatal error occurred, no output PDF file produced!
Flavor: r-release-osx-x86_64-mavericks