CRAN Package Check Results for Package anacor

Last updated on 2016-08-29 15:47:11.

Flavor Version Tinstall Tcheck Ttotal Status Flags
r-devel-linux-x86_64-debian-clang 1.0-6 5.26 49.46 54.72 OK
r-devel-linux-x86_64-debian-gcc 1.0-6 4.92 48.86 53.78 OK
r-devel-linux-x86_64-fedora-clang 1.0-6 105.56 OK
r-devel-linux-x86_64-fedora-gcc 1.0-6 98.69 OK
r-devel-osx-x86_64-clang 1.0-6 77.21 OK
r-devel-windows-ix86+x86_64 1.0-6 18.00 84.00 102.00 OK
r-patched-linux-x86_64 1.0-6 5.09 47.05 52.14 OK
r-patched-solaris-sparc 1.0-6 574.20 OK
r-patched-solaris-x86 1.0-6 124.80 OK
r-release-linux-x86_64 1.0-6 4.68 45.62 50.30 OK
r-release-osx-x86_64-mavericks 1.0-6 WARN
r-release-windows-ix86+x86_64 1.0-6 14.00 72.00 86.00 OK
r-oldrel-windows-ix86+x86_64 1.0-6 19.00 182.00 201.00 OK

Check Details

Version: 1.0-6
Check: whether package can be installed
Result: WARN
    Found the following significant warnings:
     Warning: 'rgl_init' failed, running with rgl.useNULL = TRUE
Flavor: r-release-osx-x86_64-mavericks

Version: 1.0-6
Check: dependencies in R code
Result: NOTE
    Invalid MIT-MAGIC-COOKIE-1 key
Flavor: r-release-osx-x86_64-mavericks

Version: 1.0-6
Check: S3 generic/method consistency
Result: WARN
    Invalid MIT-MAGIC-COOKIE-1 key
    See section ‘Generic functions and methods’ in the ‘Writing R
    Extensions’ manual.
Flavor: r-release-osx-x86_64-mavericks

Version: 1.0-6
Check: replacement functions
Result: WARN
    Invalid MIT-MAGIC-COOKIE-1 key
    The argument of a replacement function which corresponds to the right
    hand side must be named ‘value’.
Flavor: r-release-osx-x86_64-mavericks

Version: 1.0-6
Check: foreign function calls
Result: NOTE
    Invalid MIT-MAGIC-COOKIE-1 key
    See chapter ‘System and foreign language interfaces’ in the ‘Writing R
    Extensions’ manual.
Flavor: r-release-osx-x86_64-mavericks

Version: 1.0-6
Check: R code for possible problems
Result: NOTE
    Invalid MIT-MAGIC-COOKIE-1 key
Flavor: r-release-osx-x86_64-mavericks

Version: 1.0-6
Check: for missing documentation entries
Result: WARN
    Invalid MIT-MAGIC-COOKIE-1 key
    All user-level objects in a package should have documentation entries.
    See chapter ‘Writing R documentation files’ in the ‘Writing R
    Extensions’ manual.
Flavor: r-release-osx-x86_64-mavericks

Version: 1.0-6
Check: for code/documentation mismatches
Result: WARN
    Invalid MIT-MAGIC-COOKIE-1 key
    Invalid MIT-MAGIC-COOKIE-1 key
    Invalid MIT-MAGIC-COOKIE-1 key
Flavor: r-release-osx-x86_64-mavericks

Version: 1.0-6
Check: Rd \usage sections
Result: NOTE
    Invalid MIT-MAGIC-COOKIE-1 key
    The \usage entries for S3 methods should use the \method markup and not
    their full name.
    See chapter ‘Writing R documentation files’ in the ‘Writing R
    Extensions’ manual.
Flavor: r-release-osx-x86_64-mavericks