CRAN Package Check Results for Package anacor

Last updated on 2015-03-29 04:50:12.

Flavor Version Tinstall Tcheck Ttotal Status Flags
r-devel-linux-x86_64-debian-clang 1.0-5 4.86 46.77 51.63 NOTE
r-devel-linux-x86_64-debian-gcc 1.0-5 4.76 46.40 51.16 NOTE
r-devel-linux-x86_64-fedora-clang 1.0-5 108.49 NOTE
r-devel-linux-x86_64-fedora-gcc 1.0-5 109.64 NOTE
r-devel-osx-x86_64-clang 1.0-5 90.45 NOTE
r-prerel-windows-ix86+x86_64 1.0-5 19.00 67.00 86.00 NOTE
r-prerel-linux-x86_64 1.0-5 4.77 45.81 50.58 NOTE
r-prerel-solaris-sparc 1.0-5 678.40 NOTE
r-prerel-solaris-x86 1.0-5 140.10 NOTE
r-release-linux-x86_64 1.0-5 7.64 63.31 70.94 OK
r-release-osx-x86_64-mavericks 1.0-5 OK
r-release-osx-x86_64-snowleopard 1.0-5 OK
r-release-windows-ix86+x86_64 1.0-5 20.00 97.00 117.00 OK
r-oldrel-windows-ix86+x86_64 1.0-5 20.00 106.00 126.00 OK

Check Details

Version: 1.0-5
Check: DESCRIPTION meta-information
Result: NOTE
    Malformed Title field: should not end in a period.
Flavors: r-devel-linux-x86_64-debian-clang, r-devel-linux-x86_64-debian-gcc, r-devel-linux-x86_64-fedora-clang, r-devel-linux-x86_64-fedora-gcc, r-devel-osx-x86_64-clang, r-prerel-windows-ix86+x86_64, r-prerel-linux-x86_64, r-prerel-solaris-sparc, r-prerel-solaris-x86