CRAN Package Check Results for Package analogsea

Last updated on 2020-07-08 16:49:10 CEST.

Flavor Version Tinstall Tcheck Ttotal Status Flags
r-devel-linux-x86_64-debian-clang 0.8.0 5.37 39.31 44.68 OK
r-devel-linux-x86_64-debian-gcc 0.8.0 3.84 31.02 34.86 OK
r-devel-linux-x86_64-fedora-clang 0.8.0 60.40 OK
r-devel-linux-x86_64-fedora-gcc 0.8.0 51.50 OK
r-devel-windows-ix86+x86_64 0.8.0 11.00 61.00 72.00 OK
r-patched-linux-x86_64 0.8.0 4.84 38.75 43.59 OK
r-patched-solaris-x86 0.8.0 75.60 NOTE
r-release-linux-x86_64 0.8.0 5.20 39.64 44.84 OK
r-release-osx-x86_64 0.8.0 OK
r-release-windows-ix86+x86_64 0.8.0 11.00 77.00 88.00 OK
r-oldrel-osx-x86_64 0.8.0 OK
r-oldrel-windows-ix86+x86_64 0.8.0 8.00 71.00 79.00 OK

Check Details

Version: 0.8.0
Check: package dependencies
Result: NOTE
    Package suggested but not available for checking: ‘ssh’
Flavor: r-patched-solaris-x86