CRAN Package Check Results for Package analogue

Last updated on 2022-12-02 19:49:33 CET.

Flavor Version Tinstall Tcheck Ttotal Status Flags
r-devel-linux-x86_64-debian-clang 0.17-6 18.69 194.70 213.39 NOTE
r-devel-linux-x86_64-debian-gcc 0.17-6 16.49 143.28 159.77 NOTE
r-devel-linux-x86_64-fedora-clang 0.17-6 269.98 NOTE
r-devel-linux-x86_64-fedora-gcc 0.17-6 262.92 NOTE
r-devel-windows-x86_64 0.17-6 119.00 275.00 394.00 NOTE
r-patched-linux-x86_64 0.17-6 29.33 174.29 203.62 OK
r-release-linux-x86_64 0.17-6 17.21 179.44 196.65 OK
r-release-macos-arm64 0.17-6 78.00 OK
r-release-macos-x86_64 0.17-6 105.00 OK
r-release-windows-x86_64 0.17-6 47.00 273.00 320.00 OK
r-oldrel-macos-arm64 0.17-6 92.00 OK
r-oldrel-macos-x86_64 0.17-6 101.00 OK
r-oldrel-windows-ix86+x86_64 0.17-6 39.00 274.00 313.00 OK

Check Details

Version: 0.17-6
Check: Rd files
Result: NOTE
    checkRd: (-1) deshrink.Rd:55: Escaped LaTeX specials: \&
    checkRd: (-1) deshrink.Rd:51: Escaped LaTeX specials: \&
    checkRd: (-1) plot.mat.Rd:60: Escaped LaTeX specials: \&
    checkRd: (-1) plot.wa.Rd:46: Escaped LaTeX specials: \&
    checkRd: (-1) predict.prcurve.Rd:5: Escaped LaTeX specials: \&
Flavors: r-devel-linux-x86_64-debian-clang, r-devel-linux-x86_64-debian-gcc, r-devel-linux-x86_64-fedora-clang, r-devel-linux-x86_64-fedora-gcc, r-devel-windows-x86_64