CRAN Package Check Results for Package analogue

Last updated on 2015-04-19 02:48:16.

Flavor Version Tinstall Tcheck Ttotal Status Flags
r-devel-linux-x86_64-debian-clang 0.16-0 10.11 88.64 98.76 OK
r-devel-linux-x86_64-debian-gcc 0.16-0 8.86 92.41 101.28 OK
r-devel-linux-x86_64-fedora-clang 0.16-0 202.95 OK
r-devel-linux-x86_64-fedora-gcc 0.16-0 191.96 OK
r-devel-osx-x86_64-clang 0.16-0 171.50 OK
r-patched-linux-x86_64 0.16-0 8.66 86.78 95.44 OK
r-patched-solaris-sparc 0.16-0 1225.80 OK
r-patched-solaris-x86 0.16-0 247.20 OK
r-release-linux-x86_64 0.16-0 8.52 89.73 98.25 OK
r-release-osx-x86_64-mavericks 0.16-0 OK
r-release-osx-x86_64-snowleopard 0.16-0 ERROR
r-release-windows-ix86+x86_64 0.16-0 26.00 206.00 232.00 OK
r-oldrel-windows-ix86+x86_64 0.16-0 32.00 185.00 217.00 OK

Check Details

Version: 0.16-0
Check: package dependencies
Result: ERROR
    Package required but not available: ‘vegan’
    
    See section ‘The DESCRIPTION file’ in the ‘Writing R Extensions’
    manual.
Flavor: r-release-osx-x86_64-snowleopard