CRAN Package Check Results for Package analogue

Last updated on 2018-01-21 07:47:03 CET.

Flavor Version Tinstall Tcheck Ttotal Status Flags
r-devel-linux-x86_64-debian-clang 0.17-0 12.17 129.34 141.51 NOTE
r-devel-linux-x86_64-debian-gcc 0.17-0 11.63 99.94 111.57 NOTE
r-devel-linux-x86_64-fedora-clang 0.17-0 179.02 NOTE
r-devel-linux-x86_64-fedora-gcc 0.17-0 172.94 NOTE
r-devel-windows-ix86+x86_64 0.17-0 21.00 182.00 203.00 OK
r-patched-linux-x86_64 0.17-0 12.36 136.30 148.66 NOTE
r-patched-solaris-x86 0.17-0 254.50 OK
r-release-linux-x86_64 0.17-0 12.81 135.82 148.63 NOTE
r-release-windows-ix86+x86_64 0.17-0 34.00 194.00 228.00 OK
r-release-osx-x86_64 0.17-0 OK
r-oldrel-windows-ix86+x86_64 0.17-0 29.00 174.00 203.00 OK
r-oldrel-osx-x86_64 0.17-0 OK

Check Details

Version: 0.17-0
Check: compiled code
Result: NOTE
    File ‘analogue/libs/analogue.so’:
     Found no calls to: ‘R_registerRoutines’, ‘R_useDynamicSymbols’
    
    It is good practice to register native routines and to disable symbol
    search.
    
    See ‘Writing portable packages’ in the ‘Writing R Extensions’ manual.
Flavors: r-devel-linux-x86_64-debian-clang, r-devel-linux-x86_64-debian-gcc, r-devel-linux-x86_64-fedora-clang, r-devel-linux-x86_64-fedora-gcc, r-patched-linux-x86_64, r-release-linux-x86_64