CRAN Package Check Results for Package analogue

Last updated on 2017-02-25 08:49:05.

Flavor Version Tinstall Tcheck Ttotal Status Flags
r-devel-linux-x86_64-debian-clang 0.17-0 8.91 83.08 91.99 NOTE
r-devel-linux-x86_64-debian-gcc 0.17-0 9.67 82.96 92.63 NOTE
r-devel-linux-x86_64-fedora-clang 0.17-0 184.33 NOTE --no-stop-on-test-error
r-devel-linux-x86_64-fedora-gcc 0.17-0 182.54 NOTE --no-stop-on-test-error
r-devel-macos-x86_64-clang 0.17-0 146.24 NOTE --no-stop-on-test-error
r-devel-windows-ix86+x86_64 0.17-0 34.00 232.00 266.00 OK
r-patched-linux-x86_64 0.17-0 8.31 75.48 83.80 OK
r-patched-solaris-sparc 0.17-0 1043.80 OK
r-patched-solaris-x86 0.17-0 219.50 OK
r-release-linux-x86_64 0.17-0 8.88 76.95 85.83 OK
r-release-osx-x86_64-mavericks 0.17-0 OK
r-release-windows-ix86+x86_64 0.17-0 33.00 241.00 274.00 OK
r-oldrel-windows-ix86+x86_64 0.17-0 31.00 335.00 366.00 OK

Check Details

Version: 0.17-0
Check: compiled code
Result: NOTE
    File ‘analogue/libs/analogue.so’:
     Found no calls to: ‘R_registerRoutines’, ‘R_useDynamicSymbols’
    
    It is good practice to register native routines and to disable symbol
    search.
    
    See ‘Writing portable packages’ in the ‘Writing R Extensions’ manual.
Flavors: r-devel-linux-x86_64-debian-clang, r-devel-linux-x86_64-debian-gcc

Version: 0.17-0
Flags: --no-stop-on-test-error
Check: compiled code
Result: NOTE
    File ‘analogue/libs/analogue.so’:
     Found no calls to: ‘R_registerRoutines’, ‘R_useDynamicSymbols’
    
    It is good practice to register native routines and to disable symbol
    search.
    
    See ‘Writing portable packages’ in the ‘Writing R Extensions’ manual.
Flavors: r-devel-linux-x86_64-fedora-clang, r-devel-linux-x86_64-fedora-gcc, r-devel-macos-x86_64-clang