CRAN Package Check Results for Package analogue

Last updated on 2015-05-28 09:47:18.

Flavor Version Tinstall Tcheck Ttotal Status Flags
r-devel-linux-x86_64-debian-clang 0.16-0 8.76 91.17 99.93 ERROR
r-devel-linux-x86_64-debian-gcc 0.16-0 8.68 85.13 93.81 ERROR
r-devel-linux-x86_64-fedora-clang 0.16-0 144.58 ERROR
r-devel-linux-x86_64-fedora-gcc 0.16-0 141.21 ERROR
r-devel-osx-x86_64-clang 0.16-0 123.70 ERROR
r-devel-windows-ix86+x86_64 0.16-0 27.00 162.00 189.00 ERROR
r-patched-linux-x86_64 0.16-0 8.53 85.70 94.22 ERROR
r-patched-solaris-sparc 0.16-0 1096.10 ERROR
r-patched-solaris-x86 0.16-0 250.10 ERROR
r-release-linux-x86_64 0.16-0 8.51 87.90 96.41 ERROR
r-release-osx-x86_64-mavericks 0.16-0 OK
r-release-osx-x86_64-snowleopard 0.16-0 ERROR
r-release-windows-ix86+x86_64 0.16-0 24.00 164.00 188.00 ERROR
r-oldrel-windows-ix86+x86_64 0.16-0 23.00 179.00 202.00 OK

Check Details

Version: 0.16-0
Check: tests
Result: ERROR
    Running the tests in ‘tests/test-all.R’ failed.
    Last 13 lines of output:
     Attaching package: 'analogue'
    
     The following object is masked from 'package:testthat':
    
     compare
    
     >
     > ## Runs the tests in inst/tests
     > test_package("analogue")
     Error in eval(expr, envir, enclos) :
     could not find function "library_if_available"
     Calls: test_package ... test_dir -> lapply -> FUN -> sys.source2 -> eval -> eval
     Execution halted
Flavors: r-devel-linux-x86_64-debian-clang, r-devel-linux-x86_64-debian-gcc, r-devel-linux-x86_64-fedora-clang, r-devel-linux-x86_64-fedora-gcc, r-devel-osx-x86_64-clang, r-patched-linux-x86_64, r-patched-solaris-sparc, r-patched-solaris-x86, r-release-linux-x86_64

Version: 0.16-0
Check: running tests for arch ‘i386’
Result: ERROR
    Running the tests in 'tests/test-all.R' failed.
    Last 13 lines of output:
     Attaching package: 'analogue'
    
     The following object is masked from 'package:testthat':
    
     compare
    
     >
     > ## Runs the tests in inst/tests
     > test_package("analogue")
     Error in eval(expr, envir, enclos) :
     could not find function "library_if_available"
     Calls: test_package ... test_dir -> lapply -> FUN -> sys.source2 -> eval -> eval
     Execution halted
Flavors: r-devel-windows-ix86+x86_64, r-release-windows-ix86+x86_64

Version: 0.16-0
Check: running tests for arch ‘x64’
Result: ERROR
    Running the tests in 'tests/test-all.R' failed.
    Last 13 lines of output:
     Attaching package: 'analogue'
    
     The following object is masked from 'package:testthat':
    
     compare
    
     >
     > ## Runs the tests in inst/tests
     > test_package("analogue")
     Error in eval(expr, envir, enclos) :
     could not find function "library_if_available"
     Calls: test_package ... test_dir -> lapply -> FUN -> sys.source2 -> eval -> eval
     Execution halted
Flavors: r-devel-windows-ix86+x86_64, r-release-windows-ix86+x86_64

Version: 0.16-0
Check: package dependencies
Result: ERROR
    Package required but not available: ‘vegan’
    
    See section ‘The DESCRIPTION file’ in the ‘Writing R Extensions’
    manual.
Flavor: r-release-osx-x86_64-snowleopard