CRAN Package Check Results for Package analogue

Last updated on 2014-10-20 23:46:56.

Flavor Version Tinstall Tcheck Ttotal Status Flags
r-devel-linux-x86_64-debian-clang 0.14-0 9.93 100.50 110.43 OK
r-devel-linux-x86_64-debian-gcc 0.14-0 9.84 100.11 109.94 OK
r-devel-linux-x86_64-fedora-clang 0.14-0 245.99 OK
r-devel-linux-x86_64-fedora-gcc 0.14-0 252.29 OK
r-devel-osx-x86_64-clang 0.14-0 207.62 OK
r-devel-windows-ix86+x86_64 0.14-0 26.00 170.00 196.00 OK
r-patched-linux-x86_64 0.14-0 10.78 105.78 116.56 OK
r-patched-solaris-sparc 0.14-0 1419.40 OK
r-patched-solaris-x86 0.14-0 306.80 OK
r-release-linux-ix86 0.14-0 13.16 130.03 143.20 OK
r-release-linux-x86_64 0.14-0 10.71 102.93 113.64 OK
r-release-osx-x86_64-mavericks 0.14-0 OK
r-release-osx-x86_64-snowleopard 0.14-0 ERROR
r-release-windows-ix86+x86_64 0.14-0 23.00 184.00 207.00 OK
r-oldrel-windows-ix86+x86_64 0.14-0 25.00 194.00 219.00 OK

Check Details

Version: 0.14-0
Check: examples
Result: ERROR
    Running examples in ‘analogue-Ex.R’ failed
    The error most likely occurred in:
    
    > ### Name: Plot3d
    > ### Title: Interactive 3D plot of a principal curve in principal coordinate
    > ### space
    > ### Aliases: Plot3d
    > ### Keywords: dynamic graphics
    >
    > ### ** Examples
    >
    > data(abernethy)
    >
    > ## Remove the Depth and Age variables
    > abernethy2 <- abernethy[, -(37:38)]
    >
    > ## Fit the principal curve using the median complexity over
    > ## all species
    > aber.pc <- prcurve(abernethy2, method = "ca", trace = TRUE,
    + vary = FALSE, penalty = 1.4)
    
     Determining initial DFs for each variable...
    
     |
     | | 0%
     |
     |== | 3%
     |
     |==== | 6%
     |
     |====== | 8%
     |
     |======== | 11%
     |
     |========== | 14%
     |
     |============ | 17%
     |
     |============== | 19%
     |
     |================ | 22%
     |
     |================== | 25%
     |
     |=================== | 28%
     |
     |===================== | 31%
     |
     |======================= | 33%
     |
     |========================= | 36%
     |
     |=========================== | 39%
     |
     |============================= | 42%
     |
     |=============================== | 44%
     |
     |================================= | 47%
     |
     |=================================== | 50%
     |
     |===================================== | 53%
     |
     |======================================= | 56%
     |
     |========================================= | 58%
     |
     |=========================================== | 61%
     |
     |============================================= | 64%
     |
     |=============================================== | 67%
     |
     |================================================= | 69%
     |
     |=================================================== | 72%
     |
     |==================================================== | 75%
     |
     |====================================================== | 78%
     |
     |======================================================== | 81%
     |
     |========================================================== | 83%
     |
     |============================================================ | 86%
     |
     |============================================================== | 89%
     |
     |================================================================ | 92%
     |
     |================================================================== | 94%
     |
     |==================================================================== | 97%
     |
     |======================================================================| 100%
    
    
    Fitting Principal Curve:
    
    Initial curve: d.sq: 103233.450
    Iteration 1: d.sq: 4853.791
    Iteration 2: d.sq: 5013.497
    Iteration 3: d.sq: 5109.973
    Iteration 4: d.sq: 5135.654
    Iteration 5: d.sq: 5137.944
    
    PC Converged in 5 iterations.
    
    >
    > ## 3D plot of data with curve superimposed
    > ## plot3d.prcurve(aber.pc) # now deprecated, instead use
    > Plot3d(aber.pc)
    Loading required package: rgl
    Mon Oct 20 07:42:10 hagal.research.att.com R[92263] <Error>: unknown error code: invalid pixel format
    Mon Oct 20 07:42:10 hagal.research.att.com R[92263] <Error>: kCGErrorFailure: Set a breakpoint @ CGErrorBreakpoint() to catch errors as they are logged.
    X Error of failed request: GLXBadContext
     Major opcode of failed request: 0 ()
     Serial number of failed request: 27
     Current serial number in output stream: 27
Flavor: r-release-osx-x86_64-snowleopard