CRAN Package Check Results for Package analogue

Last updated on 2017-11-20 21:48:52 CET.

Flavor Version Tinstall Tcheck Ttotal Status Flags
r-devel-linux-x86_64-debian-clang 0.17-0 8.04 77.67 85.71 NOTE
r-devel-linux-x86_64-debian-gcc 0.17-0 12.05 194.16 206.21 NOTE
r-devel-linux-x86_64-fedora-clang 0.17-0 155.56 NOTE
r-devel-linux-x86_64-fedora-gcc 0.17-0 207.52 NOTE
r-devel-windows-ix86+x86_64 0.17-0 24.00 190.00 214.00 OK
r-patched-linux-x86_64 0.17-0 9.73 83.40 93.13 NOTE
r-patched-solaris-x86 0.17-0 246.10 OK
r-release-linux-x86_64 0.17-0 9.68 84.54 94.22 NOTE
r-release-windows-ix86+x86_64 0.17-0 23.00 172.00 195.00 OK
r-release-osx-x86_64 0.17-0 OK
r-oldrel-windows-ix86+x86_64 0.17-0 23.00 233.00 256.00 OK
r-oldrel-osx-x86_64 0.17-0 OK

Check Details

Version: 0.17-0
Check: compiled code
Result: NOTE
    File ‘analogue/libs/analogue.so’:
     Found no calls to: ‘R_registerRoutines’, ‘R_useDynamicSymbols’
    
    It is good practice to register native routines and to disable symbol
    search.
    
    See ‘Writing portable packages’ in the ‘Writing R Extensions’ manual.
Flavors: r-devel-linux-x86_64-debian-clang, r-devel-linux-x86_64-debian-gcc, r-devel-linux-x86_64-fedora-clang, r-devel-linux-x86_64-fedora-gcc, r-patched-linux-x86_64, r-release-linux-x86_64