CRAN Package Check Results for Package analogue

Last updated on 2018-10-15 12:50:13 CEST.

Flavor Version Tinstall Tcheck Ttotal Status Flags
r-devel-linux-x86_64-debian-clang 0.17-0 13.59 147.07 160.66 WARN
r-devel-linux-x86_64-debian-gcc 0.17-0 12.61 112.76 125.37 WARN
r-devel-linux-x86_64-fedora-clang 0.17-0 188.06 WARN
r-devel-linux-x86_64-fedora-gcc 0.17-0 186.99 WARN
r-devel-windows-ix86+x86_64 0.17-0 34.00 259.00 293.00 WARN
r-patched-linux-x86_64 0.17-0 13.19 129.60 142.79 WARN
r-patched-solaris-x86 0.17-0 217.80 WARN
r-release-linux-x86_64 0.17-0 13.86 130.29 144.15 WARN
r-release-windows-ix86+x86_64 0.17-0 31.00 171.00 202.00 WARN
r-release-osx-x86_64 0.17-0 OK
r-oldrel-windows-ix86+x86_64 0.17-0 41.00 248.00 289.00 WARN
r-oldrel-osx-x86_64 0.17-0 OK

Check Details

Version: 0.17-0
Check: examples
Result: WARN
    Found the following significant warnings:
    
     Warning: 'get.lam' is deprecated.
     Warning: 'get.lam' is deprecated.
     Warning: 'get.lam' is deprecated.
     Warning: 'get.lam' is deprecated.
     Warning: 'get.lam' is deprecated.
     Warning: 'get.lam' is deprecated.
     Warning: 'get.lam' is deprecated.
     Warning: 'get.lam' is deprecated.
     Warning: 'get.lam' is deprecated.
     Warning: 'get.lam' is deprecated.
     Warning: 'get.lam' is deprecated.
     Warning: 'get.lam' is deprecated.
     Warning: 'get.lam' is deprecated.
     Warning: 'get.lam' is deprecated.
     Warning: 'get.lam' is deprecated.
     Warning: 'get.lam' is deprecated.
     Warning: 'get.lam' is deprecated.
     Warning: 'get.lam' is deprecated.
     Warning: 'get.lam' is deprecated.
     Warning: 'get.lam' is deprecated.
     Warning: 'get.lam' is deprecated.
     Warning: 'get.lam' is deprecated.
     Warning: 'get.lam' is deprecated.
     Warning: 'get.lam' is deprecated.
     Warning: 'get.lam' is deprecated.
     Warning: 'get.lam' is deprecated.
     Warning: 'get.lam' is deprecated.
     Warning: 'get.lam' is deprecated.
     Warning: 'get.lam' is deprecated.
     Warning: 'get.lam' is deprecated.
     Warning: 'get.lam' is deprecated.
     Warning: 'get.lam' is deprecated.
     Warning: 'get.lam' is deprecated.
     Warning: 'get.lam' is deprecated.
     Warning: 'get.lam' is deprecated.
     Warning: 'get.lam' is deprecated.
    Deprecated functions may be defunct as soon as of the next release of
    R.
    See ?Deprecated.
Flavors: r-devel-linux-x86_64-debian-clang, r-devel-linux-x86_64-debian-gcc, r-devel-linux-x86_64-fedora-clang, r-devel-linux-x86_64-fedora-gcc, r-patched-linux-x86_64, r-patched-solaris-x86, r-release-linux-x86_64

Version: 0.17-0
Check: compiled code
Result: NOTE
    File ‘analogue/libs/analogue.so’:
     Found no calls to: ‘R_registerRoutines’, ‘R_useDynamicSymbols’
    
    It is good practice to register native routines and to disable symbol
    search.
    
    See ‘Writing portable packages’ in the ‘Writing R Extensions’ manual.
Flavors: r-devel-linux-x86_64-fedora-clang, r-devel-linux-x86_64-fedora-gcc

Version: 0.17-0
Check: running examples for arch ‘i386’
Result: WARN
    Found the following significant warnings:
    
     Warning: 'get.lam' is deprecated.
     Warning: 'get.lam' is deprecated.
     Warning: 'get.lam' is deprecated.
     Warning: 'get.lam' is deprecated.
     Warning: 'get.lam' is deprecated.
     Warning: 'get.lam' is deprecated.
     Warning: 'get.lam' is deprecated.
     Warning: 'get.lam' is deprecated.
     Warning: 'get.lam' is deprecated.
     Warning: 'get.lam' is deprecated.
     Warning: 'get.lam' is deprecated.
     Warning: 'get.lam' is deprecated.
     Warning: 'get.lam' is deprecated.
     Warning: 'get.lam' is deprecated.
     Warning: 'get.lam' is deprecated.
     Warning: 'get.lam' is deprecated.
     Warning: 'get.lam' is deprecated.
     Warning: 'get.lam' is deprecated.
     Warning: 'get.lam' is deprecated.
     Warning: 'get.lam' is deprecated.
     Warning: 'get.lam' is deprecated.
     Warning: 'get.lam' is deprecated.
     Warning: 'get.lam' is deprecated.
     Warning: 'get.lam' is deprecated.
     Warning: 'get.lam' is deprecated.
     Warning: 'get.lam' is deprecated.
     Warning: 'get.lam' is deprecated.
     Warning: 'get.lam' is deprecated.
     Warning: 'get.lam' is deprecated.
     Warning: 'get.lam' is deprecated.
     Warning: 'get.lam' is deprecated.
     Warning: 'get.lam' is deprecated.
     Warning: 'get.lam' is deprecated.
     Warning: 'get.lam' is deprecated.
     Warning: 'get.lam' is deprecated.
     Warning: 'get.lam' is deprecated.
    Deprecated functions may be defunct as soon as of the next release of
    R.
    See ?Deprecated.
Flavors: r-devel-windows-ix86+x86_64, r-release-windows-ix86+x86_64, r-oldrel-windows-ix86+x86_64

Version: 0.17-0
Check: running examples for arch ‘x64’
Result: WARN
    Found the following significant warnings:
    
     Warning: 'get.lam' is deprecated.
     Warning: 'get.lam' is deprecated.
     Warning: 'get.lam' is deprecated.
     Warning: 'get.lam' is deprecated.
     Warning: 'get.lam' is deprecated.
     Warning: 'get.lam' is deprecated.
     Warning: 'get.lam' is deprecated.
     Warning: 'get.lam' is deprecated.
     Warning: 'get.lam' is deprecated.
     Warning: 'get.lam' is deprecated.
     Warning: 'get.lam' is deprecated.
     Warning: 'get.lam' is deprecated.
     Warning: 'get.lam' is deprecated.
     Warning: 'get.lam' is deprecated.
     Warning: 'get.lam' is deprecated.
     Warning: 'get.lam' is deprecated.
     Warning: 'get.lam' is deprecated.
     Warning: 'get.lam' is deprecated.
     Warning: 'get.lam' is deprecated.
     Warning: 'get.lam' is deprecated.
     Warning: 'get.lam' is deprecated.
     Warning: 'get.lam' is deprecated.
     Warning: 'get.lam' is deprecated.
     Warning: 'get.lam' is deprecated.
     Warning: 'get.lam' is deprecated.
     Warning: 'get.lam' is deprecated.
     Warning: 'get.lam' is deprecated.
     Warning: 'get.lam' is deprecated.
     Warning: 'get.lam' is deprecated.
     Warning: 'get.lam' is deprecated.
     Warning: 'get.lam' is deprecated.
     Warning: 'get.lam' is deprecated.
     Warning: 'get.lam' is deprecated.
     Warning: 'get.lam' is deprecated.
     Warning: 'get.lam' is deprecated.
     Warning: 'get.lam' is deprecated.
    Deprecated functions may be defunct as soon as of the next release of
    R.
    See ?Deprecated.
Flavors: r-devel-windows-ix86+x86_64, r-release-windows-ix86+x86_64, r-oldrel-windows-ix86+x86_64