CRAN Package Check Results for Package analogue

Last updated on 2015-09-01 09:47:39.

Flavor Version Tinstall Tcheck Ttotal Status Flags
r-devel-linux-x86_64-debian-clang 0.16-3 8.48 86.72 95.20 NOTE
r-devel-linux-x86_64-debian-gcc 0.16-3 9.07 86.53 95.60 NOTE
r-devel-linux-x86_64-fedora-clang 0.16-3 188.42 NOTE
r-devel-linux-x86_64-fedora-gcc 0.16-3 180.55 NOTE
r-devel-osx-x86_64-clang 0.16-3 147.56 OK
r-devel-windows-ix86+x86_64 0.16-3 33.00 166.00 199.00 NOTE
r-patched-linux-x86_64 0.16-3 8.71 88.81 97.52 OK
r-patched-solaris-sparc 0.16-3 1209.40 OK
r-patched-solaris-x86 0.16-3 253.10 OK
r-release-linux-x86_64 0.16-3 8.62 90.40 99.02 OK
r-release-osx-x86_64-mavericks 0.16-3 OK
r-release-windows-ix86+x86_64 0.16-3 31.00 177.00 208.00 OK
r-oldrel-windows-ix86+x86_64 0.16-3 38.00 216.00 254.00 OK

Check Details

Version: 0.16-3
Check: R code for possible problems
Result: NOTE
    Stratiplot.default: no visible global function definition for ‘stack’
    crossval.pcr: no visible global function definition for
     ‘txtProgressBar’
    crossval.pcr: no visible global function definition for
     ‘setTxtProgressBar’
    crossval.wa: no visible global function definition for ‘txtProgressBar’
    crossval.wa: no visible global function definition for
     ‘setTxtProgressBar’
    plot.bayesF: no visible global function definition for ‘n2mfrow’
    plot.evenSample: no visible global function definition for ‘dev.hold’
    plot.evenSample: no visible global function definition for ‘dev.flush’
    plot.logitreg: no visible global function definition for ‘n2mfrow’
    plot.mat: no visible global function definition for ‘dev.interactive’
    plot.mcarlo: no visible global function definition for
     ‘dev.interactive’
    plot.roc: no visible global function definition for ‘dev.interactive’
    plot.roc: no visible global function definition for ‘devAskNewPage’
    plot.wa: no visible global function definition for ‘dev.interactive’
    prcurve: no visible global function definition for ‘txtProgressBar’
    prcurve: no visible global function definition for ‘setTxtProgressBar’
    prcurve: no visible global function definition for ‘dev.hold’
    prcurve: no visible global function definition for ‘dev.flush’
    predict.wa: no visible global function definition for ‘flush.console’
    weightedCor.default: no visible global function definition for
     ‘modifyList’
    weightedCor.default: no visible global function definition for
     ‘txtProgressBar’
    weightedCor.default: no visible global function definition for
     ‘setTxtProgressBar’
    Undefined global functions or variables:
     dev.flush dev.hold dev.interactive devAskNewPage flush.console
     modifyList n2mfrow setTxtProgressBar stack txtProgressBar
    Consider adding
     importFrom("grDevices", "dev.flush", "dev.hold", "dev.interactive",
     "devAskNewPage", "n2mfrow")
     importFrom("utils", "flush.console", "modifyList", "setTxtProgressBar",
     "stack", "txtProgressBar")
    to your NAMESPACE.
Flavors: r-devel-linux-x86_64-debian-clang, r-devel-linux-x86_64-debian-gcc, r-devel-linux-x86_64-fedora-clang, r-devel-linux-x86_64-fedora-gcc, r-devel-windows-ix86+x86_64