CRAN Package Check Results for Package analogue

Last updated on 2015-07-30 05:46:25.

Flavor Version Tinstall Tcheck Ttotal Status Flags
r-devel-linux-x86_64-debian-clang 0.16-3 8.94 89.44 98.38 NOTE
r-devel-linux-x86_64-debian-gcc 0.16-3 9.40 86.69 96.09 NOTE
r-devel-linux-x86_64-fedora-clang 0.16-3 192.02 NOTE
r-devel-linux-x86_64-fedora-gcc 0.16-3 184.35 NOTE
r-devel-osx-x86_64-clang 0.16-3 163.44 OK
r-devel-windows-ix86+x86_64 0.16-3 35.00 180.00 215.00 NOTE
r-patched-linux-x86_64 0.16-3 8.54 88.78 97.32 OK
r-patched-solaris-sparc 0.16-3 1209.40 OK
r-patched-solaris-x86 0.16-3 242.90 OK
r-release-linux-x86_64 0.16-3 8.60 90.67 99.28 OK
r-release-osx-x86_64-mavericks 0.16-3 OK
r-release-windows-ix86+x86_64 0.16-3 30.00 170.00 200.00 OK
r-oldrel-windows-ix86+x86_64 0.16-3 31.00 202.00 233.00 OK

Check Details

Version: 0.16-3
Check: R code for possible problems
Result: NOTE
    Stratiplot.default: no visible global function definition for ‘stack’
    crossval.pcr: no visible global function definition for
     ‘txtProgressBar’
    crossval.pcr: no visible global function definition for
     ‘setTxtProgressBar’
    crossval.wa: no visible global function definition for ‘txtProgressBar’
    crossval.wa: no visible global function definition for
     ‘setTxtProgressBar’
    plot.bayesF: no visible global function definition for ‘n2mfrow’
    plot.evenSample: no visible global function definition for ‘dev.hold’
    plot.evenSample: no visible global function definition for ‘dev.flush’
    plot.logitreg: no visible global function definition for ‘n2mfrow’
    plot.mat: no visible global function definition for ‘dev.interactive’
    plot.mcarlo: no visible global function definition for
     ‘dev.interactive’
    plot.roc: no visible global function definition for ‘dev.interactive’
    plot.roc: no visible global function definition for ‘devAskNewPage’
    plot.wa: no visible global function definition for ‘dev.interactive’
    prcurve: no visible global function definition for ‘txtProgressBar’
    prcurve: no visible global function definition for ‘setTxtProgressBar’
    prcurve: no visible global function definition for ‘dev.hold’
    prcurve: no visible global function definition for ‘dev.flush’
    predict.wa: no visible global function definition for ‘flush.console’
    weightedCor.default: no visible global function definition for
     ‘modifyList’
    weightedCor.default: no visible global function definition for
     ‘txtProgressBar’
    weightedCor.default: no visible global function definition for
     ‘setTxtProgressBar’
    Undefined global functions or variables:
     dev.flush dev.hold dev.interactive devAskNewPage flush.console
     modifyList n2mfrow setTxtProgressBar stack txtProgressBar
    Consider adding
     importFrom("grDevices", "dev.flush", "dev.hold", "dev.interactive",
     "devAskNewPage", "n2mfrow")
     importFrom("utils", "flush.console", "modifyList", "setTxtProgressBar",
     "stack", "txtProgressBar")
    to your NAMESPACE.
Flavors: r-devel-linux-x86_64-debian-clang, r-devel-linux-x86_64-debian-gcc, r-devel-linux-x86_64-fedora-clang, r-devel-linux-x86_64-fedora-gcc, r-devel-windows-ix86+x86_64