CRAN Package Check Results for Package analogue

Last updated on 2017-05-29 16:48:12.

Flavor Version Tinstall Tcheck Ttotal Status Flags
r-devel-linux-x86_64-debian-clang 0.17-0 9.48 87.60 97.08 NOTE
r-devel-linux-x86_64-debian-gcc 0.17-0 9.42 81.03 90.45 NOTE
r-devel-linux-x86_64-fedora-clang 0.17-0 190.69 NOTE
r-devel-linux-x86_64-fedora-gcc 0.17-0 180.75 NOTE
r-devel-windows-ix86+x86_64 0.17-0 24.00 256.00 280.00 OK
r-patched-linux-x86_64 0.17-0 9.06 81.92 90.98 NOTE
r-patched-solaris-sparc 0.17-0 1125.70 OK
r-patched-solaris-x86 0.17-0 236.90 OK
r-release-linux-x86_64 0.17-0 9.21 84.10 93.31 NOTE
r-release-windows-ix86+x86_64 0.17-0 30.00 230.00 260.00 OK
r-release-osx-x86_64 0.17-0 OK
r-oldrel-windows-ix86+x86_64 0.17-0 20.00 164.00 184.00 OK
r-oldrel-osx-x86_64 0.17-0 OK

Check Details

Version: 0.17-0
Check: compiled code
Result: NOTE
    File ‘analogue/libs/analogue.so’:
     Found no calls to: ‘R_registerRoutines’, ‘R_useDynamicSymbols’
    
    It is good practice to register native routines and to disable symbol
    search.
    
    See ‘Writing portable packages’ in the ‘Writing R Extensions’ manual.
Flavors: r-devel-linux-x86_64-debian-clang, r-devel-linux-x86_64-debian-gcc, r-devel-linux-x86_64-fedora-clang, r-devel-linux-x86_64-fedora-gcc, r-patched-linux-x86_64, r-release-linux-x86_64