CRAN Package Check Results for Package analogue

Last updated on 2018-08-15 03:49:48 CEST.

Flavor Version Tinstall Tcheck Ttotal Status Flags
r-devel-linux-x86_64-debian-clang 0.17-0 14.80 143.18 157.98 NOTE
r-devel-linux-x86_64-debian-gcc 0.17-0 12.66 112.34 125.00 NOTE
r-devel-linux-x86_64-fedora-clang 0.17-0 185.44 NOTE
r-devel-linux-x86_64-fedora-gcc 0.17-0 180.31 NOTE
r-devel-windows-ix86+x86_64 0.17-0 25.00 184.00 209.00 OK
r-patched-linux-x86_64 0.17-0 11.36 129.18 140.54 NOTE
r-patched-solaris-x86 0.17-0 245.90 OK
r-release-linux-x86_64 0.17-0 11.62 131.04 142.66 NOTE
r-release-windows-ix86+x86_64 0.17-0 33.00 251.00 284.00 OK
r-release-osx-x86_64 0.17-0 OK
r-oldrel-windows-ix86+x86_64 0.17-0 31.00 244.00 275.00 OK
r-oldrel-osx-x86_64 0.17-0 OK

Check Details

Version: 0.17-0
Check: compiled code
Result: NOTE
    File ‘analogue/libs/analogue.so’:
     Found no calls to: ‘R_registerRoutines’, ‘R_useDynamicSymbols’
    
    It is good practice to register native routines and to disable symbol
    search.
    
    See ‘Writing portable packages’ in the ‘Writing R Extensions’ manual.
Flavors: r-devel-linux-x86_64-debian-clang, r-devel-linux-x86_64-debian-gcc, r-devel-linux-x86_64-fedora-clang, r-devel-linux-x86_64-fedora-gcc, r-patched-linux-x86_64, r-release-linux-x86_64