CRAN Package Check Results for Package analogue

Last updated on 2017-07-24 01:50:14.

Flavor Version Tinstall Tcheck Ttotal Status Flags
r-devel-linux-x86_64-debian-clang 0.17-0 9.07 98.30 107.36 NOTE
r-devel-linux-x86_64-debian-gcc 0.17-0 8.96 93.16 102.12 NOTE
r-devel-linux-x86_64-fedora-clang 0.17-0 188.04 NOTE
r-devel-linux-x86_64-fedora-gcc 0.17-0 190.32 NOTE
r-devel-windows-ix86+x86_64 0.17-0 34.00 236.00 270.00 OK
r-patched-linux-x86_64 0.17-0 9.04 97.92 106.96 NOTE
r-patched-solaris-x86 0.17-0 244.20 OK
r-release-linux-x86_64 0.17-0 9.85 95.76 105.61 NOTE
r-release-windows-ix86+x86_64 0.17-0 25.00 235.00 260.00 OK
r-release-osx-x86_64 0.17-0 OK
r-oldrel-windows-ix86+x86_64 0.17-0 36.00 217.00 253.00 OK
r-oldrel-osx-x86_64 0.17-0 OK

Check Details

Version: 0.17-0
Check: compiled code
Result: NOTE
    File ‘analogue/libs/analogue.so’:
     Found no calls to: ‘R_registerRoutines’, ‘R_useDynamicSymbols’
    
    It is good practice to register native routines and to disable symbol
    search.
    
    See ‘Writing portable packages’ in the ‘Writing R Extensions’ manual.
Flavors: r-devel-linux-x86_64-debian-clang, r-devel-linux-x86_64-debian-gcc, r-devel-linux-x86_64-fedora-clang, r-devel-linux-x86_64-fedora-gcc, r-patched-linux-x86_64, r-release-linux-x86_64