CRAN Package Check Results for Package analogue

Last updated on 2014-04-21 17:47:47.

Flavor Version Tinstall Tcheck Ttotal Status Flags
r-devel-linux-x86_64-debian-clang 0.12-0 10.96 109.03 119.99 NOTE
r-devel-linux-x86_64-debian-gcc 0.12-0 10.86 108.90 119.76 NOTE
r-devel-linux-x86_64-fedora-clang 0.12-0 270.14 NOTE
r-devel-linux-x86_64-fedora-gcc 0.12-0 265.66 NOTE
r-devel-osx-x86_64-clang 0.12-0 197.90 NOTE
r-devel-osx-x86_64-gcc 0.12-0 ERROR
r-devel-windows-ix86+x86_64 0.12-0 25.00 176.00 201.00 NOTE
r-patched-linux-x86_64 0.12-0 11.40 108.04 119.44 NOTE
r-patched-solaris-sparc 0.12-0 1318.60 NOTE
r-patched-solaris-x86 0.12-0 317.50 NOTE
r-release-linux-x86_64 0.12-0 11.43 107.47 118.90 NOTE
r-release-osx-x86_64-mavericks 0.12-0 WARN
r-release-osx-x86_64-snowleopard 0.12-0 NOTE
r-release-windows-ix86+x86_64 0.12-0 36.00 195.00 231.00 NOTE
r-oldrel-windows-ix86+x86_64 0.12-0 26.00 196.00 222.00 NOTE

Check Details

Version: 0.12-0
Check: dependencies in R code
Result: NOTE
    There are ::: calls to the package's namespace in its code. A package
     almost never needs to use ::: for its own objects:
     ‘fitPCR’
    See the information on DESCRIPTION files in the chapter ‘Creating R
    packages’ of the ‘Writing R Extensions’ manual.
Flavors: r-devel-linux-x86_64-debian-clang, r-devel-linux-x86_64-debian-gcc, r-devel-linux-x86_64-fedora-clang, r-devel-linux-x86_64-fedora-gcc, r-devel-osx-x86_64-clang, r-devel-windows-ix86+x86_64, r-patched-linux-x86_64, r-patched-solaris-sparc, r-patched-solaris-x86, r-release-linux-x86_64, r-release-osx-x86_64-mavericks, r-release-osx-x86_64-snowleopard, r-release-windows-ix86+x86_64, r-oldrel-windows-ix86+x86_64

Version: 0.12-0
Check: package dependencies
Result: ERROR
    Package required but not available: ‘vegan’
    
    See the information on DESCRIPTION files in the chapter ‘Creating R
    packages’ of the ‘Writing R Extensions’ manual.
Flavor: r-devel-osx-x86_64-gcc

Version: 0.12-0
Check: re-building of vignette outputs
Result: NOTE
    Error in re-building vignettes:
     ...
    Loading required package: vegan
    Loading required package: permute
    Loading required package: lattice
    This is vegan 2.0-10
    Loading required package: rgl
    This is analogue 0.12-0
    The "ward" method has been renamed to "ward.D"; note new "ward.D2"
    Warning in FUN(newX[, i], ...) : the standard deviation is zero
    Warning in FUN(newX[, i], ...) : the standard deviation is zero
    Warning in FUN(newX[, i], ...) : the standard deviation is zero
    Warning in FUN(newX[, i], ...) : the standard deviation is zero
    Warning in FUN(newX[, i], ...) : the standard deviation is zero
    Warning in FUN(newX[, i], ...) : the standard deviation is zero
    Error in texi2dvi(file = file, pdf = TRUE, clean = clean, quiet = quiet, :
     Running 'texi2dvi' on 'analogue_methods.tex' failed.
    LaTeX errors:
    ! LaTeX Error: File `a4wide.sty' not found.
    
    Type X to quit or <RETURN> to proceed,
    or enter new name. (Default extension: sty)
    
    ./Z.cls:26: ==> Fatal error occurred, no output PDF file produced!
    Calls: buildVignettes -> texi2pdf -> texi2dvi
    Execution halted
Flavor: r-release-osx-x86_64-mavericks

Version: 0.12-0
Check: PDF version of manual
Result: WARNING
    LaTeX errors when creating PDF version.
    This typically indicates Rd problems.
    LaTeX errors found:
    ! LaTeX Error: File `upquote.sty' not found.
    
    Type X to quit or <RETURN> to proceed,
    or enter new name. (Default extension: sty)
    
    6c32f59/Rd2.tex:8: ==> Fatal error occurred, no output PDF file produced!
Flavor: r-release-osx-x86_64-mavericks