CRAN Package Check Results for Package analogue

Last updated on 2014-07-23 23:48:20.

Flavor Version Tinstall Tcheck Ttotal Status Flags
r-devel-linux-x86_64-debian-clang 0.12-0 10.85 104.16 115.00 NOTE
r-devel-linux-x86_64-debian-gcc 0.12-0 10.46 103.16 113.62 NOTE
r-devel-linux-x86_64-fedora-clang 0.12-0 272.11 NOTE
r-devel-linux-x86_64-fedora-gcc 0.12-0 261.64 NOTE
r-devel-osx-x86_64-clang 0.12-0 213.66 NOTE
r-devel-windows-ix86+x86_64 0.12-0 26.00 179.00 205.00 NOTE
r-patched-linux-x86_64 0.12-0 12.33 103.95 116.28 NOTE
r-patched-solaris-sparc 0.12-0 1318.60 NOTE
r-patched-solaris-x86 0.12-0 327.80 NOTE
r-release-linux-ix86 0.12-0 12.69 135.32 148.00 NOTE
r-release-linux-x86_64 0.12-0 10.70 105.58 116.28 NOTE
r-release-osx-x86_64-mavericks 0.12-0 NOTE
r-release-osx-x86_64-snowleopard 0.12-0 NOTE
r-release-windows-ix86+x86_64 0.12-0 28.00 197.00 225.00 NOTE
r-oldrel-windows-ix86+x86_64 0.12-0 26.00 192.00 218.00 NOTE

Check Details

Version: 0.12-0
Check: dependencies in R code
Result: NOTE
    There are ::: calls to the package's namespace in its code. A package
     almost never needs to use ::: for its own objects:
     ‘fitPCR’
    See the information on DESCRIPTION files in the chapter ‘Creating R
    packages’ of the ‘Writing R Extensions’ manual.
Flavors: r-devel-linux-x86_64-debian-clang, r-devel-linux-x86_64-debian-gcc, r-devel-linux-x86_64-fedora-clang, r-devel-linux-x86_64-fedora-gcc, r-devel-osx-x86_64-clang, r-devel-windows-ix86+x86_64, r-patched-linux-x86_64, r-patched-solaris-sparc, r-patched-solaris-x86, r-release-linux-ix86, r-release-linux-x86_64, r-release-osx-x86_64-mavericks, r-release-osx-x86_64-snowleopard, r-release-windows-ix86+x86_64, r-oldrel-windows-ix86+x86_64

Version: 0.12-0
Check: re-building of vignette outputs
Result: NOTE
    Error in re-building vignettes:
     ...
    Loading required package: vegan
    Loading required package: permute
    Loading required package: lattice
    This is vegan 2.0-10
    Loading required package: rgl
    This is analogue 0.12-0
    The "ward" method has been renamed to "ward.D"; note new "ward.D2"
    Warning in FUN(newX[, i], ...) : the standard deviation is zero
    Warning in FUN(newX[, i], ...) : the standard deviation is zero
    Warning in FUN(newX[, i], ...) : the standard deviation is zero
    Warning in FUN(newX[, i], ...) : the standard deviation is zero
    Warning in FUN(newX[, i], ...) : the standard deviation is zero
    Warning in FUN(newX[, i], ...) : the standard deviation is zero
    Error in texi2dvi(file = file, pdf = TRUE, clean = clean, quiet = quiet, :
     Running 'texi2dvi' on 'analogue_methods.tex' failed.
    LaTeX errors:
    ! LaTeX Error: File `a4wide.sty' not found.
    
    Type X to quit or <RETURN> to proceed,
    or enter new name. (Default extension: sty)
    
    ./Z.cls:26: ==> Fatal error occurred, no output PDF file produced!
    Calls: buildVignettes -> texi2pdf -> texi2dvi
    Execution halted
Flavor: r-release-osx-x86_64-mavericks