CRAN Package Check Results for Package analogue

Last updated on 2014-08-30 08:49:58.

Flavor Version Tinstall Tcheck Ttotal Status Flags
r-devel-linux-x86_64-debian-clang 0.14-0 10.08 99.23 109.31 OK
r-devel-linux-x86_64-debian-gcc 0.14-0 9.79 95.79 105.58 OK
r-devel-linux-x86_64-fedora-clang 0.14-0 132.19 OK
r-devel-linux-x86_64-fedora-gcc 0.14-0 128.76 OK
r-devel-osx-x86_64-clang 0.14-0 110.83 OK
r-devel-windows-ix86+x86_64 0.14-0 33.00 242.00 275.00 OK
r-patched-linux-x86_64 0.12-0 10.82 103.43 114.25 NOTE
r-patched-solaris-sparc 0.14-0 1275.00 OK
r-patched-solaris-x86 0.14-0 260.80 OK
r-release-linux-ix86 0.12-0 13.02 134.03 147.06 NOTE
r-release-linux-x86_64 0.12-0 10.87 104.51 115.38 NOTE
r-release-osx-x86_64-mavericks 0.14-0 OK
r-release-osx-x86_64-snowleopard 0.12-0 NOTE
r-release-windows-ix86+x86_64 0.14-0 19.00 169.00 188.00 OK
r-oldrel-windows-ix86+x86_64 0.14-0 21.00 156.00 177.00 OK

Check Details

Version: 0.12-0
Check: dependencies in R code
Result: NOTE
    There are ::: calls to the package's namespace in its code. A package
     almost never needs to use ::: for its own objects:
     ‘fitPCR’
    See the information on DESCRIPTION files in the chapter ‘Creating R
    packages’ of the ‘Writing R Extensions’ manual.
Flavors: r-patched-linux-x86_64, r-release-linux-ix86, r-release-linux-x86_64, r-release-osx-x86_64-snowleopard