CRAN Package Check Results for Package analogue

Last updated on 2016-02-08 19:48:15.

Flavor Version Tinstall Tcheck Ttotal Status Flags
r-devel-linux-x86_64-debian-gcc 0.16-3 9.21 79.70 88.90 NOTE
r-devel-linux-x86_64-fedora-clang 0.16-3 171.93 NOTE
r-devel-linux-x86_64-fedora-gcc 0.16-3 163.21 NOTE
r-devel-osx-x86_64-clang 0.16-3 187.12 NOTE
r-devel-windows-ix86+x86_64 0.16-3 34.00 205.00 239.00 NOTE
r-patched-linux-x86_64 0.16-3 8.84 90.12 98.96 OK
r-patched-solaris-sparc 0.16-3 1146.30 OK
r-patched-solaris-x86 0.16-3 237.70 OK
r-release-linux-x86_64 0.16-3 9.22 89.96 99.17 OK
r-release-osx-x86_64-mavericks 0.16-3 OK
r-release-windows-ix86+x86_64 0.16-3 29.00 172.00 201.00 OK
r-oldrel-windows-ix86+x86_64 0.16-3 37.00 215.00 252.00 OK

Check Details

Version: 0.16-3
Check: R code for possible problems
Result: NOTE
    Stratiplot.default: no visible global function definition for ‘stack’
    crossval.pcr: no visible global function definition for
     ‘txtProgressBar’
    crossval.pcr: no visible global function definition for
     ‘setTxtProgressBar’
    crossval.wa: no visible global function definition for ‘txtProgressBar’
    crossval.wa: no visible global function definition for
     ‘setTxtProgressBar’
    plot.bayesF: no visible global function definition for ‘n2mfrow’
    plot.evenSample: no visible global function definition for ‘dev.hold’
    plot.evenSample: no visible global function definition for ‘dev.flush’
    plot.logitreg: no visible global function definition for ‘n2mfrow’
    plot.mat: no visible global function definition for ‘dev.interactive’
    plot.mcarlo: no visible global function definition for
     ‘dev.interactive’
    plot.roc: no visible global function definition for ‘dev.interactive’
    plot.roc: no visible global function definition for ‘devAskNewPage’
    plot.wa: no visible global function definition for ‘dev.interactive’
    prcurve: no visible global function definition for ‘txtProgressBar’
    prcurve: no visible global function definition for ‘setTxtProgressBar’
    prcurve: no visible global function definition for ‘dev.hold’
    prcurve: no visible global function definition for ‘dev.flush’
    predict.wa: no visible global function definition for ‘flush.console’
    weightedCor.default: no visible global function definition for
     ‘modifyList’
    weightedCor.default: no visible global function definition for
     ‘txtProgressBar’
    weightedCor.default: no visible global function definition for
     ‘setTxtProgressBar’
    Undefined global functions or variables:
     dev.flush dev.hold dev.interactive devAskNewPage flush.console
     modifyList n2mfrow setTxtProgressBar stack txtProgressBar
    Consider adding
     importFrom("grDevices", "dev.flush", "dev.hold", "dev.interactive",
     "devAskNewPage", "n2mfrow")
     importFrom("utils", "flush.console", "modifyList", "setTxtProgressBar",
     "stack", "txtProgressBar")
    to your NAMESPACE file.
Flavors: r-devel-linux-x86_64-debian-gcc, r-devel-linux-x86_64-fedora-clang, r-devel-linux-x86_64-fedora-gcc, r-devel-osx-x86_64-clang, r-devel-windows-ix86+x86_64