CRAN Package Check Results for Package analogue

Last updated on 2017-03-28 11:51:05.

Flavor Version Tinstall Tcheck Ttotal Status Flags
r-devel-linux-x86_64-debian-clang 0.17-0 9.45 83.24 92.69 NOTE
r-devel-linux-x86_64-debian-gcc 0.17-0 9.12 81.58 90.70 NOTE
r-devel-linux-x86_64-fedora-clang 0.17-0 186.46 NOTE --no-stop-on-test-error
r-devel-linux-x86_64-fedora-gcc 0.17-0 192.51 NOTE --no-stop-on-test-error
r-devel-macos-x86_64-clang 0.17-0 145.45 NOTE --no-stop-on-test-error
r-devel-windows-ix86+x86_64 0.17-0 23.00 187.00 210.00 OK
r-patched-linux-x86_64 0.17-0 9.26 82.56 91.82 NOTE
r-patched-solaris-sparc 0.17-0 1125.70 OK
r-patched-solaris-x86 0.17-0 245.00 OK
r-release-linux-x86_64 0.17-0 8.77 76.27 85.04 OK
r-release-osx-x86_64-mavericks 0.17-0 OK
r-release-windows-ix86+x86_64 0.17-0 30.00 214.00 244.00 OK
r-oldrel-windows-ix86+x86_64 0.17-0 22.00 193.00 215.00 OK

Check Details

Version: 0.17-0
Check: compiled code
Result: NOTE
    File ‘analogue/libs/analogue.so’:
     Found no calls to: ‘R_registerRoutines’, ‘R_useDynamicSymbols’
    
    It is good practice to register native routines and to disable symbol
    search.
    
    See ‘Writing portable packages’ in the ‘Writing R Extensions’ manual.
Flavors: r-devel-linux-x86_64-debian-clang, r-devel-linux-x86_64-debian-gcc, r-patched-linux-x86_64

Version: 0.17-0
Flags: --no-stop-on-test-error
Check: compiled code
Result: NOTE
    File ‘analogue/libs/analogue.so’:
     Found no calls to: ‘R_registerRoutines’, ‘R_useDynamicSymbols’
    
    It is good practice to register native routines and to disable symbol
    search.
    
    See ‘Writing portable packages’ in the ‘Writing R Extensions’ manual.
Flavors: r-devel-linux-x86_64-fedora-clang, r-devel-linux-x86_64-fedora-gcc, r-devel-macos-x86_64-clang