CRAN Package Check Results for Package analogue

Last updated on 2017-09-20 07:46:43.

Flavor Version Tinstall Tcheck Ttotal Status Flags
r-devel-linux-x86_64-debian-clang 0.17-0 9.06 84.66 93.73 NOTE
r-devel-linux-x86_64-debian-gcc 0.17-0 8.97 85.18 94.15 NOTE
r-devel-linux-x86_64-fedora-clang 0.17-0 188.73 NOTE
r-devel-linux-x86_64-fedora-gcc 0.17-0 186.68 NOTE
r-devel-windows-ix86+x86_64 0.17-0 22.00 169.00 191.00 OK
r-patched-linux-x86_64 0.17-0 9.29 83.27 92.55 NOTE
r-patched-solaris-x86 0.17-0 244.80 OK
r-release-linux-x86_64 0.17-0 9.41 84.56 93.97 NOTE
r-release-windows-ix86+x86_64 0.17-0 23.00 204.00 227.00 OK
r-release-osx-x86_64 0.17-0 OK
r-oldrel-windows-ix86+x86_64 0.17-0 8.00 4.00 12.00 ERROR
r-oldrel-osx-x86_64 0.17-0 OK

Check Details

Version: 0.17-0
Check: compiled code
Result: NOTE
    File ‘analogue/libs/analogue.so’:
     Found no calls to: ‘R_registerRoutines’, ‘R_useDynamicSymbols’
    
    It is good practice to register native routines and to disable symbol
    search.
    
    See ‘Writing portable packages’ in the ‘Writing R Extensions’ manual.
Flavors: r-devel-linux-x86_64-debian-clang, r-devel-linux-x86_64-debian-gcc, r-devel-linux-x86_64-fedora-clang, r-devel-linux-x86_64-fedora-gcc, r-patched-linux-x86_64, r-release-linux-x86_64

Version: 0.17-0
Check: whether package can be installed
Result: ERROR
    Installation failed.
Flavor: r-oldrel-windows-ix86+x86_64