CRAN Package Check Results for Package analytics

Last updated on 2019-10-18 17:48:21 CEST.

Flavor Version Tinstall Tcheck Ttotal Status Flags
r-devel-linux-x86_64-debian-clang 3.0 16.93 133.32 150.25 NOTE
r-devel-linux-x86_64-debian-gcc 3.0 14.47 108.85 123.32 NOTE
r-devel-linux-x86_64-fedora-clang 3.0 179.13 NOTE
r-devel-linux-x86_64-fedora-gcc 3.0 176.49 NOTE
r-devel-windows-ix86+x86_64 3.0 58.00 194.00 252.00 OK
r-patched-linux-x86_64 3.0 17.25 130.19 147.44 OK
r-patched-solaris-x86 3.0 279.00 OK
r-release-linux-x86_64 3.0 15.28 131.66 146.94 OK
r-release-windows-ix86+x86_64 3.0 34.00 142.00 176.00 OK
r-release-osx-x86_64 3.0 OK
r-oldrel-windows-ix86+x86_64 3.0 20.00 130.00 150.00 OK
r-oldrel-osx-x86_64 3.0 OK

Check Details

Version: 3.0
Check: for non-standard things in the check directory
Result: NOTE
    Found the following files/directories:
     'NUL'
Flavors: r-devel-linux-x86_64-debian-clang, r-devel-linux-x86_64-debian-gcc, r-devel-linux-x86_64-fedora-clang, r-devel-linux-x86_64-fedora-gcc