CRAN Package Check Results for Package analyz

Last updated on 2019-10-23 17:49:52 CEST.

Flavor Version Tinstall Tcheck Ttotal Status Flags
r-devel-linux-x86_64-debian-clang 1.4 2.63 19.67 22.30 NOTE
r-devel-linux-x86_64-debian-gcc 1.4 2.36 16.38 18.74 NOTE
r-devel-linux-x86_64-fedora-clang 1.4 27.73 NOTE
r-devel-linux-x86_64-fedora-gcc 1.4 27.08 NOTE
r-devel-windows-ix86+x86_64 1.4 9.00 31.00 40.00 NOTE
r-patched-linux-x86_64 1.4 2.70 19.92 22.62 NOTE
r-patched-solaris-x86 1.4 46.10 NOTE
r-release-linux-x86_64 1.4 2.54 20.16 22.70 NOTE
r-release-windows-ix86+x86_64 1.4 5.00 45.00 50.00 NOTE
r-release-osx-x86_64 1.4 NOTE
r-oldrel-windows-ix86+x86_64 1.4 3.00 31.00 34.00 NOTE
r-oldrel-osx-x86_64 1.4 NOTE

Check Details

Version: 1.4
Check: R code for possible problems
Result: NOTE
    Analyz.loadSteps,Analyz: no visible global function definition for
     'read.csv'
    Undefined global functions or variables:
     read.csv
    Consider adding
     importFrom("utils", "read.csv")
    to your NAMESPACE file.
Flavors: r-devel-linux-x86_64-debian-clang, r-devel-linux-x86_64-debian-gcc, r-devel-linux-x86_64-fedora-clang, r-devel-linux-x86_64-fedora-gcc, r-devel-windows-ix86+x86_64, r-patched-linux-x86_64, r-patched-solaris-x86, r-release-linux-x86_64, r-release-windows-ix86+x86_64, r-release-osx-x86_64, r-oldrel-windows-ix86+x86_64, r-oldrel-osx-x86_64