CRAN Package Check Results for Package analyz

Last updated on 2019-06-17 16:47:23 CEST.

Flavor Version Tinstall Tcheck Ttotal Status Flags
r-devel-linux-x86_64-debian-clang 1.4 2.46 21.18 23.64 NOTE
r-devel-linux-x86_64-debian-gcc 1.4 1.96 16.35 18.31 NOTE
r-devel-linux-x86_64-fedora-clang 1.4 27.27 NOTE
r-devel-linux-x86_64-fedora-gcc 1.4 26.03 NOTE
r-devel-windows-ix86+x86_64 1.4 5.00 34.00 39.00 NOTE
r-patched-linux-x86_64 1.4 2.19 20.09 22.28 NOTE
r-patched-solaris-x86 1.4 46.20 NOTE
r-release-linux-x86_64 1.4 2.51 20.58 23.09 NOTE
r-release-windows-ix86+x86_64 1.4 5.00 45.00 50.00 NOTE
r-release-osx-x86_64 1.4 NOTE
r-oldrel-windows-ix86+x86_64 1.4 3.00 31.00 34.00 NOTE
r-oldrel-osx-x86_64 1.4 NOTE

Check Details

Version: 1.4
Check: R code for possible problems
Result: NOTE
    Analyz.loadSteps,Analyz: no visible global function definition for
     'read.csv'
    Undefined global functions or variables:
     read.csv
    Consider adding
     importFrom("utils", "read.csv")
    to your NAMESPACE file.
Flavors: r-devel-linux-x86_64-debian-clang, r-devel-linux-x86_64-debian-gcc, r-devel-linux-x86_64-fedora-clang, r-devel-linux-x86_64-fedora-gcc, r-devel-windows-ix86+x86_64, r-patched-linux-x86_64, r-patched-solaris-x86, r-release-linux-x86_64, r-release-windows-ix86+x86_64, r-release-osx-x86_64, r-oldrel-windows-ix86+x86_64, r-oldrel-osx-x86_64