CRAN Package Check Results for Package anametrix

Last updated on 2014-04-24 03:47:40.

Flavor Version Tinstall Tcheck Ttotal Status Flags
r-devel-linux-x86_64-debian-clang 1.6 1.64 23.78 25.43 NOTE
r-devel-linux-x86_64-debian-gcc 1.6 1.53 23.74 25.27 NOTE
r-devel-linux-x86_64-fedora-clang 1.6 45.39 NOTE
r-devel-linux-x86_64-fedora-gcc 1.6 41.95 NOTE
r-devel-osx-x86_64-clang 1.6 43.57 NOTE
r-devel-osx-x86_64-gcc 1.6 ERROR
r-devel-windows-ix86+x86_64 1.6 5.00 35.00 40.00 NOTE
r-patched-linux-x86_64 1.6 1.66 23.37 25.04 NOTE
r-patched-solaris-sparc 1.6 247.80 NOTE
r-patched-solaris-x86 1.6 60.20 NOTE
r-release-linux-ix86 1.6 2.00 42.00 44.00 NOTE
r-release-linux-x86_64 1.6 1.54 24.28 25.82 NOTE
r-release-osx-x86_64-mavericks 1.6 WARN
r-release-osx-x86_64-snowleopard 1.6 OK
r-release-windows-ix86+x86_64 1.6 6.00 36.00 42.00 NOTE
r-oldrel-windows-ix86+x86_64 1.6 5.00 37.00 42.00 NOTE

Check Details

Version: 1.6
Check: dependencies in R code
Result: NOTE
    Packages in Depends field not imported from:
     ‘RCurl’ ‘XML’ ‘pastecs’
     These packages need to be imported from (in the NAMESPACE file)
     for when this namespace is loaded but not attached.
    See the information on DESCRIPTION files in the chapter ‘Creating R
    packages’ of the ‘Writing R Extensions’ manual.
Flavors: r-devel-linux-x86_64-debian-clang, r-devel-linux-x86_64-debian-gcc, r-devel-linux-x86_64-fedora-clang, r-devel-linux-x86_64-fedora-gcc, r-devel-osx-x86_64-clang, r-devel-windows-ix86+x86_64, r-patched-linux-x86_64, r-patched-solaris-sparc, r-patched-solaris-x86, r-release-linux-ix86, r-release-linux-x86_64, r-release-osx-x86_64-mavericks, r-release-windows-ix86+x86_64, r-oldrel-windows-ix86+x86_64

Version: 1.6
Check: package dependencies
Result: ERROR
    Package required but not available: ‘XML’
    
    See the information on DESCRIPTION files in the chapter ‘Creating R
    packages’ of the ‘Writing R Extensions’ manual.
Flavor: r-devel-osx-x86_64-gcc

Version: 1.6
Check: PDF version of manual
Result: WARNING
    LaTeX errors when creating PDF version.
    This typically indicates Rd problems.
    LaTeX errors found:
    ! LaTeX Error: File `upquote.sty' not found.
    
    Type X to quit or <RETURN> to proceed,
    or enter new name. (Default extension: sty)
    
    a6bb9e2/Rd2.tex:8: ==> Fatal error occurred, no output PDF file produced!
Flavor: r-release-osx-x86_64-mavericks