CRAN Package Check Results for Package anametrix

Last updated on 2015-03-05 17:48:58.

Flavor Version Tinstall Tcheck Ttotal Status Flags
r-devel-linux-x86_64-debian-clang 1.6 1.25 19.07 20.32 NOTE
r-devel-linux-x86_64-debian-gcc 1.6 1.14 18.82 19.96 NOTE
r-devel-linux-x86_64-fedora-clang 1.6 33.57 NOTE
r-devel-linux-x86_64-fedora-gcc 1.6 31.59 NOTE
r-devel-osx-x86_64-clang 1.6 38.13 NOTE
r-devel-windows-ix86+x86_64 1.6 4.00 29.00 33.00 NOTE
r-patched-linux-x86_64 1.6 1.55 23.16 24.71 NOTE
r-patched-solaris-sparc 1.6 259.40 NOTE
r-patched-solaris-x86 1.6 62.50 NOTE
r-release-linux-ix86 1.6 2.03 29.25 31.28 NOTE
r-release-linux-x86_64 1.6 1.49 23.07 24.56 NOTE
r-release-osx-x86_64-mavericks 1.6 NOTE
r-release-osx-x86_64-snowleopard 1.6 OK
r-release-windows-ix86+x86_64 1.6 5.00 40.00 45.00 NOTE
r-oldrel-windows-ix86+x86_64 1.6 6.00 38.00 44.00 NOTE

Check Details

Version: 1.6
Check: DESCRIPTION meta-information
Result: NOTE
    Malformed Description field: should contain one or more complete sentences.
Flavors: r-devel-linux-x86_64-debian-clang, r-devel-linux-x86_64-debian-gcc, r-devel-linux-x86_64-fedora-clang, r-devel-linux-x86_64-fedora-gcc, r-devel-osx-x86_64-clang, r-devel-windows-ix86+x86_64

Version: 1.6
Check: dependencies in R code
Result: NOTE
    Packages in Depends field not imported from:
     ‘RCurl’ ‘XML’ ‘pastecs’
     These packages need to be imported from (in the NAMESPACE file)
     for when this namespace is loaded but not attached.
Flavors: r-devel-linux-x86_64-debian-clang, r-devel-linux-x86_64-debian-gcc, r-devel-linux-x86_64-fedora-clang, r-devel-linux-x86_64-fedora-gcc, r-devel-osx-x86_64-clang, r-devel-windows-ix86+x86_64, r-patched-linux-x86_64, r-patched-solaris-sparc, r-patched-solaris-x86

Version: 1.6
Check: R code for possible problems
Result: NOTE
    authenticate: no visible global function definition for ‘getURL’
    authenticate: no visible global function definition for ‘xmlTreeParse’
    authenticate: no visible global function definition for ‘xmlRoot’
    authenticate: no visible global function definition for ‘xmlAttrs’
    constructQueryXML: no visible global function definition for
     ‘curlEscape’
    constructQueryXML: no visible global function definition for
     ‘newXMLNode’
    constructQueryXML: no visible global function definition for ‘xmlAttrs’
    constructUploadXML: no visible global function definition for
     ‘curlEscape’
    constructUploadXML: no visible global function definition for
     ‘newXMLNode’
    constructUploadXML: no visible global function definition for
     ‘xmlAttrs’
    constructUploadXML : <anonymous>: no visible global function definition
     for ‘newXMLNode’
    getAxDataset: no visible global function definition for
     ‘toString.XMLNode’
    getAxDataset: no visible global function definition for ‘getCurlHandle’
    getAxDataset: no visible global function definition for ‘getURL’
    getAxDataset: no visible global function definition for
     ‘chunkToLineReader’
    getAxDatasetFromEncodedQuery: no visible global function definition for
     ‘xmlTreeParse’
    getAxDatasetFromEncodedQuery: no visible global function definition for
     ‘base64Decode’
    getAxDatasetFromEncodedQuery: no visible global function definition for
     ‘xmlRoot’
    getAxDatasetFromEncodedQuery: no visible global function definition for
     ‘xmlAttrs’
    getAxDatasetFromEncodedQuery: no visible global function definition for
     ‘xmlAttrs<-’
    getAxDatasetFromEncodedQuery: no visible global function definition for
     ‘xmlNode’
    getAxDatasetFromEncodedQuery: no visible global function definition for
     ‘xmlSize’
    getAxDatasetFromEncodedQuery: no visible global function definition for
     ‘getCurlHandle’
    getAxDatasetFromEncodedQuery: no visible global function definition for
     ‘curlEscape’
    getAxDatasetFromEncodedQuery: no visible global function definition for
     ‘getURI’
    getAxDatasetFromEncodedQuery: no visible global function definition for
     ‘chunkToLineReader’
    getColumnTypeId: no visible global function definition for ‘xmlSize’
    getColumnTypeId: no visible global function definition for ‘xmlAttrs’
    getFullTableListXML: no visible global function definition for
     ‘curlEscape’
    getFullTableListXML: no visible global function definition for ‘getURL’
    getFullTableListXML: no visible global function definition for
     ‘xmlTreeParse’
    getFullTableListXML: no visible global function definition for
     ‘xmlRoot’
    getTableConfiguration: no visible global function definition for
     ‘xmlSize’
    getTableConfiguration: no visible global function definition for
     ‘xmlAttrs’
    populateSummaryStatisticsTable: no visible global function definition
     for ‘xmlSize’
    populateSummaryStatisticsTable: no visible global function definition
     for ‘xmlAttrs’
    populateSummaryStatisticsTable: no visible global function definition
     for ‘stat.desc’
    printTable: no visible global function definition for ‘xmlAttrs’
    printTable: no visible global function definition for ‘xmlSize’
    uploadData: no visible global function definition for
     ‘toString.XMLNode’
    uploadData: no visible global function definition for ‘getCurlHandle’
    uploadData: no visible global function definition for ‘getURL’
Flavors: r-devel-linux-x86_64-debian-clang, r-devel-linux-x86_64-debian-gcc, r-devel-linux-x86_64-fedora-clang, r-devel-linux-x86_64-fedora-gcc, r-devel-osx-x86_64-clang, r-devel-windows-ix86+x86_64, r-patched-linux-x86_64, r-patched-solaris-sparc, r-patched-solaris-x86, r-release-linux-ix86, r-release-linux-x86_64, r-release-osx-x86_64-mavericks, r-release-windows-ix86+x86_64

Version: 1.6
Check: dependencies in R code
Result: NOTE
    Packages in Depends field not imported from:
     ‘RCurl’ ‘XML’ ‘pastecs’
     These packages need to be imported from (in the NAMESPACE file)
     for when this namespace is loaded but not attached.
    See the information on DESCRIPTION files in the chapter ‘Creating R
    packages’ of the ‘Writing R Extensions’ manual.
Flavors: r-release-linux-ix86, r-release-linux-x86_64, r-release-osx-x86_64-mavericks, r-release-windows-ix86+x86_64, r-oldrel-windows-ix86+x86_64