CRAN Package Check Results for Package anametrix

Last updated on 2014-07-24 15:52:15.

Flavor Version Tinstall Tcheck Ttotal Status Flags
r-devel-linux-x86_64-debian-clang 1.6 1.44 23.02 24.46 NOTE
r-devel-linux-x86_64-debian-gcc 1.6 1.67 22.54 24.21 NOTE
r-devel-linux-x86_64-fedora-clang 1.6 45.48 NOTE
r-devel-linux-x86_64-fedora-gcc 1.6 42.51 NOTE
r-devel-osx-x86_64-clang 1.6 43.72 NOTE
r-devel-windows-ix86+x86_64 1.6 5.00 34.00 39.00 NOTE
r-patched-linux-x86_64 1.6 1.45 23.87 25.32 NOTE
r-patched-solaris-sparc 1.6 247.80 NOTE
r-patched-solaris-x86 1.6 59.90 NOTE
r-release-linux-ix86 1.6 1.91 30.04 31.96 NOTE
r-release-linux-x86_64 1.6 1.57 23.27 24.84 NOTE
r-release-osx-x86_64-mavericks 1.6 NOTE
r-release-osx-x86_64-snowleopard 1.6 OK
r-release-windows-ix86+x86_64 1.6 5.00 36.00 41.00 NOTE
r-oldrel-windows-ix86+x86_64 1.6 6.00 37.00 43.00 NOTE

Check Details

Version: 1.6
Check: dependencies in R code
Result: NOTE
    Packages in Depends field not imported from:
     ‘RCurl’ ‘XML’ ‘pastecs’
     These packages need to be imported from (in the NAMESPACE file)
     for when this namespace is loaded but not attached.
    See the information on DESCRIPTION files in the chapter ‘Creating R
    packages’ of the ‘Writing R Extensions’ manual.
Flavors: r-devel-linux-x86_64-debian-clang, r-devel-linux-x86_64-debian-gcc, r-devel-linux-x86_64-fedora-clang, r-devel-linux-x86_64-fedora-gcc, r-devel-osx-x86_64-clang, r-devel-windows-ix86+x86_64, r-patched-linux-x86_64, r-patched-solaris-sparc, r-patched-solaris-x86, r-release-linux-ix86, r-release-linux-x86_64, r-release-osx-x86_64-mavericks, r-release-windows-ix86+x86_64, r-oldrel-windows-ix86+x86_64