CRAN Package Check Results for Package anametrix

Last updated on 2016-02-14 19:47:33.

Flavor Version Tinstall Tcheck Ttotal Status Flags
r-devel-linux-x86_64-debian-gcc 1.6 1.17 14.99 16.16 ERROR
r-devel-linux-x86_64-fedora-clang 1.6 28.56 ERROR
r-devel-linux-x86_64-fedora-gcc 1.6 26.87 ERROR
r-devel-osx-x86_64-clang 1.6 34.22 ERROR
r-devel-windows-ix86+x86_64 1.6 7.00 41.00 48.00 ERROR
r-patched-linux-x86_64 1.6 1.20 17.83 19.03 ERROR
r-patched-solaris-sparc 1.6 175.20 ERROR
r-patched-solaris-x86 1.6 37.20 ERROR
r-release-linux-x86_64 1.6 1.41 18.02 19.43 ERROR
r-release-osx-x86_64-mavericks 1.6 NOTE
r-release-windows-ix86+x86_64 1.6 6.00 29.00 35.00 ERROR
r-oldrel-windows-ix86+x86_64 1.6 8.00 42.00 50.00 ERROR

Check Details

Version: 1.6
Check: DESCRIPTION meta-information
Result: NOTE
    Malformed Description field: should contain one or more complete sentences.
Flavors: r-devel-linux-x86_64-debian-gcc, r-devel-linux-x86_64-fedora-clang, r-devel-linux-x86_64-fedora-gcc, r-devel-osx-x86_64-clang, r-devel-windows-ix86+x86_64, r-patched-linux-x86_64, r-patched-solaris-sparc, r-patched-solaris-x86, r-release-linux-x86_64, r-release-osx-x86_64-mavericks, r-release-windows-ix86+x86_64

Version: 1.6
Check: dependencies in R code
Result: NOTE
    Packages in Depends field not imported from:
     ‘RCurl’ ‘XML’ ‘pastecs’
     These packages need to be imported from (in the NAMESPACE file)
     for when this namespace is loaded but not attached.
Flavors: r-devel-linux-x86_64-debian-gcc, r-devel-linux-x86_64-fedora-clang, r-devel-linux-x86_64-fedora-gcc, r-devel-osx-x86_64-clang, r-devel-windows-ix86+x86_64, r-patched-linux-x86_64, r-patched-solaris-sparc, r-patched-solaris-x86, r-release-linux-x86_64, r-release-osx-x86_64-mavericks, r-release-windows-ix86+x86_64, r-oldrel-windows-ix86+x86_64

Version: 1.6
Check: R code for possible problems
Result: NOTE
    authenticate: no visible global function definition for ‘getURL’
    authenticate: no visible global function definition for ‘xmlTreeParse’
    authenticate: no visible global function definition for ‘xmlRoot’
    authenticate: no visible global function definition for ‘xmlAttrs’
    constructQueryXML: no visible global function definition for
     ‘curlEscape’
    constructQueryXML: no visible global function definition for
     ‘newXMLNode’
    constructQueryXML: no visible global function definition for ‘xmlAttrs’
    constructUploadXML: no visible global function definition for
     ‘curlEscape’
    constructUploadXML: no visible global function definition for
     ‘newXMLNode’
    constructUploadXML: no visible global function definition for
     ‘xmlAttrs’
    constructUploadXML : <anonymous>: no visible global function definition
     for ‘newXMLNode’
    getAxDataset: no visible global function definition for
     ‘toString.XMLNode’
    getAxDataset: no visible global function definition for ‘getCurlHandle’
    getAxDataset: no visible global function definition for ‘getURL’
    getAxDataset: no visible global function definition for
     ‘chunkToLineReader’
    getAxDataset: no visible global function definition for ‘read.table’
    getAxDatasetFromEncodedQuery: no visible global function definition for
     ‘xmlTreeParse’
    getAxDatasetFromEncodedQuery: no visible global function definition for
     ‘base64Decode’
    getAxDatasetFromEncodedQuery: no visible global function definition for
     ‘xmlRoot’
    getAxDatasetFromEncodedQuery: no visible global function definition for
     ‘xmlAttrs’
    getAxDatasetFromEncodedQuery: no visible global function definition for
     ‘xmlAttrs<-’
    getAxDatasetFromEncodedQuery: no visible global function definition for
     ‘xmlNode’
    getAxDatasetFromEncodedQuery: no visible global function definition for
     ‘xmlSize’
    getAxDatasetFromEncodedQuery: no visible global function definition for
     ‘getCurlHandle’
    getAxDatasetFromEncodedQuery: no visible global function definition for
     ‘curlEscape’
    getAxDatasetFromEncodedQuery: no visible global function definition for
     ‘getURI’
    getAxDatasetFromEncodedQuery: no visible global function definition for
     ‘chunkToLineReader’
    getAxDatasetFromEncodedQuery: no visible global function definition for
     ‘read.table’
    getColumnTypeId: no visible global function definition for ‘xmlSize’
    getColumnTypeId: no visible global function definition for ‘xmlAttrs’
    getFullTableListXML: no visible global function definition for
     ‘curlEscape’
    getFullTableListXML: no visible global function definition for ‘getURL’
    getFullTableListXML: no visible global function definition for
     ‘xmlTreeParse’
    getFullTableListXML: no visible global function definition for
     ‘xmlRoot’
    getTableConfiguration: no visible global function definition for
     ‘xmlSize’
    getTableConfiguration: no visible global function definition for
     ‘xmlAttrs’
    populateSummaryStatisticsTable: no visible global function definition
     for ‘xmlSize’
    populateSummaryStatisticsTable: no visible global function definition
     for ‘xmlAttrs’
    populateSummaryStatisticsTable: no visible global function definition
     for ‘stat.desc’
    printTable: no visible global function definition for ‘xmlAttrs’
    printTable: no visible global function definition for ‘xmlSize’
    queryReader : read: no visible global function definition for
     ‘read.table’
    queryReader : read: no visible global function definition for
     ‘write.table’
    uploadData: no visible global function definition for
     ‘toString.XMLNode’
    uploadData: no visible global function definition for ‘getCurlHandle’
    uploadData: no visible global function definition for ‘getURL’
    Undefined global functions or variables:
     base64Decode chunkToLineReader curlEscape getCurlHandle getURI getURL
     newXMLNode read.table stat.desc toString.XMLNode write.table xmlAttrs
     xmlAttrs<- xmlNode xmlRoot xmlSize xmlTreeParse
    Consider adding
     importFrom("utils", "read.table", "write.table")
    to your NAMESPACE file.
Flavors: r-devel-linux-x86_64-debian-gcc, r-devel-linux-x86_64-fedora-clang, r-devel-linux-x86_64-fedora-gcc, r-devel-osx-x86_64-clang, r-devel-windows-ix86+x86_64

Version: 1.6
Check: examples
Result: ERROR
    Running examples in ‘anametrix-Ex.R’ failed
    The error most likely occurred in:
    
    > ### Name: getAxDataset
    > ### Title: Extracts data from Anametrix API into R data structure
    > ### Aliases: getAxDataset authenticate getFullTableListXML
    > ### getTableConfiguration constructQueryXML queryReader getDBDateFormat
    > ### randomAlphaNumericUID getColumnTypeId isdefined
    > ### Keywords: connection database
    >
    > ### ** Examples
    >
    > #Example: Extracting 3 columns from Browsers table from Anametrix API
    >
    > username = "demo.user@demoanametrix.com"
    > password = "demo.user"
    > auth <- authenticate("https://demo.anametrix.com/api", username, password)
    Failed to authenticate with Anametrix API
     Make sure you have specified correct credentials
    > table <- getTableConfiguration(auth, 10385, "Browsers")
    Error in if (as.character(auth$axapiUri) == "") { :
     argument is of length zero
    Calls: getTableConfiguration
    Execution halted
Flavors: r-devel-linux-x86_64-debian-gcc, r-devel-linux-x86_64-fedora-clang, r-devel-linux-x86_64-fedora-gcc, r-devel-osx-x86_64-clang, r-devel-windows-ix86+x86_64, r-patched-linux-x86_64, r-patched-solaris-sparc, r-patched-solaris-x86, r-release-linux-x86_64, r-release-windows-ix86+x86_64, r-oldrel-windows-ix86+x86_64

Version: 1.6
Check: R code for possible problems
Result: NOTE
    authenticate: no visible global function definition for ‘getURL’
    authenticate: no visible global function definition for ‘xmlTreeParse’
    authenticate: no visible global function definition for ‘xmlRoot’
    authenticate: no visible global function definition for ‘xmlAttrs’
    constructQueryXML: no visible global function definition for
     ‘curlEscape’
    constructQueryXML: no visible global function definition for
     ‘newXMLNode’
    constructQueryXML: no visible global function definition for ‘xmlAttrs’
    constructUploadXML: no visible global function definition for
     ‘curlEscape’
    constructUploadXML: no visible global function definition for
     ‘newXMLNode’
    constructUploadXML: no visible global function definition for
     ‘xmlAttrs’
    constructUploadXML : <anonymous>: no visible global function definition
     for ‘newXMLNode’
    getAxDataset: no visible global function definition for
     ‘toString.XMLNode’
    getAxDataset: no visible global function definition for ‘getCurlHandle’
    getAxDataset: no visible global function definition for ‘getURL’
    getAxDataset: no visible global function definition for
     ‘chunkToLineReader’
    getAxDatasetFromEncodedQuery: no visible global function definition for
     ‘xmlTreeParse’
    getAxDatasetFromEncodedQuery: no visible global function definition for
     ‘base64Decode’
    getAxDatasetFromEncodedQuery: no visible global function definition for
     ‘xmlRoot’
    getAxDatasetFromEncodedQuery: no visible global function definition for
     ‘xmlAttrs’
    getAxDatasetFromEncodedQuery: no visible global function definition for
     ‘xmlAttrs<-’
    getAxDatasetFromEncodedQuery: no visible global function definition for
     ‘xmlNode’
    getAxDatasetFromEncodedQuery: no visible global function definition for
     ‘xmlSize’
    getAxDatasetFromEncodedQuery: no visible global function definition for
     ‘getCurlHandle’
    getAxDatasetFromEncodedQuery: no visible global function definition for
     ‘curlEscape’
    getAxDatasetFromEncodedQuery: no visible global function definition for
     ‘getURI’
    getAxDatasetFromEncodedQuery: no visible global function definition for
     ‘chunkToLineReader’
    getColumnTypeId: no visible global function definition for ‘xmlSize’
    getColumnTypeId: no visible global function definition for ‘xmlAttrs’
    getFullTableListXML: no visible global function definition for
     ‘curlEscape’
    getFullTableListXML: no visible global function definition for ‘getURL’
    getFullTableListXML: no visible global function definition for
     ‘xmlTreeParse’
    getFullTableListXML: no visible global function definition for
     ‘xmlRoot’
    getTableConfiguration: no visible global function definition for
     ‘xmlSize’
    getTableConfiguration: no visible global function definition for
     ‘xmlAttrs’
    populateSummaryStatisticsTable: no visible global function definition
     for ‘xmlSize’
    populateSummaryStatisticsTable: no visible global function definition
     for ‘xmlAttrs’
    populateSummaryStatisticsTable: no visible global function definition
     for ‘stat.desc’
    printTable: no visible global function definition for ‘xmlAttrs’
    printTable: no visible global function definition for ‘xmlSize’
    uploadData: no visible global function definition for
     ‘toString.XMLNode’
    uploadData: no visible global function definition for ‘getCurlHandle’
    uploadData: no visible global function definition for ‘getURL’
Flavors: r-patched-linux-x86_64, r-patched-solaris-sparc, r-patched-solaris-x86, r-release-linux-x86_64, r-release-osx-x86_64-mavericks, r-release-windows-ix86+x86_64, r-oldrel-windows-ix86+x86_64