Last updated on 2022-06-25 11:52:29 CEST.
Flavor | Version | Tinstall | Tcheck | Ttotal | Status | Flags |
---|---|---|---|---|---|---|
r-devel-linux-x86_64-debian-clang | 2.3 | 4.22 | 30.09 | 34.31 | NOTE | |
r-devel-linux-x86_64-debian-gcc | 2.3 | 2.72 | 23.52 | 26.24 | NOTE | |
r-devel-linux-x86_64-fedora-clang | 2.3 | 51.73 | NOTE | |||
r-devel-linux-x86_64-fedora-gcc | 2.3 | 50.11 | NOTE | |||
r-devel-windows-x86_64 | 2.3 | 17.00 | 50.00 | 67.00 | OK | |
r-patched-linux-x86_64 | 2.3 | 4.24 | 29.48 | 33.72 | NOTE | |
r-release-linux-x86_64 | 2.3 | 3.90 | 29.20 | 33.10 | NOTE | |
r-release-macos-arm64 | 2.3 | 17.00 | OK | |||
r-release-macos-x86_64 | 2.3 | 27.00 | OK | |||
r-release-windows-x86_64 | 2.3 | 9.00 | 49.00 | 58.00 | OK | |
r-oldrel-macos-arm64 | 2.3 | 24.00 | OK | |||
r-oldrel-macos-x86_64 | 2.3 | 32.00 | OK | |||
r-oldrel-windows-ix86+x86_64 | 2.3 | 7.00 | 40.00 | 47.00 | OK |
Version: 2.3
Check: for non-standard things in the check directory
Result: NOTE
Found the following files/directories:
'BH-0.05-ListOfGenes.txt' 'BH-0.05-VM-ListOfGenes.txt'
'CompleteListOfGenes.txt' 'GenesOutOfAnalysis.txt'
'GenesOutOfAnalysis_NotEnoughObs.txt'
'GenesOutOfAnalysis_NullVar.txt' 'VM-CompleteListOfGenes.txt'
'bonferroni-0.05-ListOfGenes.txt'
'bonferroni-0.05-VM-ListOfGenes.txt'
Flavors: r-devel-linux-x86_64-debian-clang, r-devel-linux-x86_64-debian-gcc, r-devel-linux-x86_64-fedora-clang, r-devel-linux-x86_64-fedora-gcc, r-patched-linux-x86_64, r-release-linux-x86_64