CRAN Package Check Results for Package anchors

Last updated on 2015-07-06 19:47:25.

Flavor Version Tinstall Tcheck Ttotal Status Flags
r-devel-linux-x86_64-debian-clang 3.0-8 1.60 44.10 45.71 NOTE
r-devel-linux-x86_64-debian-gcc 3.0-8 1.68 44.20 45.88 NOTE
r-devel-linux-x86_64-fedora-clang 3.0-8 91.28 NOTE
r-devel-linux-x86_64-fedora-gcc 3.0-8 86.58 NOTE
r-devel-osx-x86_64-clang 3.0-8 79.67 OK
r-devel-windows-ix86+x86_64 3.0-8 15.00 83.00 98.00 NOTE
r-patched-linux-x86_64 3.0-8 1.77 45.04 46.81 OK
r-patched-solaris-sparc 3.0-8 618.30 OK
r-patched-solaris-x86 3.0-8 115.10 OK
r-release-linux-x86_64 3.0-8 1.64 45.26 46.91 OK
r-release-osx-x86_64-mavericks 3.0-8 OK
r-release-windows-ix86+x86_64 3.0-8 15.00 81.00 96.00 OK
r-oldrel-windows-ix86+x86_64 3.0-8 14.00 129.00 143.00 OK

Check Details

Version: 3.0-8
Check: R code for possible problems
Result: NOTE
    .onAttach: no visible global function definition for
     ‘packageDescription’
    anchors: no visible binding for global variable ‘na.omit’
    anchors.chopit.fit : chopit.llog: no visible global function definition
     for ‘Rprof’
    anchors.chopit.fit: no visible global function definition for ‘optim’
    anchors.combn: no visible global function definition for ‘as.formula’
    anchors.combn: no visible global function definition for ‘combn’
    anchors.data: no visible binding for global variable ‘na.omit’
    anchors.data: no visible global function definition for ‘as.formula’
    anchors.data: no visible global function definition for ‘model.frame’
    anchors.data: no visible global function definition for ‘model.matrix’
    anchors.data: no visible global function definition for
     ‘model.response’
    anchors.order: no visible binding for global variable ‘na.omit’
    anchors.order.calc: no visible global function definition for ‘runif’
    anchors.rank: no visible global function definition for ‘as.formula’
    chopit: no visible binding for global variable ‘na.omit’
    convert: no visible global function definition for ‘na.omit’
    cpolr: no visible binding for global variable ‘plogis’
    cpolr: no visible binding for global variable ‘pnorm’
    cpolr: no visible binding for global variable ‘dlogis’
    cpolr: no visible binding for global variable ‘dnorm’
    cpolr: no visible global function definition for ‘model.matrix’
    cpolr: no visible global function definition for ‘model.weights’
    cpolr: no visible global function definition for ‘model.offset’
    cpolr: no visible global function definition for ‘model.response’
    cpolr: no visible global function definition for ‘glm.fit’
    cpolr: Error while checking: invalid ‘envir’ argument
    fitted.anchors.rank: no visible global function definition for ‘fitted’
    gr.oprobit.self: no visible global function definition for ‘pnorm’
    gr.oprobit.self: no visible global function definition for ‘dnorm’
    gr.oprobit.vign: no visible global function definition for ‘pnorm’
    gr.oprobit.vign: no visible global function definition for ‘dnorm’
    ll.oprobit.unim: no visible global function definition for ‘pnorm’
    ll.self.ai : f: no visible global function definition for ‘dnorm’
    ll.self.ai: no visible global function definition for ‘integrate’
    ll.self.ai.prob: no visible global function definition for ‘pnorm’
    plot.anchors.combn: no visible global function definition for ‘na.omit’
    summary.anchors.order: no visible global function definition for
     ‘xtabs’
    summary.anchors.rank: no visible global function definition for
     ‘fitted’
    vcov.cpolr: no visible binding for global variable ‘flush.console’
    vcov.cpolr: no visible global function definition for ‘update’
    Undefined global functions or variables:
     Rprof as.formula combn dlogis dnorm fitted flush.console glm.fit
     integrate model.frame model.matrix model.offset model.response
     model.weights na.omit optim packageDescription plogis pnorm runif
     update xtabs
Flavors: r-devel-linux-x86_64-debian-clang, r-devel-linux-x86_64-debian-gcc, r-devel-linux-x86_64-fedora-clang, r-devel-linux-x86_64-fedora-gcc

Version: 3.0-8
Check: R code for possible problems
Result: NOTE
    .onAttach: no visible global function definition for
     'packageDescription'
    anchors: no visible binding for global variable 'na.omit'
    anchors.chopit.fit : chopit.llog: no visible global function definition
     for 'Rprof'
    anchors.chopit.fit: no visible global function definition for 'optim'
    anchors.combn: no visible global function definition for 'as.formula'
    anchors.combn: no visible global function definition for 'combn'
    anchors.data: no visible binding for global variable 'na.omit'
    anchors.data: no visible global function definition for 'as.formula'
    anchors.data: no visible global function definition for 'model.frame'
    anchors.data: no visible global function definition for 'model.matrix'
    anchors.data: no visible global function definition for
     'model.response'
    anchors.order: no visible binding for global variable 'na.omit'
    anchors.order.calc: no visible global function definition for 'runif'
    anchors.rank: no visible global function definition for 'as.formula'
    chopit: no visible binding for global variable 'na.omit'
    convert: no visible global function definition for 'na.omit'
    cpolr: no visible binding for global variable 'plogis'
    cpolr: no visible binding for global variable 'pnorm'
    cpolr: no visible binding for global variable 'dlogis'
    cpolr: no visible binding for global variable 'dnorm'
    cpolr: no visible global function definition for 'model.matrix'
    cpolr: no visible global function definition for 'model.weights'
    cpolr: no visible global function definition for 'model.offset'
    cpolr: no visible global function definition for 'model.response'
    cpolr: no visible global function definition for 'glm.fit'
    cpolr: no visible global function definition for 'binomial'
    cpolr: no visible global function definition for 'optim'
    cpolr: no visible global function definition for '.getXlevels'
    fitted.anchors.rank: no visible global function definition for 'fitted'
    gr.oprobit.self: no visible global function definition for 'pnorm'
    gr.oprobit.self: no visible global function definition for 'dnorm'
    gr.oprobit.vign: no visible global function definition for 'pnorm'
    gr.oprobit.vign: no visible global function definition for 'dnorm'
    ll.oprobit.unim: no visible global function definition for 'pnorm'
    ll.self.ai : f: no visible global function definition for 'dnorm'
    ll.self.ai: no visible global function definition for 'integrate'
    ll.self.ai.prob: no visible global function definition for 'pnorm'
    plot.anchors.combn: no visible global function definition for 'na.omit'
    summary.anchors.order: no visible global function definition for
     'xtabs'
    summary.anchors.rank: no visible global function definition for
     'fitted'
    vcov.cpolr: no visible binding for global variable 'flush.console'
    vcov.cpolr: no visible global function definition for 'update'
    Undefined global functions or variables:
     .getXlevels Rprof as.formula binomial combn dlogis dnorm fitted
     flush.console glm.fit integrate model.frame model.matrix model.offset
     model.response model.weights na.omit optim packageDescription plogis
     pnorm runif update xtabs
Flavor: r-devel-windows-ix86+x86_64