CRAN Package Check Results for Package anchors

Last updated on 2014-07-29 13:46:53.

Flavor Version Tinstall Tcheck Ttotal Status Flags
r-devel-linux-x86_64-debian-clang 3.0-8 1.78 47.91 49.69 OK
r-devel-linux-x86_64-debian-gcc 3.0-8 1.81 47.12 48.93 OK
r-devel-linux-x86_64-fedora-clang 3.0-8 104.44 OK
r-devel-linux-x86_64-fedora-gcc 3.0-8 99.11 OK
r-devel-osx-x86_64-clang 3.0-8 82.25 OK
r-devel-windows-ix86+x86_64 3.0-8 9.00 84.00 93.00 OK
r-patched-linux-x86_64 3.0-8 1.78 47.43 49.21 OK
r-patched-solaris-sparc 3.0-8 629.30 OK
r-patched-solaris-x86 3.0-8 132.40 OK
r-release-linux-ix86 3.0-8 2.58 66.52 69.10 OK
r-release-linux-x86_64 3.0-8 1.97 47.85 49.82 OK
r-release-osx-x86_64-mavericks 3.0-8 NOTE
r-release-osx-x86_64-snowleopard 3.0-8 OK
r-release-windows-ix86+x86_64 3.0-8 9.00 81.00 90.00 OK
r-oldrel-windows-ix86+x86_64 3.0-8 9.00 89.00 98.00 OK

Check Details

Version: 3.0-8
Check: re-building of vignette outputs
Result: NOTE
    Error in re-building vignettes:
     ...
    (/usr/local/texlive/2013basic/texmf-dist/tex/latex/amsmath/amsgen.sty))
    (/usr/local/texlive/2013basic/texmf-dist/tex/latex/amsmath/amsbsy.sty)
    (/usr/local/texlive/2013basic/texmf-dist/tex/latex/amsmath/amsopn.sty))
    (/usr/local/texlive/2013basic/texmf-dist/tex/latex/amsfonts/umsa.fd)
    (/usr/local/texlive/2013basic/texmf-dist/tex/latex/amsfonts/amsfonts.sty))
    (/usr/local/texlive/2013basic/texmf-dist/tex/latex/natbib/natbib.sty)
    (/usr/local/texlive/2013basic/texmf-dist/tex/latex/psnfss/times.sty)
    
    ! LaTeX Error: File `xy.sty' not found.
    
    Type X to quit or <RETURN> to proceed,
    or enter new name. (Default extension: sty)
    
    Enter file name:
    ! Emergency stop.
    <read *>
    
    l.28 ^^M
    
    ! ==> Fatal error occurred, no output PDF file produced!
    Transcript written on anchors.log.
    make: *** [anchors.pdf] Error 1
    Error in buildVignettes(dir = "/Builds/CRAN-QA-Simon/packages/mavericks-x86_64/results/3.1/anchors.Rcheck/vign_test/anchors") :
     running 'make' failed
    Execution halted
Flavor: r-release-osx-x86_64-mavericks