CRAN Package Check Results for Package anchors

Last updated on 2015-08-29 17:47:57.

Flavor Version Tinstall Tcheck Ttotal Status Flags
r-devel-linux-x86_64-debian-clang 3.0-8 1.71 43.96 45.68 NOTE
r-devel-linux-x86_64-debian-gcc 3.0-8 1.56 42.86 44.42 NOTE
r-devel-linux-x86_64-fedora-clang 3.0-8 89.33 NOTE
r-devel-linux-x86_64-fedora-gcc 3.0-8 86.15 NOTE
r-devel-osx-x86_64-clang 3.0-8 69.63 OK
r-devel-windows-ix86+x86_64 3.0-8 12.00 85.00 97.00 NOTE
r-patched-linux-x86_64 3.0-8 1.71 45.00 46.70 OK
r-patched-solaris-sparc 3.0-8 619.90 OK
r-patched-solaris-x86 3.0-8 115.80 OK
r-release-linux-x86_64 3.0-8 1.72 44.42 46.14 OK
r-release-osx-x86_64-mavericks 3.0-8 OK
r-release-windows-ix86+x86_64 3.0-8 16.00 93.00 109.00 OK
r-oldrel-windows-ix86+x86_64 3.0-8 15.00 118.00 133.00 OK

Check Details

Version: 3.0-8
Check: R code for possible problems
Result: NOTE
    .onAttach: no visible global function definition for
     ‘packageDescription’
    anchors: no visible binding for global variable ‘na.omit’
    anchors.chopit.fit : chopit.llog: no visible global function definition
     for ‘Rprof’
    anchors.chopit.fit: no visible global function definition for ‘optim’
    anchors.combn: no visible global function definition for ‘as.formula’
    anchors.combn: no visible global function definition for ‘combn’
    anchors.data: no visible binding for global variable ‘na.omit’
    anchors.data: no visible global function definition for ‘as.formula’
    anchors.data: no visible global function definition for ‘model.frame’
    anchors.data: no visible global function definition for ‘model.matrix’
    anchors.data: no visible global function definition for
     ‘model.response’
    anchors.order: no visible binding for global variable ‘na.omit’
    anchors.order.calc: no visible global function definition for ‘runif’
    anchors.rank: no visible global function definition for ‘as.formula’
    chopit: no visible binding for global variable ‘na.omit’
    convert: no visible global function definition for ‘na.omit’
    cpolr: no visible binding for global variable ‘plogis’
    cpolr: no visible binding for global variable ‘pnorm’
    cpolr: no visible binding for global variable ‘dlogis’
    cpolr: no visible binding for global variable ‘dnorm’
    cpolr: no visible global function definition for ‘model.matrix’
    cpolr: no visible global function definition for ‘model.weights’
    cpolr: no visible global function definition for ‘model.offset’
    cpolr: no visible global function definition for ‘model.response’
    cpolr: no visible global function definition for ‘glm.fit’
    cpolr: no visible global function definition for ‘binomial’
    cpolr: no visible global function definition for ‘optim’
    cpolr: no visible global function definition for ‘.getXlevels’
    fitted.anchors.rank: no visible global function definition for ‘fitted’
    gr.oprobit.self: no visible global function definition for ‘pnorm’
    gr.oprobit.self: no visible global function definition for ‘dnorm’
    gr.oprobit.vign: no visible global function definition for ‘pnorm’
    gr.oprobit.vign: no visible global function definition for ‘dnorm’
    ll.oprobit.unim: no visible global function definition for ‘pnorm’
    ll.self.ai : f: no visible global function definition for ‘dnorm’
    ll.self.ai: no visible global function definition for ‘integrate’
    ll.self.ai.prob: no visible global function definition for ‘pnorm’
    plot.anchors.combn: no visible global function definition for ‘na.omit’
    summary.anchors.order: no visible global function definition for
     ‘xtabs’
    summary.anchors.rank: no visible global function definition for
     ‘fitted’
    vcov.cpolr: no visible binding for global variable ‘flush.console’
    vcov.cpolr: no visible global function definition for ‘update’
    Undefined global functions or variables:
     .getXlevels Rprof as.formula binomial combn dlogis dnorm fitted
     flush.console glm.fit integrate model.frame model.matrix model.offset
     model.response model.weights na.omit optim packageDescription plogis
     pnorm runif update xtabs
    Consider adding
     importFrom("stats", ".getXlevels", "as.formula", "binomial", "dlogis",
     "dnorm", "fitted", "glm.fit", "integrate", "model.frame",
     "model.matrix", "model.offset", "model.response",
     "model.weights", "na.omit", "optim", "plogis", "pnorm",
     "runif", "update", "xtabs")
     importFrom("utils", "Rprof", "combn", "flush.console",
     "packageDescription")
    to your NAMESPACE.
Flavors: r-devel-linux-x86_64-debian-clang, r-devel-linux-x86_64-debian-gcc, r-devel-linux-x86_64-fedora-clang, r-devel-linux-x86_64-fedora-gcc, r-devel-windows-ix86+x86_64