CRAN Package Check Results for Package anchors

Last updated on 2014-04-23 07:54:54.

Flavor Version Tinstall Tcheck Ttotal Status Flags
r-devel-linux-x86_64-debian-clang 3.0-8 1.80 49.02 50.82 OK
r-devel-linux-x86_64-debian-gcc 3.0-8 1.87 49.12 50.99 OK
r-devel-linux-x86_64-fedora-clang 3.0-8 104.80 OK
r-devel-linux-x86_64-fedora-gcc 3.0-8 102.45 OK
r-devel-osx-x86_64-clang 3.0-8 75.89 OK
r-devel-osx-x86_64-gcc 3.0-8 OK
r-devel-windows-ix86+x86_64 3.0-8 9.00 76.00 85.00 OK
r-patched-linux-x86_64 3.0-8 1.94 48.20 50.14 OK
r-patched-solaris-sparc 3.0-8 629.30 OK
r-patched-solaris-x86 3.0-8 127.20 OK
r-release-linux-ix86 3.0-8 4.00 83.00 87.00 OK
r-release-linux-x86_64 3.0-8 1.93 48.79 50.72 OK
r-release-osx-x86_64-mavericks 3.0-8 WARN
r-release-osx-x86_64-snowleopard 3.0-8 OK
r-release-windows-ix86+x86_64 3.0-8 8.00 84.00 92.00 OK
r-oldrel-windows-ix86+x86_64 3.0-8 8.00 93.00 101.00 OK

Check Details

Version: 3.0-8
Check: re-building of vignette outputs
Result: NOTE
    Error in re-building vignettes:
     ...
    (/usr/local/texlive/2013basic/texmf-dist/tex/latex/amsmath/amsgen.sty))
    (/usr/local/texlive/2013basic/texmf-dist/tex/latex/amsmath/amsbsy.sty)
    (/usr/local/texlive/2013basic/texmf-dist/tex/latex/amsmath/amsopn.sty))
    (/usr/local/texlive/2013basic/texmf-dist/tex/latex/amsfonts/umsa.fd)
    (/usr/local/texlive/2013basic/texmf-dist/tex/latex/amsfonts/amsfonts.sty))
    (/usr/local/texlive/2013basic/texmf-dist/tex/latex/natbib/natbib.sty)
    (/usr/local/texlive/2013basic/texmf-dist/tex/latex/psnfss/times.sty)
    
    ! LaTeX Error: File `xy.sty' not found.
    
    Type X to quit or <RETURN> to proceed,
    or enter new name. (Default extension: sty)
    
    Enter file name:
    ! Emergency stop.
    <read *>
    
    l.28 ^^M
    
    ! ==> Fatal error occurred, no output PDF file produced!
    Transcript written on anchors.log.
    make: *** [anchors.pdf] Error 1
    Error in buildVignettes(dir = "/Builds/CRAN-QA-Simon/packages/mavericks-x86_64/results/3.1/anchors.Rcheck/vign_test/anchors") :
     running 'make' failed
    Execution halted
Flavor: r-release-osx-x86_64-mavericks

Version: 3.0-8
Check: PDF version of manual
Result: WARNING
    LaTeX errors when creating PDF version.
    This typically indicates Rd problems.
    LaTeX errors found:
    ! LaTeX Error: File `upquote.sty' not found.
    
    Type X to quit or <RETURN> to proceed,
    or enter new name. (Default extension: sty)
    
    c8e3672/Rd2.tex:8: ==> Fatal error occurred, no output PDF file produced!
Flavor: r-release-osx-x86_64-mavericks