CRAN Package Check Results for Package anesrake

Last updated on 2014-07-28 23:46:53.

Flavor Version Tinstall Tcheck Ttotal Status Flags
r-devel-linux-x86_64-debian-clang 0.70 1.10 17.18 18.28 NOTE
r-devel-linux-x86_64-debian-gcc 0.70 0.99 16.73 17.72 NOTE
r-devel-linux-x86_64-fedora-clang 0.70 36.71 NOTE
r-devel-linux-x86_64-fedora-gcc 0.70 35.03 NOTE
r-devel-osx-x86_64-clang 0.70 36.32 NOTE
r-devel-windows-ix86+x86_64 0.70 4.00 28.00 32.00 NOTE
r-patched-linux-x86_64 0.70 0.98 17.79 18.77 NOTE
r-patched-solaris-sparc 0.70 212.20 NOTE
r-patched-solaris-x86 0.70 53.70 NOTE
r-release-linux-ix86 0.70 1.45 24.74 26.19 NOTE
r-release-linux-x86_64 0.70 1.05 17.86 18.91 NOTE
r-release-osx-x86_64-mavericks 0.70 NOTE
r-release-osx-x86_64-snowleopard 0.70 NOTE
r-release-windows-ix86+x86_64 0.70 5.00 30.00 35.00 NOTE
r-oldrel-windows-ix86+x86_64 0.70 5.00 32.00 37.00 NOTE

Check Details

Version: 0.70
Check: dependencies in R code
Result: NOTE
    'library' or 'require' call to Hmisc which was already attached by Depends.
     Please remove these calls from your code.
    See the information on DESCRIPTION files in the chapter Creating R
    packages of the Writing R Extensions manual.
Flavors: r-devel-linux-x86_64-debian-clang, r-devel-linux-x86_64-debian-gcc, r-devel-linux-x86_64-fedora-clang, r-devel-linux-x86_64-fedora-gcc, r-devel-osx-x86_64-clang, r-devel-windows-ix86+x86_64, r-patched-linux-x86_64, r-patched-solaris-sparc, r-patched-solaris-x86, r-release-linux-ix86, r-release-linux-x86_64, r-release-osx-x86_64-mavericks, r-release-osx-x86_64-snowleopard, r-release-windows-ix86+x86_64, r-oldrel-windows-ix86+x86_64

Version: 0.70
Check: R code for possible problems
Result: NOTE
    weightassess: warning in wtd.table(eval(parse(text =
     paste("dataframe$", i, sep = ""))), weight = prevec): partial
     argument match of 'weight' to 'weights'
Flavors: r-devel-linux-x86_64-debian-clang, r-devel-linux-x86_64-debian-gcc, r-devel-linux-x86_64-fedora-clang, r-devel-linux-x86_64-fedora-gcc, r-devel-osx-x86_64-clang, r-devel-windows-ix86+x86_64, r-patched-linux-x86_64, r-patched-solaris-sparc, r-patched-solaris-x86, r-release-linux-ix86, r-release-linux-x86_64, r-release-osx-x86_64-mavericks, r-release-osx-x86_64-snowleopard, r-release-windows-ix86+x86_64, r-oldrel-windows-ix86+x86_64

Version: 0.70
Check: Rd files
Result: NOTE
    prepare_Rd: anes04.Rd:15-17: Dropping empty section \details
    prepare_Rd: anesrake.Rd:68-70: Dropping empty section \details
    prepare_Rd: anesrake.Rd:91-93: Dropping empty section \note
    prepare_Rd: anesrake.Rd:97-99: Dropping empty section \seealso
    prepare_Rd: anesrakefinder.Rd:32-34: Dropping empty section \details
    prepare_Rd: anesrakefinder.Rd:44-46: Dropping empty section \note
    prepare_Rd: anesrakefinder.Rd:38-40: Dropping empty section \references
    prepare_Rd: anesrakefinder.Rd:50-52: Dropping empty section \seealso
    prepare_Rd: anesrakefinder.Rd:53-54: Dropping empty section \examples
    prepare_Rd: discrep.Rd:28-30: Dropping empty section \details
    prepare_Rd: discrep.Rd:40-42: Dropping empty section \note
    prepare_Rd: discrep.Rd:34-36: Dropping empty section \references
    prepare_Rd: discrep.Rd:46-48: Dropping empty section \seealso
    prepare_Rd: discrep.Rd:49-50: Dropping empty section \examples
    prepare_Rd: generaldesigneffect.Rd:19-21: Dropping empty section \details
    prepare_Rd: generaldesigneffect.Rd:31-33: Dropping empty section \note
    prepare_Rd: generaldesigneffect.Rd:25-27: Dropping empty section \references
    prepare_Rd: generaldesigneffect.Rd:37-39: Dropping empty section \seealso
    prepare_Rd: generaldesigneffect.Rd:40-41: Dropping empty section \examples
    prepare_Rd: rakelist.Rd:49-51: Dropping empty section \details
    prepare_Rd: rakelist.Rd:69-71: Dropping empty section \note
    prepare_Rd: rakelist.Rd:63-65: Dropping empty section \references
    prepare_Rd: rakelist.Rd:75-77: Dropping empty section \seealso
    prepare_Rd: rakelist.Rd:78-79: Dropping empty section \examples
    prepare_Rd: weightassess.Rd:30-32: Dropping empty section \details
    prepare_Rd: weightassess.Rd:42-44: Dropping empty section \note
    prepare_Rd: weightassess.Rd:36-38: Dropping empty section \references
    prepare_Rd: weightassess.Rd:48-50: Dropping empty section \seealso
    prepare_Rd: weightassess.Rd:51-52: Dropping empty section \examples
Flavors: r-devel-linux-x86_64-debian-clang, r-devel-linux-x86_64-debian-gcc, r-devel-linux-x86_64-fedora-clang, r-devel-linux-x86_64-fedora-gcc, r-devel-osx-x86_64-clang, r-devel-windows-ix86+x86_64, r-patched-linux-x86_64, r-patched-solaris-sparc, r-patched-solaris-x86, r-release-linux-ix86, r-release-linux-x86_64, r-release-osx-x86_64-mavericks, r-release-osx-x86_64-snowleopard, r-release-windows-ix86+x86_64, r-oldrel-windows-ix86+x86_64