CRAN Package Check Results for Package animalTrack

Last updated on 2015-05-22 23:47:51.

Flavor Version Tinstall Tcheck Ttotal Status Flags
r-devel-linux-x86_64-debian-clang 1.0.0 0.85 12.22 13.07 NOTE
r-devel-linux-x86_64-debian-gcc 1.0.0 3.03 12.05 15.08 NOTE
r-devel-linux-x86_64-fedora-clang 1.0.0 24.94 NOTE
r-devel-linux-x86_64-fedora-gcc 1.0.0 23.79 NOTE
r-devel-osx-x86_64-clang 1.0.0 27.19 NOTE
r-devel-windows-ix86+x86_64 1.0.0 5.00 20.00 25.00 NOTE
r-patched-linux-x86_64 1.0.0 0.78 12.08 12.86 NOTE
r-patched-solaris-sparc 1.0.0 153.20 NOTE
r-patched-solaris-x86 1.0.0 39.00 NOTE
r-release-linux-x86_64 1.0.0 0.79 11.96 12.75 NOTE
r-release-osx-x86_64-mavericks 1.0.0 NOTE
r-release-osx-x86_64-snowleopard 1.0.0 ERROR
r-release-windows-ix86+x86_64 1.0.0 3.00 22.00 25.00 NOTE
r-oldrel-windows-ix86+x86_64 1.0.0 4.00 25.00 29.00 OK

Check Details

Version: 1.0.0
Check: DESCRIPTION meta-information
Result: NOTE
    Malformed Title field: should not end in a period.
Flavors: r-devel-linux-x86_64-debian-clang, r-devel-linux-x86_64-debian-gcc, r-devel-linux-x86_64-fedora-clang, r-devel-linux-x86_64-fedora-gcc, r-devel-osx-x86_64-clang, r-devel-windows-ix86+x86_64, r-patched-linux-x86_64, r-patched-solaris-sparc, r-patched-solaris-x86, r-release-linux-x86_64, r-release-osx-x86_64-mavericks, r-release-osx-x86_64-snowleopard, r-release-windows-ix86+x86_64

Version: 1.0.0
Check: examples
Result: ERROR
    Running examples in ‘animalTrack-Ex.R’ failed
    The error most likely occurred in:
    
    > ### Name: animalplot3d
    > ### Title: Make a 3D rotated plot of animal orientation based on roll,
    > ### pitch, and yaw angles.
    > ### Aliases: animalplot3d
    >
    > ### ** Examples
    >
    >
    > ## Animal with a roll angle of 30 degrees, and a pitch angle of 10 degrees
    > roll <- 30
    > pitch <- 10
    > yaw <- 0
    >
    > animalplot3d(roll,pitch,yaw,angle = "degree")
    Fri Mar 20 16:14:18 hagal.research.att.com R[29798] <Error>: unknown error code: invalid pixel format
    Fri Mar 20 16:14:18 hagal.research.att.com R[29798] <Error>: kCGErrorFailure: Set a breakpoint @ CGErrorBreakpoint() to catch errors as they are logged.
    X Error of failed request: GLXBadContext
     Major opcode of failed request: 0 ()
     Serial number of failed request: 27
     Current serial number in output stream: 27
Flavor: r-release-osx-x86_64-snowleopard