CRAN Package Check Results for Package animalTrack

Last updated on 2015-07-08 03:47:54.

Flavor Version Tinstall Tcheck Ttotal Status Flags
r-devel-linux-x86_64-debian-clang 1.0.0 0.92 11.62 12.54 NOTE
r-devel-linux-x86_64-debian-gcc 1.0.0 1.01 11.50 12.51 NOTE
r-devel-linux-x86_64-fedora-clang 1.0.0 23.60 NOTE
r-devel-linux-x86_64-fedora-gcc 1.0.0 23.06 NOTE
r-devel-osx-x86_64-clang 1.0.0 23.85 NOTE
r-devel-windows-ix86+x86_64 1.0.0 5.00 20.00 25.00 NOTE
r-patched-linux-x86_64 1.0.0 0.78 11.92 12.70 NOTE
r-patched-solaris-sparc 1.0.0 153.20 NOTE
r-patched-solaris-x86 1.0.0 36.50 NOTE
r-release-linux-x86_64 1.0.0 0.79 11.84 12.63 NOTE
r-release-osx-x86_64-mavericks 1.0.0 NOTE
r-release-windows-ix86+x86_64 1.0.0 5.00 21.00 26.00 NOTE
r-oldrel-windows-ix86+x86_64 1.0.0 4.00 25.00 29.00 OK

Check Details

Version: 1.0.0
Check: DESCRIPTION meta-information
Result: NOTE
    Malformed Title field: should not end in a period.
Flavors: r-devel-linux-x86_64-debian-clang, r-devel-linux-x86_64-debian-gcc, r-devel-linux-x86_64-fedora-clang, r-devel-linux-x86_64-fedora-gcc, r-devel-osx-x86_64-clang, r-devel-windows-ix86+x86_64, r-patched-linux-x86_64, r-patched-solaris-sparc, r-patched-solaris-x86, r-release-linux-x86_64, r-release-osx-x86_64-mavericks, r-release-windows-ix86+x86_64