CRAN Package Check Results for Package animalTrack

Last updated on 2018-05-22 01:46:18 CEST.

Flavor Version Tinstall Tcheck Ttotal Status Flags
r-devel-linux-x86_64-debian-clang 1.0.0 2.23 29.68 31.91 NOTE
r-devel-linux-x86_64-debian-gcc 1.0.0 2.29 26.42 28.71 NOTE
r-devel-linux-x86_64-fedora-clang 1.0.0 43.27 NOTE
r-devel-linux-x86_64-fedora-gcc 1.0.0 41.46 NOTE
r-devel-windows-ix86+x86_64 1.0.0 7.00 44.00 51.00 NOTE
r-patched-linux-x86_64 1.0.0 2.36 31.99 34.35 NOTE
r-patched-solaris-x86 1.0.0 68.10 NOTE
r-release-linux-x86_64 1.0.0 2.05 31.48 33.53 NOTE
r-release-windows-ix86+x86_64 1.0.0 7.00 64.00 71.00 NOTE
r-release-osx-x86_64 1.0.0 NOTE
r-oldrel-windows-ix86+x86_64 1.0.0 11.00 47.00 58.00 NOTE
r-oldrel-osx-x86_64 1.0.0 NOTE

Check Details

Version: 1.0.0
Check: DESCRIPTION meta-information
Result: NOTE
    Malformed Title field: should not end in a period.
Flavors: r-devel-linux-x86_64-debian-clang, r-devel-linux-x86_64-debian-gcc, r-devel-linux-x86_64-fedora-clang, r-devel-linux-x86_64-fedora-gcc, r-devel-windows-ix86+x86_64, r-patched-linux-x86_64, r-patched-solaris-x86, r-release-linux-x86_64, r-release-windows-ix86+x86_64, r-release-osx-x86_64, r-oldrel-windows-ix86+x86_64, r-oldrel-osx-x86_64