CRAN Package Check Results for Package animalTrack

Last updated on 2015-03-29 00:48:09.

Flavor Version Tinstall Tcheck Ttotal Status Flags
r-devel-linux-x86_64-debian-clang 1.0.0 0.81 12.07 12.88 NOTE
r-devel-linux-x86_64-debian-gcc 1.0.0 0.78 11.72 12.50 NOTE
r-devel-linux-x86_64-fedora-clang 1.0.0 24.92 NOTE
r-devel-linux-x86_64-fedora-gcc 1.0.0 25.97 NOTE
r-devel-osx-x86_64-clang 1.0.0 29.43 NOTE
r-prerel-windows-ix86+x86_64 1.0.0 4.00 21.00 25.00 NOTE
r-prerel-linux-x86_64 1.0.0 0.82 11.80 12.62 NOTE
r-prerel-solaris-sparc 1.0.0 155.30 NOTE
r-prerel-solaris-x86 1.0.0 37.70 NOTE
r-release-linux-x86_64 1.0.0 0.85 13.46 14.31 OK
r-release-osx-x86_64-mavericks 1.0.0 OK
r-release-windows-ix86+x86_64 1.0.0 4.00 23.00 27.00 OK
r-oldrel-windows-ix86+x86_64 1.0.0 4.00 38.00 42.00 OK

Check Details

Version: 1.0.0
Check: DESCRIPTION meta-information
Result: NOTE
    Malformed Title field: should not end in a period.
Flavors: r-devel-linux-x86_64-debian-clang, r-devel-linux-x86_64-debian-gcc, r-devel-linux-x86_64-fedora-clang, r-devel-linux-x86_64-fedora-gcc, r-devel-osx-x86_64-clang, r-prerel-windows-ix86+x86_64, r-prerel-linux-x86_64, r-prerel-solaris-sparc, r-prerel-solaris-x86