CRAN Package Check Results for Package animalTrack

Last updated on 2016-02-09 21:46:55.

Flavor Version Tinstall Tcheck Ttotal Status Flags
r-devel-linux-x86_64-debian-gcc 1.0.0 0.87 11.39 12.25 NOTE
r-devel-linux-x86_64-fedora-clang 1.0.0 22.39 NOTE
r-devel-linux-x86_64-fedora-gcc 1.0.0 20.85 NOTE
r-devel-osx-x86_64-clang 1.0.0 23.72 NOTE
r-devel-windows-ix86+x86_64 1.0.0 4.00 41.00 45.00 NOTE
r-patched-linux-x86_64 1.0.0 0.86 12.48 13.34 NOTE
r-patched-solaris-sparc 1.0.0 137.40 NOTE
r-patched-solaris-x86 1.0.0 31.90 NOTE
r-release-linux-x86_64 1.0.0 0.90 12.32 13.22 NOTE
r-release-osx-x86_64-mavericks 1.0.0 NOTE
r-release-windows-ix86+x86_64 1.0.0 5.00 25.00 30.00 NOTE
r-oldrel-windows-ix86+x86_64 1.0.0 5.00 25.00 30.00 OK

Check Details

Version: 1.0.0
Check: DESCRIPTION meta-information
Result: NOTE
    Malformed Title field: should not end in a period.
Flavors: r-devel-linux-x86_64-debian-gcc, r-devel-linux-x86_64-fedora-clang, r-devel-linux-x86_64-fedora-gcc, r-devel-osx-x86_64-clang, r-devel-windows-ix86+x86_64, r-patched-linux-x86_64, r-patched-solaris-sparc, r-patched-solaris-x86, r-release-linux-x86_64, r-release-osx-x86_64-mavericks, r-release-windows-ix86+x86_64