CRAN Package Check Results for Package animalTrack

Last updated on 2015-08-29 15:47:37.

Flavor Version Tinstall Tcheck Ttotal Status Flags
r-devel-linux-x86_64-debian-clang 1.0.0 0.75 11.44 12.19 NOTE
r-devel-linux-x86_64-debian-gcc 1.0.0 0.74 11.30 12.04 NOTE
r-devel-linux-x86_64-fedora-clang 1.0.0 22.93 NOTE
r-devel-linux-x86_64-fedora-gcc 1.0.0 21.48 NOTE
r-devel-osx-x86_64-clang 1.0.0 22.67 NOTE
r-devel-windows-ix86+x86_64 1.0.0 6.00 24.00 30.00 NOTE
r-patched-linux-x86_64 1.0.0 0.80 12.11 12.90 NOTE
r-patched-solaris-sparc 1.0.0 156.10 NOTE
r-patched-solaris-x86 1.0.0 38.70 NOTE
r-release-linux-x86_64 1.0.0 1.04 12.20 13.24 NOTE
r-release-osx-x86_64-mavericks 1.0.0 NOTE
r-release-windows-ix86+x86_64 1.0.0 4.00 36.00 40.00 NOTE
r-oldrel-windows-ix86+x86_64 1.0.0 6.00 25.00 31.00 OK

Check Details

Version: 1.0.0
Check: DESCRIPTION meta-information
Result: NOTE
    Malformed Title field: should not end in a period.
Flavors: r-devel-linux-x86_64-debian-clang, r-devel-linux-x86_64-debian-gcc, r-devel-linux-x86_64-fedora-clang, r-devel-linux-x86_64-fedora-gcc, r-devel-osx-x86_64-clang, r-devel-windows-ix86+x86_64, r-patched-linux-x86_64, r-patched-solaris-sparc, r-patched-solaris-x86, r-release-linux-x86_64, r-release-osx-x86_64-mavericks, r-release-windows-ix86+x86_64