CRAN Package Check Results for Package animation

Last updated on 2015-05-25 10:47:03.

Flavor Version Tinstall Tcheck Ttotal Status Flags
r-devel-linux-x86_64-debian-clang 2.3 1.23 52.15 53.38 NOTE
r-devel-linux-x86_64-debian-gcc 2.3 1.24 51.15 52.38 NOTE
r-devel-linux-x86_64-fedora-clang 2.3 104.00 NOTE
r-devel-linux-x86_64-fedora-gcc 2.3 102.56 NOTE
r-devel-osx-x86_64-clang 2.3 106.21 NOTE
r-devel-windows-ix86+x86_64 2.3 7.00 59.00 66.00 NOTE
r-patched-linux-x86_64 2.3 1.21 51.84 53.05 NOTE
r-patched-solaris-sparc 2.3 1761.40 NOTE
r-patched-solaris-x86 2.3 280.60 NOTE
r-release-linux-x86_64 2.3 1.22 51.91 53.13 NOTE
r-release-osx-x86_64-mavericks 2.3 NOTE
r-release-osx-x86_64-snowleopard 2.3 NOTE
r-release-windows-ix86+x86_64 2.3 5.00 54.00 59.00 NOTE
r-oldrel-windows-ix86+x86_64 2.3 6.00 61.00 67.00 NOTE

Check Details

Version: 2.3
Check: dependencies in R code
Result: NOTE
    'library' or 'require' call to ‘MASS’ in package code.
     Please use :: or requireNamespace() instead.
     See section 'Suggested packages' in the 'Writing R Extensions' manual.
Flavors: r-devel-linux-x86_64-debian-clang, r-devel-linux-x86_64-debian-gcc, r-devel-linux-x86_64-fedora-clang, r-devel-linux-x86_64-fedora-gcc, r-devel-osx-x86_64-clang, r-devel-windows-ix86+x86_64, r-patched-linux-x86_64, r-patched-solaris-sparc, r-patched-solaris-x86, r-release-linux-x86_64, r-release-osx-x86_64-mavericks, r-release-osx-x86_64-snowleopard, r-release-windows-ix86+x86_64, r-oldrel-windows-ix86+x86_64