CRAN Package Check Results for Package animation

Last updated on 2015-03-04 21:46:38.

Flavor Version Tinstall Tcheck Ttotal Status Flags
r-devel-linux-x86_64-debian-clang 2.3 1.34 52.26 53.60 NOTE
r-devel-linux-x86_64-debian-gcc 2.3 1.20 51.62 52.81 NOTE
r-devel-linux-x86_64-fedora-clang 2.3 109.18 NOTE
r-devel-linux-x86_64-fedora-gcc 2.3 106.01 NOTE
r-devel-osx-x86_64-clang 2.3 108.41 NOTE
r-devel-windows-ix86+x86_64 2.3 6.00 55.00 61.00 NOTE
r-patched-linux-x86_64 2.3 1.27 53.54 54.81 NOTE
r-patched-solaris-sparc 2.3 1785.30 NOTE
r-patched-solaris-x86 2.3 285.50 NOTE
r-release-linux-ix86 2.3 1.84 79.56 81.40 OK
r-release-linux-x86_64 2.3 1.26 52.82 54.07 OK
r-release-osx-x86_64-mavericks 2.3 OK
r-release-osx-x86_64-snowleopard 2.3 OK
r-release-windows-ix86+x86_64 2.3 5.00 52.00 57.00 OK
r-oldrel-windows-ix86+x86_64 2.3 6.00 60.00 66.00 OK

Check Details

Version: 2.3
Check: dependencies in R code
Result: NOTE
    'library' or 'require' call to ‘MASS’ in package code.
     Please use :: or requireNamespace() instead.
     See section 'Suggested packages' in the 'Writing R Extensions' manual.
Flavors: r-devel-linux-x86_64-debian-clang, r-devel-linux-x86_64-debian-gcc, r-devel-linux-x86_64-fedora-clang, r-devel-linux-x86_64-fedora-gcc, r-devel-osx-x86_64-clang, r-devel-windows-ix86+x86_64, r-patched-linux-x86_64, r-patched-solaris-sparc, r-patched-solaris-x86