CRAN Package Check Results for Package animation

Last updated on 2020-06-04 03:49:11 CEST.

Flavor Version Tinstall Tcheck Ttotal Status Flags
r-devel-linux-x86_64-debian-clang 2.6 7.02 36.04 43.06 NOTE
r-devel-linux-x86_64-debian-gcc 2.6 4.95 28.67 33.62 NOTE
r-devel-linux-x86_64-fedora-clang 2.6 59.43 NOTE
r-devel-linux-x86_64-fedora-gcc 2.6 50.22 NOTE
r-devel-windows-ix86+x86_64 2.6 26.00 56.00 82.00 OK
r-patched-linux-x86_64 2.6 5.20 36.41 41.61 NOTE
r-patched-solaris-x86 2.6 70.30 NOTE
r-release-linux-x86_64 2.6 4.39 36.37 40.76 NOTE
r-release-osx-x86_64 2.6 OK
r-release-windows-ix86+x86_64 2.6 8.00 55.00 63.00 OK
r-oldrel-osx-x86_64 2.6 OK
r-oldrel-windows-ix86+x86_64 2.6 14.00 46.00 60.00 OK

Check Details

Version: 2.6
Check: for non-standard things in the check directory
Result: NOTE
    Found the following files/directories:
     'BM-motion-chart.html' 'css' 'images' 'index.html' 'js'
Flavors: r-devel-linux-x86_64-debian-clang, r-devel-linux-x86_64-debian-gcc, r-devel-linux-x86_64-fedora-clang, r-devel-linux-x86_64-fedora-gcc, r-patched-linux-x86_64, r-patched-solaris-x86, r-release-linux-x86_64