CRAN Package Check Results for Package animation

Last updated on 2020-03-30 15:49:06 CEST.

Flavor Version Tinstall Tcheck Ttotal Status Flags
r-devel-linux-x86_64-debian-clang 2.6 6.73 35.88 42.61 NOTE
r-devel-linux-x86_64-debian-gcc 2.6 4.36 28.31 32.67 NOTE
r-devel-linux-x86_64-fedora-clang 2.6 50.23 NOTE
r-devel-linux-x86_64-fedora-gcc 2.6 49.54 NOTE
r-devel-windows-ix86+x86_64 2.6 10.00 46.00 56.00 OK
r-devel-windows-ix86+x86_64-gcc8 2.6 11.00 47.00 58.00 OK
r-patched-linux-x86_64 2.6 5.83 35.40 41.23 NOTE
r-patched-solaris-x86 2.6 72.30 NOTE
r-release-linux-x86_64 2.6 4.36 33.15 37.51 OK
r-release-windows-ix86+x86_64 2.6 15.00 70.00 85.00 OK
r-release-osx-x86_64 2.6 OK
r-oldrel-windows-ix86+x86_64 2.6 13.00 65.00 78.00 OK
r-oldrel-osx-x86_64 2.6 OK

Check Details

Version: 2.6
Check: for non-standard things in the check directory
Result: NOTE
    Found the following files/directories:
     'BM-motion-chart.html' 'css' 'images' 'index.html' 'js'
Flavors: r-devel-linux-x86_64-debian-clang, r-devel-linux-x86_64-debian-gcc, r-devel-linux-x86_64-fedora-clang, r-devel-linux-x86_64-fedora-gcc, r-patched-linux-x86_64, r-patched-solaris-x86