CRAN Package Check Results for Package animation

Last updated on 2015-04-18 10:00:04.

Flavor Version Tinstall Tcheck Ttotal Status Flags
r-devel-linux-x86_64-debian-clang 2.3 1.47 53.13 54.60 NOTE
r-devel-linux-x86_64-debian-gcc 2.3 1.22 52.39 53.61 NOTE
r-devel-linux-x86_64-fedora-clang 2.3 105.26 NOTE
r-devel-linux-x86_64-fedora-gcc 2.3 104.33 NOTE
r-devel-osx-x86_64-clang 2.3 106.95 NOTE
r-prerel-windows-ix86+x86_64 2.3 8.00 53.00 61.00 NOTE
r-prerel-linux-x86_64 2.3 1.23 51.91 53.14 NOTE
r-prerel-solaris-sparc 2.3 1774.30 NOTE
r-prerel-solaris-x86 2.3 282.10 NOTE
r-release-linux-x86_64 2.3 1.31 53.12 54.43 NOTE
r-release-osx-x86_64-mavericks 2.3 OK
r-release-osx-x86_64-snowleopard 2.3 OK
r-release-windows-ix86+x86_64 2.3 4.00 62.00 66.00 NOTE
r-oldrel-windows-ix86+x86_64 2.3 4.00 70.00 74.00 OK

Check Details

Version: 2.3
Check: dependencies in R code
Result: NOTE
    'library' or 'require' call to ‘MASS’ in package code.
     Please use :: or requireNamespace() instead.
     See section 'Suggested packages' in the 'Writing R Extensions' manual.
Flavors: r-devel-linux-x86_64-debian-clang, r-devel-linux-x86_64-debian-gcc, r-devel-linux-x86_64-fedora-clang, r-devel-linux-x86_64-fedora-gcc, r-devel-osx-x86_64-clang, r-prerel-windows-ix86+x86_64, r-prerel-linux-x86_64, r-prerel-solaris-sparc, r-prerel-solaris-x86, r-release-linux-x86_64, r-release-windows-ix86+x86_64