CRAN Package Check Results for Package animation

Last updated on 2021-03-08 04:47:53 CET.

Flavor Version Tinstall Tcheck Ttotal Status Flags
r-devel-linux-x86_64-debian-clang 2.6 5.49 40.04 45.53 NOTE
r-devel-linux-x86_64-debian-gcc 2.6 4.99 31.07 36.06 NOTE
r-devel-linux-x86_64-fedora-clang 2.6 65.26 NOTE
r-devel-linux-x86_64-fedora-gcc 2.6 56.78 NOTE
r-devel-windows-ix86+x86_64 2.6 11.00 56.00 67.00 OK
r-devel-windows-x86_64-gcc10-UCRT 2.6 OK
r-patched-linux-x86_64 2.6 5.83 38.06 43.89 NOTE
r-patched-solaris-x86 2.6 74.10 NOTE
r-release-linux-x86_64 2.6 6.77 38.36 45.13 NOTE
r-release-macos-x86_64 2.6 OK
r-release-windows-ix86+x86_64 2.6 10.00 42.00 52.00 OK
r-oldrel-macos-x86_64 2.6 OK
r-oldrel-windows-ix86+x86_64 2.6 6.00 38.00 44.00 OK

Check Details

Version: 2.6
Check: for non-standard things in the check directory
Result: NOTE
    Found the following files/directories:
     'BM-motion-chart.html' 'css' 'images' 'index.html' 'js'
Flavors: r-devel-linux-x86_64-debian-clang, r-devel-linux-x86_64-debian-gcc, r-devel-linux-x86_64-fedora-clang, r-devel-linux-x86_64-fedora-gcc, r-patched-linux-x86_64, r-patched-solaris-x86, r-release-linux-x86_64