CRAN Package Check Results for Package animation

Last updated on 2020-01-24 08:58:58 CET.

Flavor Version Tinstall Tcheck Ttotal Status Flags
r-devel-linux-x86_64-debian-clang 2.6 6.40 35.27 41.67 NOTE
r-devel-linux-x86_64-debian-gcc 2.6 4.91 28.33 33.24 NOTE
r-devel-linux-x86_64-fedora-clang 2.6 50.64 NOTE
r-devel-linux-x86_64-fedora-gcc 2.6 49.30 NOTE
r-devel-windows-ix86+x86_64 2.6 17.00 75.00 92.00 OK
r-devel-windows-ix86+x86_64-gcc8 2.6 16.00 46.00 62.00 OK
r-patched-linux-x86_64 2.6 4.30 32.99 37.29 OK
r-patched-solaris-x86 2.6 65.40 OK
r-release-linux-x86_64 2.6 4.25 32.74 36.99 OK
r-release-windows-ix86+x86_64 2.6 13.00 65.00 78.00 OK
r-release-osx-x86_64 2.6 OK
r-oldrel-windows-ix86+x86_64 2.6 7.00 46.00 53.00 OK
r-oldrel-osx-x86_64 2.6 OK

Check Details

Version: 2.6
Check: for non-standard things in the check directory
Result: NOTE
    Found the following files/directories:
     'BM-motion-chart.html' 'css' 'images' 'index.html' 'js'
Flavors: r-devel-linux-x86_64-debian-clang, r-devel-linux-x86_64-debian-gcc, r-devel-linux-x86_64-fedora-clang, r-devel-linux-x86_64-fedora-gcc