CRAN Package Check Results for Package animation

Last updated on 2020-08-15 15:46:41 CEST.

Flavor Version Tinstall Tcheck Ttotal Status Flags
r-devel-linux-x86_64-debian-clang 2.6 4.98 36.95 41.93 NOTE
r-devel-linux-x86_64-debian-gcc 2.6 4.66 28.57 33.23 NOTE
r-devel-linux-x86_64-fedora-clang 2.6 58.44 NOTE
r-devel-linux-x86_64-fedora-gcc 2.6 48.72 NOTE
r-devel-windows-ix86+x86_64 2.6 14.00 47.00 61.00 OK
r-patched-linux-x86_64 2.6 6.62 36.51 43.13 NOTE
r-patched-solaris-x86 2.6 71.80 NOTE
r-release-linux-x86_64 2.6 5.83 36.28 42.11 NOTE
r-release-macos-x86_64 2.6 OK
r-release-windows-ix86+x86_64 2.6 14.00 48.00 62.00 OK
r-oldrel-macos-x86_64 2.6 OK
r-oldrel-windows-ix86+x86_64 2.6 9.00 64.00 73.00 OK

Check Details

Version: 2.6
Check: for non-standard things in the check directory
Result: NOTE
    Found the following files/directories:
     'BM-motion-chart.html' 'css' 'images' 'index.html' 'js'
Flavors: r-devel-linux-x86_64-debian-clang, r-devel-linux-x86_64-debian-gcc, r-devel-linux-x86_64-fedora-clang, r-devel-linux-x86_64-fedora-gcc, r-patched-linux-x86_64, r-patched-solaris-x86, r-release-linux-x86_64