CRAN Package Check Results for Package animation

Last updated on 2015-06-30 06:46:48.

Flavor Version Tinstall Tcheck Ttotal Status Flags
r-devel-linux-x86_64-debian-clang 2.3 1.70 53.22 54.91 NOTE
r-devel-linux-x86_64-debian-gcc 2.3 1.17 50.52 51.69 NOTE
r-devel-linux-x86_64-fedora-clang 2.3 103.56 NOTE
r-devel-linux-x86_64-fedora-gcc 2.3 99.92 NOTE
r-devel-osx-x86_64-clang 2.3 112.01 NOTE
r-devel-windows-ix86+x86_64 2.3 9.00 58.00 67.00 NOTE
r-patched-linux-x86_64 2.3 1.19 51.57 52.76 NOTE
r-patched-solaris-sparc 2.3 1761.40 NOTE
r-patched-solaris-x86 2.3 281.70 NOTE
r-release-linux-x86_64 2.3 1.28 51.19 52.48 NOTE
r-release-osx-x86_64-mavericks 2.3 NOTE
r-release-windows-ix86+x86_64 2.3 9.00 58.00 67.00 NOTE
r-oldrel-windows-ix86+x86_64 2.3 8.00 59.00 67.00 NOTE

Check Details

Version: 2.3
Check: dependencies in R code
Result: NOTE
    'library' or 'require' call to ‘MASS’ in package code.
     Please use :: or requireNamespace() instead.
     See section 'Suggested packages' in the 'Writing R Extensions' manual.
Flavors: r-devel-linux-x86_64-debian-clang, r-devel-linux-x86_64-debian-gcc, r-devel-linux-x86_64-fedora-clang, r-devel-linux-x86_64-fedora-gcc, r-devel-osx-x86_64-clang, r-devel-windows-ix86+x86_64, r-patched-linux-x86_64, r-patched-solaris-sparc, r-patched-solaris-x86, r-release-linux-x86_64, r-release-osx-x86_64-mavericks, r-release-windows-ix86+x86_64, r-oldrel-windows-ix86+x86_64

Version: 2.3
Check: R code for possible problems
Result: NOTE
    BM.circle: no visible global function definition for ‘rainbow’
    BM.circle: no visible global function definition for ‘par’
    BM.circle: no visible global function definition for ‘runif’
    BM.circle: no visible global function definition for ‘dev.hold’
    BM.circle: no visible global function definition for ‘plot’
    BM.circle: no visible global function definition for ‘rnorm’
    BM.circle: no visible global function definition for ‘points’
    MC.hitormiss: no visible global function definition for ‘runif’
    MC.hitormiss: no visible global function definition for ‘optimize’
    MC.hitormiss: no visible global function definition for ‘dev.hold’
    MC.hitormiss: no visible global function definition for ‘curve’
    MC.hitormiss: no visible global function definition for ‘points’
    MC.samplemean: no visible global function definition for ‘runif’
    MC.samplemean: no visible global function definition for ‘dev.hold’
    MC.samplemean: no visible global function definition for ‘curve’
    MC.samplemean: no visible global function definition for ‘rect’
    MC.samplemean: no visible global function definition for ‘abline’
    MC.samplemean: no visible global function definition for ‘rug’
    Rosling.bubbles: no visible global function definition for ‘rgb’
    Rosling.bubbles: no visible global function definition for ‘runif’
    Rosling.bubbles: no visible global function definition for ‘rnorm’
    Rosling.bubbles: no visible global function definition for ‘dev.hold’
    Rosling.bubbles: no visible global function definition for ‘xy.coords’
    Rosling.bubbles: no visible global function definition for ‘plot’
    ani.pause: no visible global function definition for ‘dev.interactive’
    ani.pause: no visible global function definition for ‘dev.flush’
    ani.record: no visible global function definition for ‘dev.cur’
    ani.record: no visible global function definition for ‘recordPlot’
    ani.record: no visible global function definition for ‘dev.hold’
    ani.record: no visible global function definition for ‘replayPlot’
    ani.record: no visible global function definition for ‘dev.flush’
    ani.replay : <anonymous>: no visible global function definition for
     ‘dev.hold’
    ani.replay : <anonymous>: no visible global function definition for
     ‘replayPlot’
    bisection.method: no visible global function definition for ‘curve’
    bisection.method: no visible global function definition for ‘locator’
    bisection.method: no visible global function definition for ‘dev.hold’
    bisection.method: no visible global function definition for ‘abline’
    bisection.method: no visible global function definition for ‘par’
    bisection.method: no visible global function definition for ‘arrows’
    bisection.method: no visible global function definition for ‘mtext’
    boot.iid: no visible global function definition for ‘runif’
    boot.iid: no visible global function definition for ‘hist’
    boot.iid: no visible global function definition for ‘layout’
    boot.iid: no visible global function definition for ‘dev.hold’
    boot.iid: no visible global function definition for ‘sunflowerplot’
    boot.iid: no visible global function definition for ‘points’
    boot.iid: no visible global function definition for ‘lines’
    boot.iid: no visible global function definition for ‘density’
    boot.iid: no visible global function definition for ‘axis’
    boot.iid: no visible global function definition for ‘rug’
    boot.lowess: no visible binding for global variable ‘cars’
    boot.lowess: no visible global function definition for ‘dev.hold’
    boot.lowess: no visible global function definition for ‘plot’
    boot.lowess: no visible global function definition for ‘sunflowerplot’
    boot.lowess : <anonymous>: no visible global function definition for
     ‘lines’
    boot.lowess : <anonymous>: no visible global function definition for
     ‘lowess’
    brownian.motion: no visible global function definition for ‘rnorm’
    brownian.motion: no visible global function definition for ‘dev.hold’
    brownian.motion: no visible global function definition for ‘plot’
    brownian.motion: no visible global function definition for ‘text’
    buffon.needle: no visible global function definition for ‘layout’
    buffon.needle: no visible global function definition for ‘dev.hold’
    buffon.needle: no visible global function definition for ‘plot’
    buffon.needle: no visible global function definition for ‘axis’
    buffon.needle: no visible global function definition for ‘box’
    buffon.needle: no visible global function definition for ‘par’
    buffon.needle: no visible global function definition for ‘rect’
    buffon.needle: no visible global function definition for ‘abline’
    buffon.needle: no visible global function definition for ‘runif’
    buffon.needle: no visible global function definition for ‘segments’
    buffon.needle: no visible global function definition for ‘points’
    buffon.needle: no visible global function definition for ‘text’
    buffon.needle: no visible global function definition for ‘legend’
    clt.ani: no visible binding for global variable ‘rexp’
    clt.ani : <anonymous>: no visible global function definition for
     ‘shapiro.test’
    clt.ani: no visible global function definition for ‘layout’
    clt.ani: no visible global function definition for ‘quantile’
    clt.ani: no visible global function definition for ‘dev.hold’
    clt.ani: no visible global function definition for ‘hist’
    clt.ani: no visible global function definition for ‘lines’
    clt.ani: no visible global function definition for ‘density’
    clt.ani: no visible global function definition for ‘curve’
    clt.ani: no visible global function definition for ‘dnorm’
    clt.ani: no visible global function definition for ‘legend’
    clt.ani: no visible global function definition for ‘plot’
    conf.int: no visible global function definition for ‘rnorm’
    conf.int: no visible global function definition for ‘qnorm’
    conf.int: no visible global function definition for ‘dev.hold’
    conf.int: no visible global function definition for ‘plot’
    conf.int: no visible global function definition for ‘abline’
    conf.int: no visible global function definition for ‘axis’
    conf.int: no visible global function definition for ‘arrows’
    conf.int: no visible global function definition for ‘par’
    conf.int: no visible global function definition for ‘points’
    conf.int: no visible global function definition for ‘legend’
    cv.ani: no visible global function definition for ‘runif’
    cv.ani: no visible global function definition for ‘dev.hold’
    cv.ani: no visible global function definition for ‘plot’
    cv.ani: no visible global function definition for ‘axis’
    cv.ani: no visible global function definition for ‘rect’
    cv.ani: no visible global function definition for ‘points’
    cv.ani: no visible global function definition for ‘text’
    cv.ani: no visible global function definition for ‘quantile’
    cv.nfeaturesLDA: no visible global function definition for ‘rnorm’
    cv.nfeaturesLDA : aovF: no visible global function definition for
     ‘model.matrix’
    cv.nfeaturesLDA: no visible global function definition for ‘par’
    cv.nfeaturesLDA: no visible global function definition for ‘dev.hold’
    cv.nfeaturesLDA: no visible global function definition for ‘as.formula’
    cv.nfeaturesLDA: no visible global function definition for ‘predict’
    cv.nfeaturesLDA: no visible global function definition for ‘plot’
    cv.nfeaturesLDA: no visible global function definition for ‘grid’
    cv.nfeaturesLDA: no visible global function definition for ‘axis’
    cv.nfeaturesLDA: no visible global function definition for ‘text’
    cv.nfeaturesLDA: no visible global function definition for ‘points’
    cv.nfeaturesLDA: no visible global function definition for ‘legend’
    ecol.death.sim: no visible global function definition for ‘dev.hold’
    ecol.death.sim: no visible global function definition for ‘plot’
    ecol.death.sim: no visible global function definition for ‘abline’
    ecol.death.sim: no visible global function definition for ‘points’
    flip.coin: no visible global function definition for ‘runif’
    flip.coin: no visible global function definition for ‘dev.hold’
    flip.coin: no visible global function definition for ‘plot’
    flip.coin: no visible global function definition for ‘abline’
    flip.coin: no visible global function definition for ‘axis’
    flip.coin: no visible global function definition for ‘mtext’
    flip.coin: no visible global function definition for ‘points’
    flip.coin: no visible global function definition for ‘text’
    flip.coin: no visible global function definition for ‘rect’
    flip.coin: no visible global function definition for ‘segments’
    flip.coin: no visible global function definition for ‘box’
    g.brownian.motion: no visible global function definition for ‘rnorm’
    g.brownian.motion: no visible global function definition for
     ‘browseURL’
    grad.desc: no visible global function definition for ‘deriv’
    grad.desc: no visible global function definition for ‘contour’
    grad.desc: no visible global function definition for ‘locator’
    grad.desc: no visible global function definition for ‘dev.hold’
    grad.desc: no visible global function definition for ‘arrows’
    grad.desc: no visible global function definition for ‘par’
    grad.desc : <anonymous>: no visible global function definition for
     ‘persp’
    im.convert: no visible global function definition for ‘head’
    im.convert: no visible global function definition for ‘flush.console’
    kmeans.ani: no visible global function definition for ‘runif’
    kmeans.ani: no visible global function definition for ‘dev.hold’
    kmeans.ani: no visible global function definition for ‘plot’
    kmeans.ani: no visible global function definition for ‘grid’
    kmeans.ani: no visible global function definition for ‘mtext’
    kmeans.ani: no visible global function definition for ‘points’
    kmeans.ani: no visible global function definition for ‘polygon’
    kmeans.ani: no visible global function definition for ‘chull’
    knn.ani: no visible global function definition for ‘rnorm’
    knn.ani: no visible global function definition for ‘plot’
    knn.ani: no visible global function definition for ‘locator’
    knn.ani : pre.plot: no visible global function definition for ‘plot’
    knn.ani : pre.plot: no visible global function definition for ‘points’
    knn.ani : pre.plot: no visible global function definition for ‘legend’
    knn.ani: no visible global function definition for ‘dev.hold’
    knn.ani: no visible global function definition for ‘segments’
    knn.ani: no visible global function definition for ‘polygon’
    knn.ani: no visible global function definition for ‘chull’
    knn.ani: no visible global function definition for ‘points’
    least.squares: no visible global function definition for ‘rnorm’
    least.squares: no visible global function definition for ‘coef’
    least.squares: no visible global function definition for ‘lm’
    least.squares: no visible global function definition for ‘par’
    least.squares: no visible global function definition for ‘dev.hold’
    least.squares: no visible global function definition for ‘plot’
    least.squares: no visible global function definition for ‘abline’
    least.squares: no visible global function definition for ‘points’
    least.squares: no visible global function definition for ‘segments’
    lln.ani: no visible binding for global variable ‘rnorm’
    lln.ani: no visible global function definition for ‘dev.hold’
    lln.ani: no visible global function definition for ‘plot’
    lln.ani: no visible global function definition for ‘axis’
    lln.ani: no visible global function definition for ‘polygon’
    lln.ani: no visible global function definition for ‘points’
    lln.ani: no visible global function definition for ‘abline’
    moving.block: no visible global function definition for ‘runif’
    moving.block : FUN: no visible global function definition for ‘plot’
    moving.block: no visible global function definition for ‘dev.hold’
    mwar.ani: no visible global function definition for ‘rnorm’
    mwar.ani: no visible global function definition for ‘arima’
    mwar.ani: no visible global function definition for ‘coef’
    mwar.ani: no visible global function definition for ‘vcov’
    mwar.ani: no visible global function definition for ‘layout’
    mwar.ani: no visible global function definition for ‘dev.hold’
    mwar.ani: no visible global function definition for ‘plot’
    mwar.ani: no visible global function definition for ‘rect’
    mwar.ani: no visible global function definition for ‘arrows’
    mwar.ani: no visible global function definition for ‘par’
    mwar.ani: no visible global function definition for ‘points’
    newton.method: no visible global function definition for ‘curve’
    newton.method: no visible global function definition for ‘locator’
    newton.method: no visible global function definition for ‘deriv’
    newton.method: no visible global function definition for ‘dev.hold’
    newton.method: no visible global function definition for ‘abline’
    newton.method: no visible global function definition for ‘segments’
    newton.method: no visible global function definition for ‘points’
    newton.method: no visible global function definition for ‘mtext’
    newton.method: no visible global function definition for ‘par’
    newton.method: no visible global function definition for ‘arrows’
    price.ani: no visible global function definition for ‘dev.hold’
    price.ani: no visible global function definition for ‘plot’
    price.ani: no visible global function definition for ‘grid’
    price.ani: no visible global function definition for ‘flush.console’
    quincunx: no visible global function definition for ‘colors’
    quincunx: no visible global function definition for ‘par’
    quincunx: no visible global function definition for ‘rbinom’
    quincunx: no visible global function definition for ‘dev.hold’
    quincunx: no visible global function definition for ‘plot’
    quincunx: no visible global function definition for ‘points’
    quincunx: no visible global function definition for ‘plot.new’
    quincunx: no visible global function definition for ‘hist’
    quincunx2: no visible global function definition for ‘colors’
    quincunx2: no visible global function definition for ‘par’
    quincunx2: no visible global function definition for ‘rbinom’
    quincunx2: no visible global function definition for ‘dev.hold’
    quincunx2: no visible global function definition for ‘plot’
    quincunx2: no visible global function definition for ‘points’
    quincunx2: no visible global function definition for ‘plot.new’
    quincunx2: no visible global function definition for ‘hist’
    sample.cluster: no visible global function definition for ‘runif’
    sample.cluster: no visible global function definition for ‘dev.hold’
    sample.cluster: no visible global function definition for ‘plot’
    sample.cluster: no visible global function definition for ‘rect’
    sample.cluster: no visible global function definition for ‘points’
    sample.ratio: no visible global function definition for ‘runif’
    sample.ratio: no visible global function definition for ‘rnorm’
    sample.ratio: no visible global function definition for ‘dev.hold’
    sample.ratio: no visible global function definition for ‘plot’
    sample.ratio: no visible global function definition for ‘points’
    sample.ratio: no visible global function definition for ‘abline’
    sample.ratio: no visible global function definition for ‘legend’
    sample.simple: no visible global function definition for ‘dev.hold’
    sample.simple: no visible global function definition for ‘plot’
    sample.simple: no visible global function definition for ‘points’
    sample.simple: no visible global function definition for ‘box’
    sample.strat: no visible global function definition for ‘runif’
    sample.strat: no visible global function definition for ‘dev.hold’
    sample.strat: no visible global function definition for ‘plot’
    sample.strat: no visible global function definition for ‘rect’
    sample.strat: no visible global function definition for ‘points’
    sample.system: no visible global function definition for ‘dev.hold’
    sample.system: no visible global function definition for ‘plot’
    sample.system: no visible global function definition for ‘points’
    sample.system: no visible global function definition for ‘box’
    saveGIF: no visible global function definition for ‘dev.off’
    saveHTML: no visible global function definition for ‘sessionInfo’
    saveHTML: no visible global function definition for ‘tail’
    saveHTML: no visible global function definition for ‘dev.off’
    saveHTML: no visible global function definition for
     ‘packageDescription’
    saveHTML: no visible global function definition for ‘browseURL’
    saveLatex: no visible global function definition for ‘dev.off’
    saveMovie: no visible global function definition for ‘dev.off’
    saveSWF: no visible global function definition for ‘dev.off’
    saveVideo: no visible global function definition for ‘dev.off’
    sim.qqnorm: no visible global function definition for ‘dev.hold’
    sim.qqnorm: no visible global function definition for ‘qqnorm’
    sim.qqnorm: no visible global function definition for ‘rnorm’
    vi.grid.illusion: no visible global function definition for ‘par’
    vi.grid.illusion: no visible global function definition for ‘plot.new’
    vi.grid.illusion: no visible global function definition for ‘abline’
    vi.grid.illusion: no visible global function definition for ‘points’
    vi.lilac.chaser: no visible global function definition for ‘par’
    vi.lilac.chaser: no visible global function definition for ‘dev.hold’
    vi.lilac.chaser: no visible global function definition for ‘plot’
    vi.lilac.chaser: no visible global function definition for ‘points’
Flavors: r-devel-linux-x86_64-debian-clang, r-devel-linux-x86_64-debian-gcc, r-devel-windows-ix86+x86_64