CRAN Package Check Results for Package animation

Last updated on 2020-10-25 11:50:26 CET.

Flavor Version Tinstall Tcheck Ttotal Status Flags
r-devel-linux-x86_64-debian-clang 2.6 7.03 38.58 45.61 NOTE
r-devel-linux-x86_64-debian-gcc 2.6 4.91 30.05 34.96 NOTE
r-devel-linux-x86_64-fedora-clang 2.6 61.82 NOTE
r-devel-linux-x86_64-fedora-gcc 2.6 51.79 NOTE
r-devel-windows-ix86+x86_64 2.6 11.00 59.00 70.00 OK
r-patched-linux-x86_64 2.6 5.33 36.46 41.79 NOTE
r-patched-solaris-x86 2.6 72.50 NOTE
r-release-linux-x86_64 2.6 6.63 36.26 42.89 NOTE
r-release-macos-x86_64 2.6 OK
r-release-windows-ix86+x86_64 2.6 8.00 40.00 48.00 OK
r-oldrel-macos-x86_64 2.6 OK
r-oldrel-windows-ix86+x86_64 2.6 9.00 55.00 64.00 OK

Check Details

Version: 2.6
Check: for non-standard things in the check directory
Result: NOTE
    Found the following files/directories:
     'BM-motion-chart.html' 'css' 'images' 'index.html' 'js'
Flavors: r-devel-linux-x86_64-debian-clang, r-devel-linux-x86_64-debian-gcc, r-devel-linux-x86_64-fedora-clang, r-devel-linux-x86_64-fedora-gcc, r-patched-linux-x86_64, r-patched-solaris-x86, r-release-linux-x86_64