CRAN Package Check Results for Package animation

Last updated on 2019-12-15 19:48:31 CET.

Flavor Version Tinstall Tcheck Ttotal Status Flags
r-devel-linux-x86_64-debian-clang 2.6 5.78 35.40 41.18 NOTE
r-devel-linux-x86_64-debian-gcc 2.6 5.32 27.84 33.16 NOTE
r-devel-linux-x86_64-fedora-clang 2.6 50.37 NOTE
r-devel-linux-x86_64-fedora-gcc 2.6 49.65 NOTE
r-devel-windows-ix86+x86_64 2.6 10.00 64.00 74.00 OK
r-devel-windows-ix86+x86_64-gcc8 2.6 12.00 69.00 81.00 OK
r-patched-linux-x86_64 2.6 5.63 32.98 38.61 OK
r-patched-solaris-x86 2.6 65.20 OK
r-release-linux-x86_64 2.6 5.35 32.78 38.13 OK
r-release-windows-ix86+x86_64 2.6 9.00 45.00 54.00 OK
r-release-osx-x86_64 2.6 OK
r-oldrel-windows-ix86+x86_64 2.6 6.00 49.00 55.00 OK
r-oldrel-osx-x86_64 2.6 OK

Check Details

Version: 2.6
Check: for non-standard things in the check directory
Result: NOTE
    Found the following files/directories:
     'BM-motion-chart.html' 'css' 'images' 'index.html' 'js'
Flavors: r-devel-linux-x86_64-debian-clang, r-devel-linux-x86_64-debian-gcc, r-devel-linux-x86_64-fedora-clang, r-devel-linux-x86_64-fedora-gcc