CRAN Package Check Results for Package animation

Last updated on 2015-01-28 03:49:06.

Flavor Version Tinstall Tcheck Ttotal Status Flags
r-devel-linux-x86_64-debian-clang 2.3 1.36 52.20 53.56 NOTE
r-devel-linux-x86_64-debian-gcc 2.3 1.21 51.26 52.47 NOTE
r-devel-linux-x86_64-fedora-clang 2.3 114.15 NOTE
r-devel-linux-x86_64-fedora-gcc 2.3 112.78 NOTE
r-devel-osx-x86_64-clang 2.3 116.58 NOTE
r-devel-windows-ix86+x86_64 2.3 10.00 52.00 62.00 NOTE
r-patched-linux-x86_64 2.3 1.29 53.49 54.78 OK
r-patched-solaris-sparc 2.3 1740.90 OK
r-patched-solaris-x86 2.3 292.10 OK
r-release-linux-ix86 2.3 1.68 77.37 79.04 OK
r-release-linux-x86_64 2.3 1.40 54.23 55.63 OK
r-release-osx-x86_64-mavericks 2.3 OK
r-release-osx-x86_64-snowleopard 2.3 OK
r-release-windows-ix86+x86_64 2.3 6.00 54.00 60.00 OK
r-oldrel-windows-ix86+x86_64 2.3 6.00 60.00 66.00 OK

Check Details

Version: 2.3
Check: dependencies in R code
Result: NOTE
    'library' or 'require' call to ‘MASS’ in package code.
     Please use :: or requireNamespace() instead.
     See section 'Suggested packages' in the 'Writing R Extensions' manual.
Flavors: r-devel-linux-x86_64-debian-clang, r-devel-linux-x86_64-debian-gcc, r-devel-linux-x86_64-fedora-clang, r-devel-linux-x86_64-fedora-gcc, r-devel-osx-x86_64-clang, r-devel-windows-ix86+x86_64