CRAN Package Check Results for Package animation

Last updated on 2016-12-04 20:46:47.

Flavor Version Tinstall Tcheck Ttotal Status Flags
r-devel-linux-x86_64-debian-clang 2.4 1.34 63.87 65.21 ERROR
r-devel-linux-x86_64-debian-gcc 2.4 1.30 62.70 64.00 ERROR
r-devel-linux-x86_64-fedora-clang 2.4 113.47 OK --no-stop-on-test-error
r-devel-linux-x86_64-fedora-gcc 2.4 108.68 OK --no-stop-on-test-error
r-devel-macos-x86_64-clang 2.4 81.21 OK
r-devel-windows-ix86+x86_64 2.4 4.00 101.00 105.00 OK
r-patched-linux-x86_64 2.4 1.30 59.37 60.67 ERROR
r-patched-solaris-sparc 2.4 1721.30 OK
r-patched-solaris-x86 2.4 269.50 OK
r-release-linux-x86_64 2.4 1.30 58.82 60.12 ERROR
r-release-osx-x86_64-mavericks 2.4 OK
r-release-windows-ix86+x86_64 2.4 10.00 72.00 82.00 OK
r-oldrel-windows-ix86+x86_64 2.4 5.00 74.00 79.00 OK

Check Details

Version: 2.4
Check: examples
Result: ERROR
    Running examples in ‘animation-Ex.R’ failed
    The error most likely occurred in:
    
    > base::assign(".ptime", proc.time(), pos = "CheckExEnv")
    > ### Name: vanke1127
    > ### Title: Stock prices of Vanke Co., Ltd on 2009/11/27
    > ### Aliases: vanke1127
    >
    > ### ** Examples
    >
    > tab.price = table(vanke1127$price)
    > plot(as.numeric(names(tab.price)), as.numeric(tab.price), type = 'h',
    + xlab = 'price', ylab = 'frequency')
    >
    > oopt = ani.options(interval = 0.5, loop = FALSE, title = 'Stock price of Vanke')
    >
    > ## a series of HTML animations with different time spans
    > saveHTML({
    + price.ani(vanke1127$price, vanke1127$time, lwd = 2)
    + }, img.name = 'vanke_a', description = 'Prices changing along with time interval 15 min',
    + htmlfile = "vanke1127_1.html")
    HTML file created at: vanke1127_1.html
    >
    > saveHTML({
    + price.ani(vanke1127$price, vanke1127$time, span = 30 * 60, lwd = 3)
    + }, img.name = 'vanke_b', description = 'Prices changing along with time interval 30 min',
    + htmlfile = "vanke1127_2.html")
    HTML file created at: vanke1127_2.html
    >
    > saveHTML({
    + price.ani(vanke1127$price, vanke1127$time, span = 5 * 60, lwd = 2)
    + }, img.name = 'vanke_c', description = 'Prices changing along with time interval 5 min',
    + htmlfile = "vanke1127_3.html")
    HTML file created at: vanke1127_3.html
    >
    > ## GIF animation
    > saveGIF(price.ani(vanke1127$price, vanke1127$time, lwd = 2),
    + movie.name = 'price.gip = 1)
    +
    + ani.options(oopt)
    +
    +
    +
    + base::assign(".dptime", (proc.time() - get(".ptime", pos = "CheckExEnv")), pos = "CheckExEnv")
    + base::cat("vanke1127", base::get(".format_ptime", pos = 'CheckExEnv')(get(".dptime", pos = "CheckExEnv")), "\n", file=base::get(".ExTimings", pos = 'CheckExEnv'), append=TRUE, sep="\t")
    Error: unexpected symbol in:
    "base::assign(".dptime", (proc.time() - get(".ptime", pos = "CheckExEnv")), pos = "CheckExEnv")
    base::cat("vanke1127", base::get(".format_ptime", pos = 'CheckExEnv"
    Execution halted
Flavor: r-devel-linux-x86_64-debian-clang

Version: 2.4
Check: examples
Result: ERROR
    Running examples in ‘animation-Ex.R’ failed
    The error most likely occurred in:
    
    > base::assign(".ptime", proc.time(), pos = "CheckExEnv")
    > ### Name: vanke1127
    > ### Title: Stock prices of Vanke Co., Ltd on 2009/11/27
    > ### Aliases: vanke1127
    >
    > ### ** Examples
    >
    > tab.price = table(vanke1127$price)
    > plot(as.numeric(names(tab.price)), as.numeric(tab.price), type = 'h',
    + xlab = 'price', ylab = 'frequency')
    >
    > oopt = ani.options(interval = 0.5, loop = FALSE, title = 'Stock price of Vanke')
    >
    > ## a series of HTML animations with different time spans
    > saveHTML({
    + price.ani(vanke1127$price, vanke1127$time, lwd = 2)
    + }, img.name = 'vanke_a', description = 'Prices changing along with time interval 15 min',
    + htmlfile = "vanke1127_1.html")
    HTML file created at: vanke1127_1.html
    >
    > saveHTML({
    + price.ani(vanke1127$price, vanke1127$time, span = 30 * 60, lwd = 3)
    + }, img.name = 'vanke_b', description = 'Prices changing along with time interval 30 min',
    + htmlfile = "vanke1127_2.html")
    HTML file created at: vanke1127_2.html
    >
    > saveHTML({
    + price.ani(vanke1127$price, vanke1127$time, span = 5 * 60, lwd = 2)
    + }, img.name = 'vanke_c', description = 'Prices changing along with time interval 5 min',
    + htmlfile = "vanke1127_3.html")
    HTML file created at: vanke1127_3.html
    >
    > ## GIF animation
    > saveGIF(price.ani(vanke1127$price, vanke1127$time, lwd = 2),
    + movie.name = 'price.gi= 1)
    +
    + ani.options(oopt)
    +
    +
    +
    + base::assign(".dptime", (proc.time() - get(".ptime", pos = "CheckExEnv")), pos = "CheckExEnv")
    + base::cat("vanke1127", base::get(".format_ptime", pos = 'CheckExEnv')(get(".dptime", pos = "CheckExEnv")), "\n", file=base::get(".ExTimings", pos = 'CheckExEnv'), append=TRUE, sep="\t")
    Error: unexpected symbol in:
    "base::assign(".dptime", (proc.time() - get(".ptime", pos = "CheckExEnv")), pos = "CheckExEnv")
    base::cat("vanke1127", base::get(".format_ptime", pos = 'CheckExEnv"
    Execution halted
Flavors: r-devel-linux-x86_64-debian-gcc, r-patched-linux-x86_64

Version: 2.4
Check: examples
Result: ERROR
    Running examples in ‘animation-Ex.R’ failed
    The error most likely occurred in:
    
    > base::assign(".ptime", proc.time(), pos = "CheckExEnv")
    > ### Name: vanke1127
    > ### Title: Stock prices of Vanke Co., Ltd on 2009/11/27
    > ### Aliases: vanke1127
    >
    > ### ** Examples
    >
    > tab.price = table(vanke1127$price)
    > plot(as.numeric(names(tab.price)), as.numeric(tab.price), type = 'h',
    + xlab = 'price', ylab = 'frequency')
    >
    > oopt = ani.options(interval = 0.5, loop = FALSE, title = 'Stock price of Vanke')
    >
    > ## a series of HTML animations with different time spans
    > saveHTML({
    + price.ani(vanke1127$price, vanke1127$time, lwd = 2)
    + }, img.name = 'vanke_a', description = 'Prices changing along with time interval 15 min',
    + htmlfile = "vanke1127_1.html")
    HTML file created at: vanke1127_1.html
    >
    > saveHTML({
    + price.ani(vanke1127$price, vanke1127$time, span = 30 * 60, lwd = 3)
    + }, img.name = 'vanke_b', description = 'Prices changing along with time interval 30 min',
    + htmlfile = "vanke1127_2.html")
    HTML file created at: vanke1127_2.html
    >
    > saveHTML({
    + price.ani(vanke1127$price, vanke1127$time, span = 5 * 60, lwd = 2)
    + }, img.name = 'vanke_c', description = 'Prices changing along with time interval 5 min',
    + htmlfile = "vanke1127_3.html")
    HTML file created at: vanke1127_3.html
    >
    > ## GIF animation
    > saveGIF(price.ani(vanke1127$price, vanke1127$time, lwd = 2),
    + movie.name = 'price.gi = 1)
    +
    + ani.options(oopt)
    +
    +
    +
    + base::assign(".dptime", (proc.time() - get(".ptime", pos = "CheckExEnv")), pos = "CheckExEnv")
    + base::cat("vanke1127", base::get(".format_ptime", pos = 'CheckExEnv')(get(".dptime", pos = "CheckExEnv")), "\n", file=base::get(".ExTimings", pos = 'CheckExEnv'), append=TRUE, sep="\t")
    Error: unexpected symbol in:
    "base::assign(".dptime", (proc.time() - get(".ptime", pos = "CheckExEnv")), pos = "CheckExEnv")
    base::cat("vanke1127", base::get(".format_ptime", pos = 'CheckExEnv"
    Execution halted
Flavor: r-release-linux-x86_64