CRAN Package Check Results for Package anipaths

Last updated on 2019-06-15 22:58:32 CEST.

Flavor Version Tinstall Tcheck Ttotal Status Flags
r-devel-linux-x86_64-debian-clang 0.9.7 9.00 63.52 72.52 NOTE
r-devel-linux-x86_64-debian-gcc 0.9.7 7.80 52.14 59.94 NOTE
r-devel-linux-x86_64-fedora-clang 0.9.7 87.42 NOTE
r-devel-linux-x86_64-fedora-gcc 0.9.7 84.32 NOTE
r-devel-windows-ix86+x86_64 0.9.7 21.00 103.00 124.00 OK
r-patched-linux-x86_64 0.9.7 9.84 63.34 73.18 OK
r-patched-solaris-x86 0.9.7 142.50 NOTE
r-release-linux-x86_64 0.9.7 7.76 63.89 71.65 OK
r-release-windows-ix86+x86_64 0.9.7 17.00 102.00 119.00 OK
r-release-osx-x86_64 0.9.7 NOTE
r-oldrel-windows-ix86+x86_64 0.9.7 8.00 102.00 110.00 OK
r-oldrel-osx-x86_64 0.9.7 NOTE

Check Details

Version: 0.9.7
Check: for non-standard things in the check directory
Result: NOTE
    Found the following files/directories:
     'css' 'images' 'index.html' 'js'
Flavors: r-devel-linux-x86_64-debian-clang, r-devel-linux-x86_64-debian-gcc, r-devel-linux-x86_64-fedora-clang, r-devel-linux-x86_64-fedora-gcc

Version: 0.9.7
Check: dependencies in R code
Result: NOTE
    Namespaces in Imports field not imported from:
     ‘knitr’ ‘rgdal’
     All declared Imports should be used.
Flavors: r-devel-linux-x86_64-fedora-clang, r-devel-linux-x86_64-fedora-gcc, r-patched-solaris-x86, r-release-osx-x86_64, r-oldrel-osx-x86_64