CRAN Package Check Results for Package anoint

Last updated on 2016-05-06 12:52:34.

Flavor Version Tinstall Tcheck Ttotal Status Flags
r-devel-linux-x86_64-debian-gcc 1.4 2.86 41.35 44.21 NOTE
r-devel-linux-x86_64-fedora-clang 1.4 86.36 NOTE
r-devel-linux-x86_64-fedora-gcc 1.4 81.39 NOTE
r-devel-osx-x86_64-clang 1.4 87.87 NOTE
r-devel-windows-ix86+x86_64 1.4 8.00 71.00 79.00 NOTE
r-patched-linux-x86_64 1.4 3.03 39.74 42.77 NOTE
r-patched-solaris-sparc 1.4 498.30 NOTE
r-patched-solaris-x86 1.4 109.20 NOTE
r-release-linux-x86_64 1.4 3.05 39.75 42.80 NOTE
r-release-osx-x86_64-mavericks 1.4 OK
r-release-windows-ix86+x86_64 1.4 8.00 71.00 79.00 NOTE
r-oldrel-windows-ix86+x86_64 1.4 12.00 94.00 106.00 OK

Check Details

Version: 1.4
Check: whether the namespace can be loaded with stated dependencies
Result: NOTE
    Warning: no function found corresponding to methods exports from ‘anoint’ for: ‘show’
    
    A namespace must be able to be loaded with just the base namespace
    loaded: otherwise if the namespace gets loaded by a saved object, the
    session will be unable to start.
    
    Probably some imports need to be declared in the NAMESPACE file.
Flavors: r-devel-linux-x86_64-debian-gcc, r-devel-linux-x86_64-fedora-clang, r-devel-linux-x86_64-fedora-gcc, r-devel-osx-x86_64-clang, r-devel-windows-ix86+x86_64, r-patched-linux-x86_64, r-patched-solaris-sparc, r-patched-solaris-x86, r-release-linux-x86_64, r-release-windows-ix86+x86_64