CRAN Package Check Results for Package anoint

Last updated on 2018-02-22 04:48:17 CET.

Flavor Version Tinstall Tcheck Ttotal Status Flags
r-devel-linux-x86_64-debian-clang 1.4 5.80 56.24 62.04 NOTE
r-devel-linux-x86_64-debian-gcc 1.4 5.80 50.86 56.66 NOTE
r-devel-linux-x86_64-fedora-clang 1.4 88.15 NOTE
r-devel-linux-x86_64-fedora-gcc 1.4 83.55 NOTE
r-devel-windows-ix86+x86_64 1.4 17.00 79.00 96.00 NOTE
r-patched-linux-x86_64 1.4 4.61 68.78 73.39 NOTE
r-patched-solaris-x86 1.4 133.20 NOTE
r-release-linux-x86_64 1.4 4.61 68.49 73.10 NOTE
r-release-windows-ix86+x86_64 1.4 10.00 99.00 109.00 NOTE
r-release-osx-x86_64 1.4 NOTE
r-oldrel-windows-ix86+x86_64 1.4 7.00 77.00 84.00 NOTE
r-oldrel-osx-x86_64 1.4 NOTE

Check Details

Version: 1.4
Check: whether the namespace can be loaded with stated dependencies
Result: NOTE
    Warning: no function found corresponding to methods exports from ‘anoint’ for: ‘show’
    
    A namespace must be able to be loaded with just the base namespace
    loaded: otherwise if the namespace gets loaded by a saved object, the
    session will be unable to start.
    
    Probably some imports need to be declared in the NAMESPACE file.
Flavors: r-devel-linux-x86_64-debian-clang, r-devel-linux-x86_64-debian-gcc, r-devel-linux-x86_64-fedora-clang, r-devel-linux-x86_64-fedora-gcc, r-devel-windows-ix86+x86_64, r-patched-linux-x86_64, r-patched-solaris-x86, r-release-linux-x86_64, r-release-windows-ix86+x86_64, r-release-osx-x86_64, r-oldrel-windows-ix86+x86_64, r-oldrel-osx-x86_64