CRAN Package Check Results for Package anoint

Last updated on 2017-05-28 23:49:49.

Flavor Version Tinstall Tcheck Ttotal Status Flags
r-devel-linux-x86_64-debian-clang 1.4 3.29 44.91 48.20 NOTE
r-devel-linux-x86_64-debian-gcc 1.4 3.11 42.27 45.38 NOTE
r-devel-linux-x86_64-fedora-clang 1.4 97.71 NOTE
r-devel-linux-x86_64-fedora-gcc 1.4 93.76 NOTE
r-devel-windows-ix86+x86_64 1.4 8.00 110.00 118.00 NOTE
r-patched-linux-x86_64 1.4 3.34 44.29 47.63 NOTE
r-patched-solaris-sparc 1.4 564.90 NOTE
r-patched-solaris-x86 1.4 132.20 NOTE
r-release-linux-x86_64 1.4 3.02 42.84 45.86 NOTE
r-release-windows-ix86+x86_64 1.4 12.00 99.00 111.00 NOTE
r-release-osx-x86_64 1.4 NOTE
r-oldrel-windows-ix86+x86_64 1.4 13.00 70.00 83.00 NOTE
r-oldrel-osx-x86_64 1.4 NOTE

Check Details

Version: 1.4
Check: whether the namespace can be loaded with stated dependencies
Result: NOTE
    Warning: no function found corresponding to methods exports from ‘anoint’ for: ‘show’
    
    A namespace must be able to be loaded with just the base namespace
    loaded: otherwise if the namespace gets loaded by a saved object, the
    session will be unable to start.
    
    Probably some imports need to be declared in the NAMESPACE file.
Flavors: r-devel-linux-x86_64-debian-clang, r-devel-linux-x86_64-debian-gcc, r-devel-linux-x86_64-fedora-clang, r-devel-linux-x86_64-fedora-gcc, r-devel-windows-ix86+x86_64, r-patched-linux-x86_64, r-patched-solaris-sparc, r-patched-solaris-x86, r-release-linux-x86_64, r-release-windows-ix86+x86_64, r-release-osx-x86_64, r-oldrel-windows-ix86+x86_64, r-oldrel-osx-x86_64