CRAN Package Check Results for Package anoint

Last updated on 2016-12-03 23:47:29.

Flavor Version Tinstall Tcheck Ttotal Status Flags
r-devel-linux-x86_64-debian-clang 1.4 2.70 42.17 44.87 NOTE
r-devel-linux-x86_64-debian-gcc 1.4 2.88 42.21 45.09 NOTE
r-devel-linux-x86_64-fedora-clang 1.4 99.70 NOTE
r-devel-linux-x86_64-fedora-gcc 1.4 96.34 NOTE
r-devel-macos-x86_64-clang 1.4 72.26 NOTE
r-devel-windows-ix86+x86_64 1.4 9.00 101.00 110.00 NOTE
r-patched-linux-x86_64 1.4 2.68 37.61 40.29 NOTE
r-patched-solaris-sparc 1.4 505.70 NOTE
r-patched-solaris-x86 1.4 107.60 NOTE
r-release-linux-x86_64 1.4 2.81 37.13 39.94 NOTE
r-release-osx-x86_64-mavericks 1.4 NOTE
r-release-windows-ix86+x86_64 1.4 10.00 67.00 77.00 NOTE
r-oldrel-windows-ix86+x86_64 1.4 10.00 96.00 106.00 OK

Check Details

Version: 1.4
Check: whether the namespace can be loaded with stated dependencies
Result: NOTE
    Warning: no function found corresponding to methods exports from ‘anoint’ for: ‘show’
    
    A namespace must be able to be loaded with just the base namespace
    loaded: otherwise if the namespace gets loaded by a saved object, the
    session will be unable to start.
    
    Probably some imports need to be declared in the NAMESPACE file.
Flavors: r-devel-linux-x86_64-debian-clang, r-devel-linux-x86_64-debian-gcc, r-devel-linux-x86_64-fedora-clang, r-devel-linux-x86_64-fedora-gcc, r-devel-macos-x86_64-clang, r-devel-windows-ix86+x86_64, r-patched-linux-x86_64, r-patched-solaris-sparc, r-patched-solaris-x86, r-release-linux-x86_64, r-release-osx-x86_64-mavericks, r-release-windows-ix86+x86_64