CRAN Package Check Results for Package anoint

Last updated on 2018-04-21 05:48:34 CEST.

Flavor Version Tinstall Tcheck Ttotal Status Flags
r-devel-linux-x86_64-debian-clang 1.4 6.07 64.59 70.66 NOTE
r-devel-linux-x86_64-debian-gcc 1.4 5.99 51.56 57.55 NOTE
r-devel-linux-x86_64-fedora-clang 1.4 86.61 NOTE
r-devel-linux-x86_64-fedora-gcc 1.4 85.12 NOTE
r-devel-windows-ix86+x86_64 1.4 16.00 105.00 121.00 NOTE
r-devel-osx-x86_64 1.4 NOTE
r-patched-linux-x86_64 1.4 6.80 63.74 70.54 NOTE
r-patched-solaris-x86 1.4 131.20 NOTE
r-release-linux-x86_64 1.4 4.06 67.96 72.02 NOTE
r-release-windows-ix86+x86_64 1.4 11.00 105.00 116.00 NOTE
r-release-osx-x86_64 1.4 NOTE
r-oldrel-windows-ix86+x86_64 1.4 10.00 69.00 79.00 NOTE

Check Details

Version: 1.4
Check: whether the namespace can be loaded with stated dependencies
Result: NOTE
    Warning: no function found corresponding to methods exports from ‘anoint’ for: ‘show’
    
    A namespace must be able to be loaded with just the base namespace
    loaded: otherwise if the namespace gets loaded by a saved object, the
    session will be unable to start.
    
    Probably some imports need to be declared in the NAMESPACE file.
Flavors: r-devel-linux-x86_64-debian-clang, r-devel-linux-x86_64-debian-gcc, r-devel-linux-x86_64-fedora-clang, r-devel-linux-x86_64-fedora-gcc, r-devel-windows-ix86+x86_64, r-devel-osx-x86_64, r-patched-linux-x86_64, r-patched-solaris-x86, r-release-linux-x86_64, r-release-windows-ix86+x86_64, r-release-osx-x86_64, r-oldrel-windows-ix86+x86_64