CRAN Package Check Results for Package anoint

Last updated on 2014-07-22 10:47:15.

Flavor Version Tinstall Tcheck Ttotal Status Flags
r-devel-linux-x86_64-debian-clang 1.3 4.13 49.12 53.25 NOTE
r-devel-linux-x86_64-debian-gcc 1.3 3.85 49.91 53.76 NOTE
r-devel-linux-x86_64-fedora-clang 1.3 128.67 NOTE
r-devel-linux-x86_64-fedora-gcc 1.3 124.22 NOTE
r-devel-osx-x86_64-clang 1.3 99.35 NOTE
r-devel-windows-ix86+x86_64 1.3 12.00 66.00 78.00 NOTE
r-patched-linux-x86_64 1.3 4.00 49.63 53.64 NOTE
r-patched-solaris-sparc 1.3 651.60 NOTE
r-patched-solaris-x86 1.3 167.50 NOTE
r-release-linux-ix86 1.3 4.77 59.46 64.22 NOTE
r-release-linux-x86_64 1.3 4.02 50.07 54.09 NOTE
r-release-osx-x86_64-mavericks 1.3 NOTE
r-release-osx-x86_64-snowleopard 1.3 NOTE
r-release-windows-ix86+x86_64 1.3 9.00 75.00 84.00 NOTE
r-oldrel-windows-ix86+x86_64 1.3 9.00 85.00 94.00 NOTE

Check Details

Version: 1.3
Check: dependencies in R code
Result: NOTE
    Packages in Depends field not imported from:
     ‘MASS’ ‘glmnet’ ‘methods’ ‘survival’
     These packages need to be imported from (in the NAMESPACE file)
     for when this namespace is loaded but not attached.
    See the information on DESCRIPTION files in the chapter ‘Creating R
    packages’ of the ‘Writing R Extensions’ manual.
Flavors: r-devel-linux-x86_64-debian-clang, r-devel-linux-x86_64-debian-gcc, r-devel-linux-x86_64-fedora-clang, r-devel-linux-x86_64-fedora-gcc, r-devel-osx-x86_64-clang, r-devel-windows-ix86+x86_64, r-patched-linux-x86_64, r-patched-solaris-sparc, r-patched-solaris-x86, r-release-linux-ix86, r-release-linux-x86_64, r-release-osx-x86_64-mavericks, r-release-windows-ix86+x86_64, r-oldrel-windows-ix86+x86_64

Version: 1.3
Check: for old-style vignette sources
Result: NOTE
    Vignette sources only in ‘inst/doc’:
     ‘anoint.Rnw’
    A ‘vignettes’ directory is required as from R 3.1.0
    and these will not be indexed nor checked
Flavors: r-devel-linux-x86_64-debian-clang, r-devel-linux-x86_64-debian-gcc, r-devel-linux-x86_64-fedora-clang, r-devel-linux-x86_64-fedora-gcc, r-devel-osx-x86_64-clang, r-devel-windows-ix86+x86_64, r-patched-linux-x86_64, r-patched-solaris-sparc, r-patched-solaris-x86, r-release-linux-ix86, r-release-linux-x86_64, r-release-osx-x86_64-mavericks, r-release-osx-x86_64-snowleopard, r-release-windows-ix86+x86_64

Version: 1.3
Check: Rd line widths
Result: NOTE
    Rd file 'data.mim.Rd':
     \usage lines wider than 90 characters:
     data.anoint(alpha, beta, gamma, mean, vcov, n=100, event=.8, type = c("binomial","survival"))
    
    Rd file 'mim.Rd':
     \usage lines wider than 90 characters:
     anoint(formula,data,family="binomial",select=NULL,nfolds=10,type.measure="deviance",keep.vars=NULL,na.action=na.omit,...)
    
    These lines will be truncated in the PDF manual.
Flavors: r-devel-linux-x86_64-fedora-clang, r-devel-linux-x86_64-fedora-gcc

Version: 1.3
Check: dependencies in R code
Result: NOTE
    Packages in Depends field not imported from:
     'MASS' 'glmnet' 'methods' 'survival'
     These packages need to be imported from for the case when
     this namespace is loaded but not attached.
    See the information on DESCRIPTION files in the chapter 'Creating R
    packages' of the 'Writing R Extensions' manual.
Flavor: r-release-osx-x86_64-snowleopard

Version: 1.3
Check: for old-style vignette sources
Result: NOTE
    Vignette sources only in 'inst/doc':
     'anoint.Rnw'
    A 'vignettes' directory will be required as from R 3.1.0
Flavor: r-oldrel-windows-ix86+x86_64