CRAN Package Check Results for Package anoint

Last updated on 2015-08-30 15:46:34.

Flavor Version Tinstall Tcheck Ttotal Status Flags
r-devel-linux-x86_64-debian-clang 1.4 2.96 40.00 42.96 NOTE
r-devel-linux-x86_64-debian-gcc 1.4 3.45 40.40 43.85 NOTE
r-devel-linux-x86_64-fedora-clang 1.4 87.56 NOTE
r-devel-linux-x86_64-fedora-gcc 1.4 83.29 NOTE
r-devel-osx-x86_64-clang 1.4 66.05 NOTE
r-devel-windows-ix86+x86_64 1.4 13.00 66.00 79.00 NOTE
r-patched-linux-x86_64 1.4 3.06 41.50 44.55 OK
r-patched-solaris-sparc 1.4 552.30 OK
r-patched-solaris-x86 1.4 127.20 OK
r-release-linux-x86_64 1.4 3.00 42.06 45.06 OK
r-release-osx-x86_64-mavericks 1.4 OK
r-release-windows-ix86+x86_64 1.4 11.00 77.00 88.00 OK
r-oldrel-windows-ix86+x86_64 1.4 16.00 111.00 127.00 OK

Check Details

Version: 1.4
Check: whether the namespace can be loaded with stated dependencies
Result: NOTE
    Warning: no function found corresponding to methods exports from ‘anoint’ for: ‘show’
    
    A namespace must be able to be loaded with just the base namespace
    loaded: otherwise if the namespace gets loaded by a saved object, the
    session will be unable to start.
    
    Probably some imports need to be declared in the NAMESPACE file.
Flavors: r-devel-linux-x86_64-debian-clang, r-devel-linux-x86_64-debian-gcc, r-devel-linux-x86_64-fedora-clang, r-devel-linux-x86_64-fedora-gcc, r-devel-osx-x86_64-clang, r-devel-windows-ix86+x86_64