CRAN Package Check Results for Package anoint

Last updated on 2016-06-24 21:46:52.

Flavor Version Tinstall Tcheck Ttotal Status Flags
r-devel-linux-x86_64-debian-gcc 1.4 2.98 40.95 43.93 NOTE
r-devel-linux-x86_64-fedora-clang 1.4 83.61 NOTE
r-devel-linux-x86_64-fedora-gcc 1.4 79.09 NOTE
r-devel-osx-x86_64-clang 1.4 65.59 NOTE
r-devel-windows-ix86+x86_64 1.4 13.00 76.00 89.00 NOTE
r-patched-linux-x86_64 1.4 3.30 40.97 44.27 NOTE
r-patched-solaris-sparc 1.4 505.70 NOTE
r-patched-solaris-x86 1.4 108.60 NOTE
r-release-linux-x86_64 1.4 3.04 41.97 45.00 NOTE
r-release-osx-x86_64-mavericks 1.4 NOTE
r-release-windows-ix86+x86_64 1.4 10.00 66.00 76.00 NOTE
r-oldrel-windows-ix86+x86_64 1.4 15.00 78.00 93.00 OK

Check Details

Version: 1.4
Check: whether the namespace can be loaded with stated dependencies
Result: NOTE
    Warning: no function found corresponding to methods exports from ‘anoint’ for: ‘show’
    
    A namespace must be able to be loaded with just the base namespace
    loaded: otherwise if the namespace gets loaded by a saved object, the
    session will be unable to start.
    
    Probably some imports need to be declared in the NAMESPACE file.
Flavors: r-devel-linux-x86_64-debian-gcc, r-devel-linux-x86_64-fedora-clang, r-devel-linux-x86_64-fedora-gcc, r-devel-osx-x86_64-clang, r-devel-windows-ix86+x86_64, r-patched-linux-x86_64, r-patched-solaris-sparc, r-patched-solaris-x86, r-release-linux-x86_64, r-release-osx-x86_64-mavericks, r-release-windows-ix86+x86_64