CRAN Package Check Results for Package anoint

Last updated on 2014-08-02 03:50:49.

Flavor Version Tinstall Tcheck Ttotal Status Flags
r-devel-linux-x86_64-debian-clang 1.3 4.18 50.59 54.77 NOTE
r-devel-linux-x86_64-debian-gcc 1.3 3.92 48.77 52.69 NOTE
r-devel-linux-x86_64-fedora-clang 1.3 128.72 NOTE
r-devel-linux-x86_64-fedora-gcc 1.3 120.28 NOTE
r-devel-osx-x86_64-clang 1.3 97.77 NOTE
r-devel-windows-ix86+x86_64 1.3 13.00 70.00 83.00 NOTE
r-patched-linux-x86_64 1.3 4.15 49.19 53.34 NOTE
r-patched-solaris-sparc 1.3 650.10 NOTE
r-patched-solaris-x86 1.3 164.70 NOTE
r-release-linux-ix86 1.3 4.70 63.92 68.62 NOTE
r-release-linux-x86_64 1.3 4.02 50.08 54.11 NOTE
r-release-osx-x86_64-mavericks 1.3 NOTE
r-release-osx-x86_64-snowleopard 1.3 NOTE
r-release-windows-ix86+x86_64 1.3 15.00 99.00 114.00 NOTE
r-oldrel-windows-ix86+x86_64 1.3 15.00 114.00 129.00 NOTE

Check Details

Version: 1.3
Check: dependencies in R code
Result: NOTE
    Packages in Depends field not imported from:
     MASS glmnet methods survival
     These packages need to be imported from (in the NAMESPACE file)
     for when this namespace is loaded but not attached.
    See the information on DESCRIPTION files in the chapter Creating R
    packages of the Writing R Extensions manual.
Flavors: r-devel-linux-x86_64-debian-clang, r-devel-linux-x86_64-debian-gcc, r-devel-linux-x86_64-fedora-clang, r-devel-linux-x86_64-fedora-gcc, r-devel-osx-x86_64-clang, r-devel-windows-ix86+x86_64, r-patched-linux-x86_64, r-patched-solaris-sparc, r-patched-solaris-x86, r-release-linux-ix86, r-release-linux-x86_64, r-release-osx-x86_64-mavericks, r-release-windows-ix86+x86_64, r-oldrel-windows-ix86+x86_64

Version: 1.3
Check: for old-style vignette sources
Result: NOTE
    Vignette sources only in inst/doc :
     anoint.Rnw
    A vignettes directory is required as from R 3.1.0
    and these will not be indexed nor checked
Flavors: r-devel-linux-x86_64-debian-clang, r-devel-linux-x86_64-debian-gcc, r-devel-linux-x86_64-fedora-clang, r-devel-linux-x86_64-fedora-gcc, r-devel-osx-x86_64-clang, r-devel-windows-ix86+x86_64, r-patched-linux-x86_64, r-patched-solaris-sparc, r-patched-solaris-x86, r-release-linux-ix86, r-release-linux-x86_64, r-release-osx-x86_64-mavericks, r-release-osx-x86_64-snowleopard, r-release-windows-ix86+x86_64

Version: 1.3
Check: Rd line widths
Result: NOTE
    Rd file 'data.mim.Rd':
     \usage lines wider than 90 characters:
     data.anoint(alpha, beta, gamma, mean, vcov, n=100, event=.8, type = c("binomial","survival"))
    
    Rd file 'mim.Rd':
     \usage lines wider than 90 characters:
     anoint(formula,data,family="binomial",select=NULL,nfolds=10,type.measure="deviance",keep.vars=NULL,na.action=na.omit,...)
    
    These lines will be truncated in the PDF manual.
Flavors: r-devel-linux-x86_64-fedora-clang, r-devel-linux-x86_64-fedora-gcc

Version: 1.3
Check: dependencies in R code
Result: NOTE
    Packages in Depends field not imported from:
     'MASS' 'glmnet' 'methods' 'survival'
     These packages need to be imported from for the case when
     this namespace is loaded but not attached.
    See the information on DESCRIPTION files in the chapter 'Creating R
    packages' of the 'Writing R Extensions' manual.
Flavor: r-release-osx-x86_64-snowleopard

Version: 1.3
Check: for old-style vignette sources
Result: NOTE
    Vignette sources only in 'inst/doc':
     'anoint.Rnw'
    A 'vignettes' directory will be required as from R 3.1.0
Flavor: r-oldrel-windows-ix86+x86_64