CRAN Package Check Results for Package anoint

Last updated on 2017-09-20 13:00:23.

Flavor Version Tinstall Tcheck Ttotal Status Flags
r-devel-linux-x86_64-debian-clang 1.4 2.92 44.27 47.19 NOTE
r-devel-linux-x86_64-debian-gcc 1.4 2.96 42.09 45.05 NOTE
r-devel-linux-x86_64-fedora-clang 1.4 109.60 NOTE
r-devel-linux-x86_64-fedora-gcc 1.4 96.45 NOTE
r-devel-windows-ix86+x86_64 1.4 8.00 99.00 107.00 NOTE
r-patched-linux-x86_64 1.4 2.95 42.69 45.65 NOTE
r-patched-solaris-x86 1.4 137.00 NOTE
r-release-linux-x86_64 1.4 2.88 43.01 45.89 NOTE
r-release-windows-ix86+x86_64 1.4 8.00 78.00 86.00 NOTE
r-release-osx-x86_64 1.4 NOTE
r-oldrel-windows-ix86+x86_64 1.4 6.00 70.00 76.00 NOTE
r-oldrel-osx-x86_64 1.4 NOTE

Check Details

Version: 1.4
Check: whether the namespace can be loaded with stated dependencies
Result: NOTE
    Warning: no function found corresponding to methods exports from ‘anoint’ for: ‘show’
    
    A namespace must be able to be loaded with just the base namespace
    loaded: otherwise if the namespace gets loaded by a saved object, the
    session will be unable to start.
    
    Probably some imports need to be declared in the NAMESPACE file.
Flavors: r-devel-linux-x86_64-debian-clang, r-devel-linux-x86_64-debian-gcc, r-devel-linux-x86_64-fedora-clang, r-devel-linux-x86_64-fedora-gcc, r-devel-windows-ix86+x86_64, r-patched-linux-x86_64, r-patched-solaris-x86, r-release-linux-x86_64, r-release-windows-ix86+x86_64, r-release-osx-x86_64, r-oldrel-windows-ix86+x86_64, r-oldrel-osx-x86_64