CRAN Package Check Results for Package anoint

Last updated on 2017-02-23 05:48:46.

Flavor Version Tinstall Tcheck Ttotal Status Flags
r-devel-linux-x86_64-debian-clang 1.4 3.12 41.63 44.75 NOTE
r-devel-linux-x86_64-debian-gcc 1.4 2.77 41.06 43.83 NOTE
r-devel-linux-x86_64-fedora-clang 1.4 94.71 NOTE --no-stop-on-test-error
r-devel-linux-x86_64-fedora-gcc 1.4 93.07 NOTE --no-stop-on-test-error
r-devel-macos-x86_64-clang 1.4 72.83 NOTE --no-stop-on-test-error
r-devel-windows-ix86+x86_64 1.4 13.00 105.00 118.00 NOTE
r-patched-linux-x86_64 1.4 2.74 37.10 39.84 NOTE
r-patched-solaris-sparc 1.4 511.80 NOTE
r-patched-solaris-x86 1.4 115.50 NOTE
r-release-linux-x86_64 1.4 2.66 36.39 39.05 NOTE
r-release-osx-x86_64-mavericks 1.4 NOTE
r-release-windows-ix86+x86_64 1.4 9.00 93.00 102.00 NOTE
r-oldrel-windows-ix86+x86_64 1.4 11.00 100.00 111.00 OK

Check Details

Version: 1.4
Check: whether the namespace can be loaded with stated dependencies
Result: NOTE
    Warning: no function found corresponding to methods exports from ‘anoint’ for: ‘show’
    
    A namespace must be able to be loaded with just the base namespace
    loaded: otherwise if the namespace gets loaded by a saved object, the
    session will be unable to start.
    
    Probably some imports need to be declared in the NAMESPACE file.
Flavors: r-devel-linux-x86_64-debian-clang, r-devel-linux-x86_64-debian-gcc, r-devel-windows-ix86+x86_64, r-patched-linux-x86_64, r-patched-solaris-sparc, r-patched-solaris-x86, r-release-linux-x86_64, r-release-osx-x86_64-mavericks, r-release-windows-ix86+x86_64

Version: 1.4
Flags: --no-stop-on-test-error
Check: whether the namespace can be loaded with stated dependencies
Result: NOTE
    Warning: no function found corresponding to methods exports from ‘anoint’ for: ‘show’
    
    A namespace must be able to be loaded with just the base namespace
    loaded: otherwise if the namespace gets loaded by a saved object, the
    session will be unable to start.
    
    Probably some imports need to be declared in the NAMESPACE file.
Flavors: r-devel-linux-x86_64-fedora-clang, r-devel-linux-x86_64-fedora-gcc, r-devel-macos-x86_64-clang