CRAN Package Check Results for Package anoint

Last updated on 2017-01-20 10:47:39.

Flavor Version Tinstall Tcheck Ttotal Status Flags
r-devel-linux-x86_64-debian-clang 1.4 2.78 41.33 44.11 NOTE
r-devel-linux-x86_64-debian-gcc 1.4 2.90 40.73 43.62 NOTE
r-devel-linux-x86_64-fedora-clang 1.4 95.89 NOTE --no-stop-on-test-error
r-devel-linux-x86_64-fedora-gcc 1.4 93.26 NOTE --no-stop-on-test-error
r-devel-macos-x86_64-clang 1.4 71.29 NOTE --no-stop-on-test-error
r-devel-windows-ix86+x86_64 1.4 11.00 96.00 107.00 NOTE
r-patched-linux-x86_64 1.4 2.72 36.89 39.61 NOTE
r-patched-solaris-sparc 1.4 511.80 NOTE
r-patched-solaris-x86 1.4 108.10 NOTE
r-release-linux-x86_64 1.4 2.58 36.97 39.55 NOTE
r-release-osx-x86_64-mavericks 1.4 NOTE
r-release-windows-ix86+x86_64 1.4 8.00 90.00 98.00 NOTE
r-oldrel-windows-ix86+x86_64 1.4 8.00 89.00 97.00 OK

Check Details

Version: 1.4
Check: whether the namespace can be loaded with stated dependencies
Result: NOTE
    Warning: no function found corresponding to methods exports from ‘anoint’ for: ‘show’
    
    A namespace must be able to be loaded with just the base namespace
    loaded: otherwise if the namespace gets loaded by a saved object, the
    session will be unable to start.
    
    Probably some imports need to be declared in the NAMESPACE file.
Flavors: r-devel-linux-x86_64-debian-clang, r-devel-linux-x86_64-debian-gcc, r-devel-windows-ix86+x86_64, r-patched-linux-x86_64, r-patched-solaris-sparc, r-patched-solaris-x86, r-release-linux-x86_64, r-release-osx-x86_64-mavericks, r-release-windows-ix86+x86_64

Version: 1.4
Flags: --no-stop-on-test-error
Check: whether the namespace can be loaded with stated dependencies
Result: NOTE
    Warning: no function found corresponding to methods exports from ‘anoint’ for: ‘show’
    
    A namespace must be able to be loaded with just the base namespace
    loaded: otherwise if the namespace gets loaded by a saved object, the
    session will be unable to start.
    
    Probably some imports need to be declared in the NAMESPACE file.
Flavors: r-devel-linux-x86_64-fedora-clang, r-devel-linux-x86_64-fedora-gcc, r-devel-macos-x86_64-clang