CRAN Package Check Results for Package anoint

Last updated on 2017-07-27 14:46:51.

Flavor Version Tinstall Tcheck Ttotal Status Flags
r-devel-linux-x86_64-debian-clang 1.4 2.83 51.06 53.90 NOTE
r-devel-linux-x86_64-debian-gcc 1.4 2.85 49.11 51.96 NOTE
r-devel-linux-x86_64-fedora-clang 1.4 97.84 NOTE
r-devel-linux-x86_64-fedora-gcc 1.4 99.01 NOTE
r-devel-windows-ix86+x86_64 1.4 14.00 98.00 112.00 NOTE
r-patched-linux-x86_64 1.4 3.03 49.50 52.53 NOTE
r-patched-solaris-x86 1.4 135.60 NOTE
r-release-linux-x86_64 1.4 3.06 49.40 52.46 NOTE
r-release-windows-ix86+x86_64 1.4 14.00 96.00 110.00 NOTE
r-release-osx-x86_64 1.4 NOTE
r-oldrel-windows-ix86+x86_64 1.4 8.00 74.00 82.00 NOTE
r-oldrel-osx-x86_64 1.4 NOTE

Check Details

Version: 1.4
Check: whether the namespace can be loaded with stated dependencies
Result: NOTE
    Warning: no function found corresponding to methods exports from ‘anoint’ for: ‘show’
    
    A namespace must be able to be loaded with just the base namespace
    loaded: otherwise if the namespace gets loaded by a saved object, the
    session will be unable to start.
    
    Probably some imports need to be declared in the NAMESPACE file.
Flavors: r-devel-linux-x86_64-debian-clang, r-devel-linux-x86_64-debian-gcc, r-devel-linux-x86_64-fedora-clang, r-devel-linux-x86_64-fedora-gcc, r-devel-windows-ix86+x86_64, r-patched-linux-x86_64, r-patched-solaris-x86, r-release-linux-x86_64, r-release-windows-ix86+x86_64, r-release-osx-x86_64, r-oldrel-windows-ix86+x86_64, r-oldrel-osx-x86_64