CRAN Package Check Results for Package anoint

Last updated on 2016-02-14 21:46:53.

Flavor Version Tinstall Tcheck Ttotal Status Flags
r-devel-linux-x86_64-debian-gcc 1.4 2.81 39.62 42.43 NOTE
r-devel-linux-x86_64-fedora-clang 1.4 84.05 NOTE
r-devel-linux-x86_64-fedora-gcc 1.4 81.69 NOTE
r-devel-osx-x86_64-clang 1.4 87.82 NOTE
r-devel-windows-ix86+x86_64 1.4 11.00 89.00 100.00 NOTE
r-patched-linux-x86_64 1.4 3.11 42.48 45.59 OK
r-patched-solaris-sparc 1.4 529.90 OK
r-patched-solaris-x86 1.4 114.60 OK
r-release-linux-x86_64 1.4 3.13 42.97 46.10 OK
r-release-osx-x86_64-mavericks 1.4 OK
r-release-windows-ix86+x86_64 1.4 13.00 74.00 87.00 OK
r-oldrel-windows-ix86+x86_64 1.4 16.00 92.00 108.00 OK

Check Details

Version: 1.4
Check: whether the namespace can be loaded with stated dependencies
Result: NOTE
    Warning: no function found corresponding to methods exports from ‘anoint’ for: ‘show’
    
    A namespace must be able to be loaded with just the base namespace
    loaded: otherwise if the namespace gets loaded by a saved object, the
    session will be unable to start.
    
    Probably some imports need to be declared in the NAMESPACE file.
Flavors: r-devel-linux-x86_64-debian-gcc, r-devel-linux-x86_64-fedora-clang, r-devel-linux-x86_64-fedora-gcc, r-devel-osx-x86_64-clang, r-devel-windows-ix86+x86_64