CRAN Package Check Results for Package anoint

Last updated on 2016-08-30 19:47:18.

Flavor Version Tinstall Tcheck Ttotal Status Flags
r-devel-linux-x86_64-debian-clang 1.4 2.64 38.29 40.93 NOTE
r-devel-linux-x86_64-debian-gcc 1.4 2.70 37.38 40.07 NOTE
r-devel-linux-x86_64-fedora-clang 1.4 87.07 NOTE
r-devel-linux-x86_64-fedora-gcc 1.4 79.87 NOTE
r-devel-osx-x86_64-clang 1.4 66.97 NOTE
r-devel-windows-ix86+x86_64 1.4 10.00 60.00 70.00 NOTE
r-patched-linux-x86_64 1.4 2.90 40.49 43.39 NOTE
r-patched-solaris-sparc 1.4 505.70 NOTE
r-patched-solaris-x86 1.4 107.70 NOTE
r-release-linux-x86_64 1.4 2.50 36.83 39.33 NOTE
r-release-osx-x86_64-mavericks 1.4 NOTE
r-release-windows-ix86+x86_64 1.4 10.00 84.00 94.00 NOTE
r-oldrel-windows-ix86+x86_64 1.4 12.00 70.00 82.00 OK

Check Details

Version: 1.4
Check: whether the namespace can be loaded with stated dependencies
Result: NOTE
    Warning: no function found corresponding to methods exports from ‘anoint’ for: ‘show’
    
    A namespace must be able to be loaded with just the base namespace
    loaded: otherwise if the namespace gets loaded by a saved object, the
    session will be unable to start.
    
    Probably some imports need to be declared in the NAMESPACE file.
Flavors: r-devel-linux-x86_64-debian-clang, r-devel-linux-x86_64-debian-gcc, r-devel-linux-x86_64-fedora-clang, r-devel-linux-x86_64-fedora-gcc, r-devel-osx-x86_64-clang, r-devel-windows-ix86+x86_64, r-patched-linux-x86_64, r-patched-solaris-sparc, r-patched-solaris-x86, r-release-linux-x86_64, r-release-osx-x86_64-mavericks, r-release-windows-ix86+x86_64