CRAN Package Check Results for Package anoint

Last updated on 2017-11-25 09:49:11 CET.

Flavor Version Tinstall Tcheck Ttotal Status Flags
r-devel-linux-x86_64-debian-clang 1.4 3.58 94.38 97.96 NOTE
r-devel-linux-x86_64-debian-gcc 1.4 3.65 88.69 92.33 NOTE
r-devel-linux-x86_64-fedora-clang 1.4 83.20 NOTE
r-devel-linux-x86_64-fedora-gcc 1.4 82.73 NOTE
r-devel-windows-ix86+x86_64 1.4 8.00 102.00 110.00 NOTE
r-patched-linux-x86_64 1.4 3.77 96.87 100.65 NOTE
r-patched-solaris-x86 1.4 138.50 NOTE
r-release-linux-x86_64 1.4 4.33 104.71 109.04 NOTE
r-release-windows-ix86+x86_64 1.4 8.00 70.00 78.00 NOTE
r-release-osx-x86_64 1.4 NOTE
r-oldrel-windows-ix86+x86_64 1.4 8.00 78.00 86.00 NOTE
r-oldrel-osx-x86_64 1.4 NOTE

Check Details

Version: 1.4
Check: whether the namespace can be loaded with stated dependencies
Result: NOTE
    Warning: no function found corresponding to methods exports from ‘anoint’ for: ‘show’
    
    A namespace must be able to be loaded with just the base namespace
    loaded: otherwise if the namespace gets loaded by a saved object, the
    session will be unable to start.
    
    Probably some imports need to be declared in the NAMESPACE file.
Flavors: r-devel-linux-x86_64-debian-clang, r-devel-linux-x86_64-debian-gcc, r-devel-linux-x86_64-fedora-clang, r-devel-linux-x86_64-fedora-gcc, r-devel-windows-ix86+x86_64, r-patched-linux-x86_64, r-patched-solaris-x86, r-release-linux-x86_64, r-release-windows-ix86+x86_64, r-release-osx-x86_64, r-oldrel-windows-ix86+x86_64, r-oldrel-osx-x86_64