CRAN Package Check Results for Package ant

Last updated on 2014-07-24 17:48:57.

Flavor Version Tinstall Tcheck Ttotal Status Flags
r-devel-linux-x86_64-debian-clang 0.0-10 5.91 17.20 23.11 NOTE
r-devel-linux-x86_64-debian-gcc 0.0-10 5.44 17.00 22.44 NOTE
r-devel-linux-x86_64-fedora-clang 0.0-10 49.06 NOTE
r-devel-linux-x86_64-fedora-gcc 0.0-10 49.02 NOTE
r-devel-osx-x86_64-clang 0.0-10 43.31 NOTE
r-devel-windows-ix86+x86_64 0.0-10 12.00 26.00 38.00 NOTE
r-patched-linux-x86_64 0.0-10 5.27 17.49 22.76 NOTE
r-patched-solaris-sparc 0.0-10 271.70 NOTE
r-patched-solaris-x86 0.0-10 70.70 NOTE
r-release-linux-ix86 0.0-10 7.52 23.64 31.16 NOTE
r-release-linux-x86_64 0.0-10 5.27 17.77 23.04 NOTE
r-release-osx-x86_64-mavericks 0.0-10 NOTE
r-release-windows-ix86+x86_64 0.0-10 15.00 27.00 42.00 NOTE
r-oldrel-windows-ix86+x86_64 0.0-10 10.00 27.00 37.00 NOTE

Check Details

Version: 0.0-10
Check: dependencies in R code
Result: NOTE
    Package in Depends field not imported from: ‘rJava’
     These packages need to be imported from (in the NAMESPACE file)
     for when this namespace is loaded but not attached.
    See the information on DESCRIPTION files in the chapter ‘Creating R
    packages’ of the ‘Writing R Extensions’ manual.
Flavors: r-devel-linux-x86_64-debian-clang, r-devel-linux-x86_64-debian-gcc, r-devel-linux-x86_64-fedora-clang, r-devel-linux-x86_64-fedora-gcc, r-devel-osx-x86_64-clang, r-devel-windows-ix86+x86_64, r-patched-linux-x86_64, r-patched-solaris-sparc, r-patched-solaris-x86, r-release-linux-ix86, r-release-linux-x86_64, r-release-osx-x86_64-mavericks, r-release-windows-ix86+x86_64, r-oldrel-windows-ix86+x86_64