CRAN Package Check Results for Package ant

Last updated on 2014-04-24 19:53:53.

Flavor Version Tinstall Tcheck Ttotal Status Flags
r-devel-linux-x86_64-debian-clang 0.0-10 5.63 18.00 23.63 NOTE
r-devel-linux-x86_64-debian-gcc 0.0-10 5.68 18.69 24.37 NOTE
r-devel-linux-x86_64-fedora-clang 0.0-10 50.32 NOTE
r-devel-linux-x86_64-fedora-gcc 0.0-10 47.23 NOTE
r-devel-osx-x86_64-clang 0.0-10 40.64 NOTE
r-devel-osx-x86_64-gcc 0.0-10 NOTE
r-devel-windows-ix86+x86_64 0.0-10 11.00 26.00 37.00 NOTE
r-patched-linux-x86_64 0.0-10 5.44 18.01 23.45 NOTE
r-patched-solaris-sparc 0.0-10 271.70 NOTE
r-patched-solaris-x86 0.0-10 64.20 NOTE
r-release-linux-ix86 0.0-10 9.00 33.00 42.00 NOTE
r-release-linux-x86_64 0.0-10 5.37 18.08 23.44 NOTE
r-release-osx-x86_64-mavericks 0.0-10 NOTE
r-release-windows-ix86+x86_64 0.0-10 18.00 36.00 54.00 NOTE
r-oldrel-windows-ix86+x86_64 0.0-10 10.00 27.00 37.00 NOTE

Check Details

Version: 0.0-10
Check: dependencies in R code
Result: NOTE
    Package in Depends field not imported from: ‘rJava’
     These packages need to be imported from (in the NAMESPACE file)
     for when this namespace is loaded but not attached.
    See the information on DESCRIPTION files in the chapter ‘Creating R
    packages’ of the ‘Writing R Extensions’ manual.
Flavors: r-devel-linux-x86_64-debian-clang, r-devel-linux-x86_64-debian-gcc, r-devel-linux-x86_64-fedora-clang, r-devel-linux-x86_64-fedora-gcc, r-devel-osx-x86_64-clang, r-devel-osx-x86_64-gcc, r-devel-windows-ix86+x86_64, r-patched-linux-x86_64, r-patched-solaris-sparc, r-patched-solaris-x86, r-release-linux-ix86, r-release-linux-x86_64, r-release-osx-x86_64-mavericks, r-release-windows-ix86+x86_64, r-oldrel-windows-ix86+x86_64