CRAN Package Check Results for Package antaresProcessing

Last updated on 2021-04-14 08:48:10 CEST.

Flavor Version Tinstall Tcheck Ttotal Status Flags
r-devel-linux-x86_64-debian-clang 0.18.0 6.66 145.01 151.67 NOTE
r-devel-linux-x86_64-debian-gcc 0.18.0 5.07 110.31 115.38 NOTE
r-devel-linux-x86_64-fedora-clang 0.18.0 159.96 NOTE
r-devel-linux-x86_64-fedora-gcc 0.18.0 144.94 NOTE
r-devel-windows-ix86+x86_64 0.18.0 14.00 148.00 162.00 NOTE
r-devel-windows-x86_64-gcc10-UCRT 0.18.0 NOTE
r-patched-linux-x86_64 0.18.0 4.98 120.83 125.81 OK
r-patched-solaris-x86 0.18.0 180.20 OK
r-release-linux-x86_64 0.18.0 5.05 127.32 132.37 OK
r-release-macos-x86_64 0.18.0 OK
r-release-windows-ix86+x86_64 0.18.0 15.00 159.00 174.00 OK
r-oldrel-macos-x86_64 0.18.0 OK
r-oldrel-windows-ix86+x86_64 0.18.0 11.00 118.00 129.00 OK

Check Details

Version: 0.18.0
Check: LazyData
Result: NOTE
     'LazyData' is specified without a 'data' directory
Flavors: r-devel-linux-x86_64-debian-clang, r-devel-linux-x86_64-debian-gcc, r-devel-linux-x86_64-fedora-clang, r-devel-linux-x86_64-fedora-gcc, r-devel-windows-ix86+x86_64, r-devel-windows-x86_64-gcc10-UCRT

Version: 0.18.0
Check: package dependencies
Result: NOTE
    Package suggested but not available for checking: 'rhdf5'
Flavor: r-devel-windows-x86_64-gcc10-UCRT