CRAN Package Check Results for Package antaresRead

Last updated on 2021-03-03 12:46:57 CET.

Flavor Version Tinstall Tcheck Ttotal Status Flags
r-devel-linux-x86_64-debian-clang 2.2.5 OK
r-devel-linux-x86_64-debian-gcc 2.2.5 7.29 143.82 151.11 OK
r-devel-linux-x86_64-fedora-clang 2.2.5 215.14 OK
r-devel-linux-x86_64-fedora-gcc 2.2.5 193.88 OK
r-devel-windows-ix86+x86_64 2.2.5 19.00 184.00 203.00 OK
r-patched-linux-x86_64 2.2.5 8.64 158.69 167.33 OK
r-patched-solaris-x86 2.2.5 238.70 WARN
r-release-linux-x86_64 2.2.5 9.09 159.42 168.51 OK
r-release-macos-x86_64 2.2.5 WARN
r-release-windows-ix86+x86_64 2.2.5 13.00 143.00 156.00 OK
r-oldrel-macos-x86_64 2.2.5 WARN
r-oldrel-windows-ix86+x86_64 2.2.5 16.00 186.00 202.00 OK

Check Details

Version: 2.2.5
Check: re-building of vignette outputs
Result: WARN
    Error(s) in re-building vignettes:
     ...
    --- re-building ‘antaresH5.Rmd’ using rmarkdown
    Warning in engine$weave(file, quiet = quiet, encoding = enc) :
     Pandoc (>= 1.12.3) and/or pandoc-citeproc not available. Falling back to R Markdown v1.
    Quitting from lines 51-85 (antaresH5.Rmd)
    Error: processing vignette 'antaresH5.Rmd' failed with diagnostics:
    there is no package called 'webshot'
    --- failed re-building ‘antaresH5.Rmd’
    
    --- re-building ‘antaresRead.Rmd’ using rmarkdown
    Warning in engine$weave(file, quiet = quiet, encoding = enc) :
     Pandoc (>= 1.12.3) and/or pandoc-citeproc not available. Falling back to R Markdown v1.
    --- finished re-building ‘antaresRead.Rmd’
    
    SUMMARY: processing the following file failed:
     ‘antaresH5.Rmd’
    
    Error: Vignette re-building failed.
    Execution halted
Flavor: r-patched-solaris-x86

Version: 2.2.5
Check: re-building of vignette outputs
Result: WARN
    Error(s) in re-building vignettes:
     ...
    --- re-building ‘antaresH5.Rmd’ using rmarkdown
    Warning in engine$weave(file, quiet = quiet, encoding = enc) :
     Pandoc (>= 1.12.3) and/or pandoc-citeproc not available. Falling back to R Markdown v1.
    Quitting from lines 51-85 (antaresH5.Rmd)
    Error: processing vignette 'antaresH5.Rmd' failed with diagnostics:
    cannot open the connection
    --- failed re-building ‘antaresH5.Rmd’
    
    --- re-building ‘antaresRead.Rmd’ using rmarkdown
    Warning in engine$weave(file, quiet = quiet, encoding = enc) :
     Pandoc (>= 1.12.3) and/or pandoc-citeproc not available. Falling back to R Markdown v1.
    --- finished re-building ‘antaresRead.Rmd’
    
    SUMMARY: processing the following file failed:
     ‘antaresH5.Rmd’
    
    Error: Vignette re-building failed.
    Execution halted
Flavors: r-release-macos-x86_64, r-oldrel-macos-x86_64