Last updated on 2023-04-01 05:50:34 CEST.
Flavor | Version | Tinstall | Tcheck | Ttotal | Status | Flags |
---|---|---|---|---|---|---|
r-devel-linux-x86_64-debian-clang | 0.1.0 | 5.05 | 31.83 | 36.88 | NOTE | |
r-devel-linux-x86_64-debian-gcc | 0.1.0 | 2.84 | 24.82 | 27.66 | NOTE | |
r-devel-linux-x86_64-fedora-clang | 0.1.0 | 46.89 | NOTE | |||
r-devel-linux-x86_64-fedora-gcc | 0.1.0 | 43.01 | NOTE | |||
r-devel-windows-x86_64 | 0.1.0 | 10.00 | 0.00 | 10.00 | NOTE | |
r-patched-linux-x86_64 | 0.1.0 | 4.51 | 30.35 | 34.86 | NOTE | |
r-release-linux-x86_64 | 0.1.0 | 4.08 | 31.88 | 35.96 | NOTE | |
r-release-macos-arm64 | 0.1.0 | 18.00 | NOTE | |||
r-release-macos-x86_64 | 0.1.0 | 28.00 | NOTE | |||
r-release-windows-x86_64 | 0.1.0 | 15.00 | 71.00 | 86.00 | NOTE | |
r-oldrel-macos-arm64 | 0.1.0 | 23.00 | NOTE | |||
r-oldrel-macos-x86_64 | 0.1.0 | 32.00 | NOTE | |||
r-oldrel-windows-ix86+x86_64 | 0.1.0 | 9.00 | 59.00 | 68.00 | NOTE |
Version: 0.1.0
Check: LazyData
Result: NOTE
'LazyData' is specified without a 'data' directory
Flavors: r-devel-linux-x86_64-debian-clang, r-devel-linux-x86_64-debian-gcc, r-devel-linux-x86_64-fedora-clang, r-devel-linux-x86_64-fedora-gcc, r-devel-windows-x86_64, r-patched-linux-x86_64, r-release-linux-x86_64, r-release-macos-arm64, r-release-macos-x86_64, r-release-windows-x86_64, r-oldrel-macos-arm64, r-oldrel-macos-x86_64, r-oldrel-windows-ix86+x86_64
Version: 0.1.0
Check: dependencies in R code
Result: NOTE
Namespace in Imports field not imported from: ‘R6’
All declared Imports should be used.
Flavors: r-devel-linux-x86_64-fedora-clang, r-devel-linux-x86_64-fedora-gcc, r-release-macos-arm64, r-release-macos-x86_64, r-oldrel-macos-arm64, r-oldrel-macos-x86_64