Last updated on 2023-11-28 11:50:28 CET.
Flavor | Version | Tinstall | Tcheck | Ttotal | Status | Flags |
---|---|---|---|---|---|---|
r-devel-linux-x86_64-debian-clang | 1.3.2 | 6.26 | 51.43 | 57.69 | NOTE | |
r-devel-linux-x86_64-debian-gcc | 1.3.2 | 4.84 | 39.36 | 44.20 | NOTE | |
r-devel-linux-x86_64-fedora-clang | 1.3.2 | 73.39 | NOTE | |||
r-devel-linux-x86_64-fedora-gcc | 1.3.2 | 69.37 | OK | |||
r-devel-windows-x86_64 | 1.3.2 | 6.00 | 68.00 | 74.00 | OK | |
r-patched-linux-x86_64 | 1.3.2 | 7.04 | 50.28 | 57.32 | OK | |
r-release-linux-x86_64 | 1.3.2 | 5.70 | 50.01 | 55.71 | OK | |
r-release-macos-arm64 | 1.3.2 | 24.00 | OK | |||
r-release-macos-x86_64 | 1.3.2 | 37.00 | OK | |||
r-release-windows-x86_64 | 1.3.2 | 7.00 | 72.00 | 79.00 | OK | |
r-oldrel-macos-arm64 | 1.3.2 | 25.00 | OK | |||
r-oldrel-macos-x86_64 | 1.3.2 | 37.00 | OK | |||
r-oldrel-windows-x86_64 | 1.3.2 | 14.00 | 77.00 | 91.00 | OK |
Version: 1.3.2
Check: Rd files
Result: NOTE
checkRd: (-1) aic-class.Rd:10: Lost braces in \itemize; meant \describe ?
checkRd: (-1) aic-class.Rd:11: Lost braces in \itemize; meant \describe ?
checkRd: (-1) aic-class.Rd:12: Lost braces in \itemize; meant \describe ?
Flavors: r-devel-linux-x86_64-debian-clang, r-devel-linux-x86_64-debian-gcc
Version: 1.3.2
Check: Rd cross-references
Result: NOTE
Undeclared packages ‘geepack’, ‘dispmod’ in Rd xrefs
Flavor: r-devel-linux-x86_64-fedora-clang