CRAN Package Check Results for Package aod

Last updated on 2014-09-30 17:48:20.

Flavor Version Tinstall Tcheck Ttotal Status Flags
r-devel-linux-x86_64-debian-clang 1.3 1.28 23.66 24.93 NOTE
r-devel-linux-x86_64-debian-gcc 1.3 1.25 22.97 24.22 NOTE
r-devel-linux-x86_64-fedora-clang 1.3 53.10 NOTE
r-devel-linux-x86_64-fedora-gcc 1.3 52.46 NOTE
r-devel-osx-x86_64-clang 1.3 46.46 NOTE
r-devel-windows-ix86+x86_64 1.3 4.00 35.00 39.00 NOTE
r-patched-linux-x86_64 1.3 1.27 27.77 29.04 OK
r-patched-solaris-sparc 1.3 326.00 OK
r-patched-solaris-x86 1.3 80.50 OK
r-release-linux-ix86 1.3 1.87 34.61 36.48 OK
r-release-linux-x86_64 1.3 1.36 26.43 27.79 OK
r-release-osx-x86_64-mavericks 1.3 OK
r-release-windows-ix86+x86_64 1.3 4.00 40.00 44.00 OK
r-oldrel-windows-ix86+x86_64 1.3 4.00 40.00 44.00 OK

Check Details

Version: 1.3
Check: R code for possible problems
Result: NOTE
    varbin: no visible global function definition for ‘boot’
Flavors: r-devel-linux-x86_64-debian-clang, r-devel-linux-x86_64-debian-gcc, r-devel-linux-x86_64-fedora-clang, r-devel-linux-x86_64-fedora-gcc, r-devel-osx-x86_64-clang, r-devel-windows-ix86+x86_64