CRAN Package Check Results for Package aod

Last updated on 2016-08-26 23:48:44.

Flavor Version Tinstall Tcheck Ttotal Status Flags
r-devel-linux-x86_64-debian-clang 1.3 1.21 22.25 23.46 NOTE
r-devel-linux-x86_64-debian-gcc 1.3 1.49 29.56 31.05 NOTE
r-devel-linux-x86_64-fedora-clang 1.3 44.41 NOTE
r-devel-linux-x86_64-fedora-gcc 1.3 40.78 NOTE
r-devel-osx-x86_64-clang 1.3 36.41 NOTE
r-devel-windows-ix86+x86_64 1.3 4.00 47.00 51.00 NOTE
r-patched-linux-x86_64 1.3 1.20 21.89 23.09 NOTE
r-patched-solaris-sparc 1.3 265.30 NOTE
r-patched-solaris-x86 1.3 54.90 NOTE
r-release-linux-x86_64 1.3 1.33 22.24 23.57 NOTE
r-release-osx-x86_64-mavericks 1.3 NOTE
r-release-windows-ix86+x86_64 1.3 6.00 47.00 53.00 NOTE
r-oldrel-windows-ix86+x86_64 1.3 4.00 45.00 49.00 NOTE

Check Details

Version: 1.3
Check: dependencies in R code
Result: NOTE
    'library' or 'require' call to ‘boot’ in package code.
     Please use :: or requireNamespace() instead.
     See section 'Suggested packages' in the 'Writing R Extensions' manual.
Flavors: r-devel-linux-x86_64-debian-clang, r-devel-linux-x86_64-debian-gcc, r-devel-linux-x86_64-fedora-clang, r-devel-linux-x86_64-fedora-gcc, r-devel-osx-x86_64-clang, r-devel-windows-ix86+x86_64, r-patched-linux-x86_64, r-patched-solaris-sparc, r-patched-solaris-x86, r-release-linux-x86_64, r-release-osx-x86_64-mavericks, r-release-windows-ix86+x86_64, r-oldrel-windows-ix86+x86_64

Version: 1.3
Check: S3 generic/method consistency
Result: NOTE
    Found the following apparent S3 methods exported but not registered:
     print.wald.test
    See section ‘Registering S3 methods’ in the ‘Writing R Extensions’
    manual.
Flavors: r-devel-linux-x86_64-debian-clang, r-devel-linux-x86_64-debian-gcc, r-devel-linux-x86_64-fedora-clang, r-devel-linux-x86_64-fedora-gcc, r-devel-osx-x86_64-clang, r-patched-linux-x86_64, r-patched-solaris-sparc, r-patched-solaris-x86, r-release-linux-x86_64

Version: 1.3
Check: R code for possible problems
Result: NOTE
    varbin: no visible global function definition for ‘boot’
    Undefined global functions or variables:
     boot
Flavors: r-devel-linux-x86_64-debian-clang, r-devel-linux-x86_64-debian-gcc, r-devel-linux-x86_64-fedora-clang, r-devel-linux-x86_64-fedora-gcc, r-devel-osx-x86_64-clang, r-devel-windows-ix86+x86_64, r-patched-linux-x86_64, r-patched-solaris-sparc, r-patched-solaris-x86, r-release-linux-x86_64, r-release-osx-x86_64-mavericks, r-release-windows-ix86+x86_64

Version: 1.3
Check: R code for possible problems
Result: NOTE
    varbin: no visible global function definition for 'boot'
Flavor: r-oldrel-windows-ix86+x86_64