CRAN Package Check Results for Package aod

Last updated on 2014-11-25 23:46:41.

Flavor Version Tinstall Tcheck Ttotal Status Flags
r-devel-linux-x86_64-debian-clang 1.3 1.38 24.06 25.44 NOTE
r-devel-linux-x86_64-debian-gcc 1.3 1.58 22.95 24.54 NOTE
r-devel-linux-x86_64-fedora-clang 1.3 57.42 NOTE
r-devel-linux-x86_64-fedora-gcc 1.3 51.13 NOTE
r-devel-osx-x86_64-clang 1.3 50.65 NOTE
r-devel-windows-ix86+x86_64 1.3 4.00 36.00 40.00 NOTE
r-patched-linux-x86_64 1.3 1.25 24.06 25.31 NOTE
r-patched-solaris-sparc 1.3 295.60 NOTE
r-patched-solaris-x86 1.3 72.90 NOTE
r-release-linux-ix86 1.3 1.62 30.96 32.58 NOTE
r-release-linux-x86_64 1.3 1.29 24.12 25.41 NOTE
r-release-osx-x86_64-mavericks 1.3 OK
r-release-windows-ix86+x86_64 1.3 4.00 40.00 44.00 NOTE
r-oldrel-windows-ix86+x86_64 1.3 4.00 39.00 43.00 OK

Check Details

Version: 1.3
Check: R code for possible problems
Result: NOTE
    varbin: no visible global function definition for ‘boot’
Flavors: r-devel-linux-x86_64-debian-clang, r-devel-linux-x86_64-debian-gcc, r-devel-linux-x86_64-fedora-clang, r-devel-linux-x86_64-fedora-gcc, r-devel-osx-x86_64-clang, r-devel-windows-ix86+x86_64, r-patched-linux-x86_64, r-patched-solaris-sparc, r-patched-solaris-x86, r-release-linux-ix86, r-release-linux-x86_64, r-release-windows-ix86+x86_64