CRAN Package Check Results for Package aod

Last updated on 2017-03-29 18:46:54.

Flavor Version Tinstall Tcheck Ttotal Status Flags
r-devel-linux-x86_64-debian-clang 1.3 1.35 26.98 28.33 NOTE
r-devel-linux-x86_64-debian-gcc 1.3 1.30 26.02 27.32 NOTE
r-devel-linux-x86_64-fedora-clang 1.3 50.95 NOTE --no-stop-on-test-error
r-devel-linux-x86_64-fedora-gcc 1.3 51.97 NOTE --no-stop-on-test-error
r-devel-macos-x86_64-clang 1.3 42.04 NOTE --no-stop-on-test-error
r-devel-windows-ix86+x86_64 1.3 4.00 52.00 56.00 NOTE
r-patched-linux-x86_64 1.3 1.77 26.37 28.14 NOTE
r-patched-solaris-sparc 1.3 313.10 NOTE
r-patched-solaris-x86 1.3 70.10 NOTE
r-release-linux-x86_64 1.3 1.14 21.60 22.74 NOTE
r-release-osx-x86_64-mavericks 1.3 NOTE
r-release-windows-ix86+x86_64 1.3 5.00 63.00 68.00 NOTE
r-oldrel-windows-ix86+x86_64 1.3 11.00 91.00 102.00 NOTE

Check Details

Version: 1.3
Check: dependencies in R code
Result: NOTE
    'library' or 'require' call to ‘boot’ in package code.
     Please use :: or requireNamespace() instead.
     See section 'Suggested packages' in the 'Writing R Extensions' manual.
Flavors: r-devel-linux-x86_64-debian-clang, r-devel-linux-x86_64-debian-gcc, r-devel-windows-ix86+x86_64, r-patched-linux-x86_64, r-patched-solaris-sparc, r-patched-solaris-x86, r-release-linux-x86_64, r-release-osx-x86_64-mavericks, r-release-windows-ix86+x86_64, r-oldrel-windows-ix86+x86_64

Version: 1.3
Check: S3 generic/method consistency
Result: NOTE
    Found the following apparent S3 methods exported but not registered:
     print.wald.test
    See section ‘Registering S3 methods’ in the ‘Writing R Extensions’
    manual.
Flavors: r-devel-linux-x86_64-debian-clang, r-devel-linux-x86_64-debian-gcc, r-patched-linux-x86_64, r-patched-solaris-sparc, r-patched-solaris-x86, r-release-linux-x86_64

Version: 1.3
Check: R code for possible problems
Result: NOTE
    varbin: no visible global function definition for ‘boot’
    Undefined global functions or variables:
     boot
Flavors: r-devel-linux-x86_64-debian-clang, r-devel-linux-x86_64-debian-gcc, r-devel-windows-ix86+x86_64, r-patched-linux-x86_64, r-patched-solaris-sparc, r-patched-solaris-x86, r-release-linux-x86_64, r-release-osx-x86_64-mavericks, r-release-windows-ix86+x86_64

Version: 1.3
Flags: --no-stop-on-test-error
Check: dependencies in R code
Result: NOTE
    'library' or 'require' call to ‘boot’ in package code.
     Please use :: or requireNamespace() instead.
     See section 'Suggested packages' in the 'Writing R Extensions' manual.
Flavors: r-devel-linux-x86_64-fedora-clang, r-devel-linux-x86_64-fedora-gcc, r-devel-macos-x86_64-clang

Version: 1.3
Flags: --no-stop-on-test-error
Check: S3 generic/method consistency
Result: NOTE
    Found the following apparent S3 methods exported but not registered:
     print.wald.test
    See section ‘Registering S3 methods’ in the ‘Writing R Extensions’
    manual.
Flavors: r-devel-linux-x86_64-fedora-clang, r-devel-linux-x86_64-fedora-gcc, r-devel-macos-x86_64-clang

Version: 1.3
Flags: --no-stop-on-test-error
Check: R code for possible problems
Result: NOTE
    varbin: no visible global function definition for ‘boot’
    Undefined global functions or variables:
     boot
Flavors: r-devel-linux-x86_64-fedora-clang, r-devel-linux-x86_64-fedora-gcc, r-devel-macos-x86_64-clang

Version: 1.3
Check: R code for possible problems
Result: NOTE
    varbin: no visible global function definition for 'boot'
Flavor: r-oldrel-windows-ix86+x86_64