CRAN Package Check Results for Package aod

Last updated on 2014-08-20 23:46:33.

Flavor Version Tinstall Tcheck Ttotal Status Flags
r-devel-linux-x86_64-debian-clang 1.3 1.46 25.53 27.00 OK
r-devel-linux-x86_64-debian-gcc 1.3 1.27 24.84 26.11 OK
r-devel-linux-x86_64-fedora-clang 1.3 55.07 NOTE
r-devel-linux-x86_64-fedora-gcc 1.3 56.17 NOTE
r-devel-osx-x86_64-clang 1.3 47.92 NOTE
r-devel-windows-ix86+x86_64 1.3 5.00 38.00 43.00 OK
r-patched-linux-x86_64 1.3 1.28 25.52 26.80 OK
r-patched-solaris-sparc 1.3 326.00 OK
r-patched-solaris-x86 1.3 79.60 OK
r-release-linux-ix86 1.3 1.86 34.52 36.37 OK
r-release-linux-x86_64 1.3 1.42 28.04 29.45 OK
r-release-osx-x86_64-mavericks 1.3 OK
r-release-windows-ix86+x86_64 1.3 4.00 44.00 48.00 OK
r-oldrel-windows-ix86+x86_64 1.3 5.00 39.00 44.00 OK

Check Details

Version: 1.3
Check: R code for possible problems
Result: NOTE
    varbin: no visible global function definition for ‘boot’
Flavors: r-devel-linux-x86_64-fedora-clang, r-devel-linux-x86_64-fedora-gcc, r-devel-osx-x86_64-clang