CRAN Package Check Results for Package aod

Last updated on 2015-04-21 06:47:18.

Flavor Version Tinstall Tcheck Ttotal Status Flags
r-devel-linux-x86_64-debian-clang 1.3 1.26 21.78 23.04 NOTE
r-devel-linux-x86_64-debian-gcc 1.3 1.15 21.91 23.06 NOTE
r-devel-linux-x86_64-fedora-clang 1.3 49.10 NOTE
r-devel-linux-x86_64-fedora-gcc 1.3 46.14 NOTE
r-devel-osx-x86_64-clang 1.3 46.68 NOTE
r-devel-windows-ix86+x86_64 1.3 7.00 48.00 55.00 NOTE
r-patched-linux-x86_64 1.3 1.22 22.27 23.49 NOTE
r-patched-solaris-sparc 1.3 300.00 NOTE
r-patched-solaris-x86 1.3 59.70 NOTE
r-release-linux-x86_64 1.3 1.23 22.14 23.36 NOTE
r-release-osx-x86_64-mavericks 1.3 ERROR
r-release-osx-x86_64-snowleopard 1.3 NOTE
r-release-windows-ix86+x86_64 1.3 3.00 33.00 36.00 NOTE
r-oldrel-windows-ix86+x86_64 1.3 3.00 32.00 35.00 NOTE

Check Details

Version: 1.3
Check: dependencies in R code
Result: NOTE
    'library' or 'require' call to ‘boot’ in package code.
     Please use :: or requireNamespace() instead.
     See section 'Suggested packages' in the 'Writing R Extensions' manual.
Flavors: r-devel-linux-x86_64-debian-clang, r-devel-linux-x86_64-debian-gcc, r-devel-linux-x86_64-fedora-clang, r-devel-linux-x86_64-fedora-gcc, r-devel-osx-x86_64-clang, r-devel-windows-ix86+x86_64, r-patched-linux-x86_64, r-patched-solaris-sparc, r-patched-solaris-x86, r-release-linux-x86_64, r-release-osx-x86_64-mavericks, r-release-osx-x86_64-snowleopard, r-release-windows-ix86+x86_64, r-oldrel-windows-ix86+x86_64

Version: 1.3
Check: S3 generic/method consistency
Result: NOTE
    Found the following apparent S3 methods exported but not registered:
     print.wald.test
    See section ‘Registering S3 methods’ in the ‘Writing R Extensions’
    manual.
Flavors: r-devel-linux-x86_64-debian-clang, r-devel-linux-x86_64-debian-gcc, r-devel-linux-x86_64-fedora-clang, r-devel-linux-x86_64-fedora-gcc, r-devel-osx-x86_64-clang, r-patched-linux-x86_64, r-release-linux-x86_64

Version: 1.3
Check: R code for possible problems
Result: NOTE
    varbin: no visible global function definition for ‘boot’
Flavors: r-devel-linux-x86_64-debian-clang, r-devel-linux-x86_64-debian-gcc, r-devel-linux-x86_64-fedora-clang, r-devel-linux-x86_64-fedora-gcc, r-devel-osx-x86_64-clang, r-devel-windows-ix86+x86_64, r-patched-linux-x86_64, r-patched-solaris-sparc, r-patched-solaris-x86, r-release-linux-x86_64, r-release-osx-x86_64-mavericks, r-release-osx-x86_64-snowleopard, r-release-windows-ix86+x86_64, r-oldrel-windows-ix86+x86_64

Version: 1.3
Check: package dependencies
Result: NOTE
    Package suggested but not available for checking: ‘lme4’
Flavor: r-release-osx-x86_64-mavericks

Version: 1.3
Check: Rd cross-references
Result: NOTE
    Package unavailable to check Rd xrefs: ‘lme4’
Flavor: r-release-osx-x86_64-mavericks

Version: 1.3
Check: examples
Result: ERROR
    Running examples in ‘aod-Ex.R’ failed
    The error most likely occurred in:
    
    > ### Name: iccbin
    > ### Title: Intra-Cluster Correlation for Binomial Data
    > ### Aliases: iccbin show,iccbin-method
    > ### Keywords: htest
    >
    > ### ** Examples
    >
    >
    > data(rats)
    > tmp <- rats[rats$group == "TREAT", ]
    > # A: glmm (model linearization)
    > iccbin(n, y, data = tmp, method = "A")
    Error in loadNamespace(name) : there is no package called ‘lme4’
    Calls: iccbin ... tryCatch -> tryCatchList -> tryCatchOne -> <Anonymous>
    Execution halted
Flavor: r-release-osx-x86_64-mavericks