CRAN Package Check Results for Package aod

Last updated on 2014-12-23 01:48:57.

Flavor Version Tinstall Tcheck Ttotal Status Flags
r-devel-linux-x86_64-debian-clang 1.3 1.24 23.55 24.80 NOTE
r-devel-linux-x86_64-debian-gcc 1.3 1.27 22.74 24.01 NOTE
r-devel-linux-x86_64-fedora-clang 1.3 55.21 NOTE
r-devel-linux-x86_64-fedora-gcc 1.3 52.05 NOTE
r-devel-osx-x86_64-clang 1.3 49.41 NOTE
r-devel-windows-ix86+x86_64 1.3 6.00 35.00 41.00 NOTE
r-patched-linux-x86_64 1.3 1.26 23.79 25.06 NOTE
r-patched-solaris-sparc 1.3 325.10 NOTE
r-patched-solaris-x86 1.3 71.30 NOTE
r-release-linux-ix86 1.3 1.62 31.03 32.65 NOTE
r-release-linux-x86_64 1.3 1.26 23.96 25.22 NOTE
r-release-osx-x86_64-mavericks 1.3 OK
r-release-windows-ix86+x86_64 1.3 4.00 36.00 40.00 NOTE
r-oldrel-windows-ix86+x86_64 1.3 5.00 40.00 45.00 OK

Check Details

Version: 1.3
Check: R code for possible problems
Result: NOTE
    varbin: no visible global function definition for ‘boot’
Flavors: r-devel-linux-x86_64-debian-clang, r-devel-linux-x86_64-debian-gcc, r-devel-linux-x86_64-fedora-clang, r-devel-linux-x86_64-fedora-gcc, r-devel-osx-x86_64-clang, r-devel-windows-ix86+x86_64, r-patched-linux-x86_64, r-patched-solaris-sparc, r-patched-solaris-x86, r-release-linux-ix86, r-release-linux-x86_64, r-release-windows-ix86+x86_64