CRAN Package Check Results for Package aod

Last updated on 2014-10-21 14:48:12.

Flavor Version Tinstall Tcheck Ttotal Status Flags
r-devel-linux-x86_64-debian-clang 1.3 1.34 23.47 24.81 NOTE
r-devel-linux-x86_64-debian-gcc 1.3 1.24 23.14 24.38 NOTE
r-devel-linux-x86_64-fedora-clang 1.3 54.05 NOTE
r-devel-linux-x86_64-fedora-gcc 1.3 53.27 NOTE
r-devel-osx-x86_64-clang 1.3 50.68 NOTE
r-devel-windows-ix86+x86_64 1.3 4.00 35.00 39.00 NOTE
r-patched-linux-x86_64 1.3 1.27 24.60 25.86 NOTE
r-patched-solaris-sparc 1.3 295.60 NOTE
r-patched-solaris-x86 1.3 73.50 NOTE
r-release-linux-ix86 1.3 1.94 36.08 38.02 OK
r-release-linux-x86_64 1.3 1.35 26.58 27.93 OK
r-release-osx-x86_64-mavericks 1.3 OK
r-release-windows-ix86+x86_64 1.3 3.00 40.00 43.00 OK
r-oldrel-windows-ix86+x86_64 1.3 4.00 38.00 42.00 OK

Check Details

Version: 1.3
Check: R code for possible problems
Result: NOTE
    varbin: no visible global function definition for ‘boot’
Flavors: r-devel-linux-x86_64-debian-clang, r-devel-linux-x86_64-debian-gcc, r-devel-linux-x86_64-fedora-clang, r-devel-linux-x86_64-fedora-gcc, r-devel-osx-x86_64-clang, r-devel-windows-ix86+x86_64, r-patched-linux-x86_64, r-patched-solaris-sparc, r-patched-solaris-x86