CRAN Package Check Results for Package aod

Last updated on 2015-02-01 23:48:47.

Flavor Version Tinstall Tcheck Ttotal Status Flags
r-devel-linux-x86_64-debian-clang 1.3 1.20 21.76 22.96 NOTE
r-devel-linux-x86_64-debian-gcc 1.3 1.15 21.20 22.35 NOTE
r-devel-linux-x86_64-fedora-clang 1.3 47.51 NOTE
r-devel-linux-x86_64-fedora-gcc 1.3 46.55 NOTE
r-devel-osx-x86_64-clang 1.3 54.13 NOTE
r-devel-windows-ix86+x86_64 1.3 6.00 34.00 40.00 NOTE
r-patched-linux-x86_64 1.3 1.26 24.58 25.83 NOTE
r-patched-solaris-sparc 1.3 326.10 NOTE
r-patched-solaris-x86 1.3 73.80 NOTE
r-release-linux-ix86 1.3 1.61 31.16 32.78 NOTE
r-release-linux-x86_64 1.3 1.43 24.92 26.34 NOTE
r-release-osx-x86_64-mavericks 1.3 NOTE
r-release-windows-ix86+x86_64 1.3 5.00 38.00 43.00 NOTE
r-oldrel-windows-ix86+x86_64 1.3 5.00 39.00 44.00 OK

Check Details

Version: 1.3
Check: dependencies in R code
Result: NOTE
    'library' or 'require' call to ‘boot’ in package code.
     Please use :: or requireNamespace() instead.
     See section 'Suggested packages' in the 'Writing R Extensions' manual.
Flavors: r-devel-linux-x86_64-debian-clang, r-devel-linux-x86_64-debian-gcc, r-devel-linux-x86_64-fedora-clang, r-devel-linux-x86_64-fedora-gcc, r-devel-osx-x86_64-clang, r-devel-windows-ix86+x86_64

Version: 1.3
Check: S3 generic/method consistency
Result: NOTE
    Found the following apparent S3 methods exported but not registered:
     print.wald.test
    See section ‘Registering S3 methods’ in the ‘Writing R Extensions’
    manual.
Flavors: r-devel-linux-x86_64-debian-clang, r-devel-linux-x86_64-debian-gcc, r-devel-linux-x86_64-fedora-clang, r-devel-linux-x86_64-fedora-gcc, r-devel-osx-x86_64-clang

Version: 1.3
Check: R code for possible problems
Result: NOTE
    varbin: no visible global function definition for ‘boot’
Flavors: r-devel-linux-x86_64-debian-clang, r-devel-linux-x86_64-debian-gcc, r-devel-linux-x86_64-fedora-clang, r-devel-linux-x86_64-fedora-gcc, r-devel-osx-x86_64-clang, r-devel-windows-ix86+x86_64, r-patched-linux-x86_64, r-patched-solaris-sparc, r-patched-solaris-x86, r-release-linux-ix86, r-release-linux-x86_64, r-release-osx-x86_64-mavericks, r-release-windows-ix86+x86_64