CRAN Package Check Results for Package aod

Last updated on 2014-04-23 20:47:07.

Flavor Version Tinstall Tcheck Ttotal Status Flags
r-devel-linux-x86_64-debian-clang 1.3 1.42 27.05 28.47 OK
r-devel-linux-x86_64-debian-gcc 1.3 1.50 27.29 28.79 OK
r-devel-linux-x86_64-fedora-clang 1.3 61.89 OK
r-devel-linux-x86_64-fedora-gcc 1.3 58.46 OK
r-devel-osx-x86_64-clang 1.3 48.61 OK
r-devel-osx-x86_64-gcc 1.3 OK
r-devel-windows-ix86+x86_64 1.3 4.00 38.00 42.00 OK
r-patched-linux-x86_64 1.3 1.47 26.36 27.82 OK
r-patched-solaris-sparc 1.3 329.10 OK
r-patched-solaris-x86 1.3 78.50 OK
r-release-linux-ix86 1.3 2.00 44.00 46.00 OK
r-release-linux-x86_64 1.3 1.41 26.93 28.34 OK
r-release-osx-x86_64-mavericks 1.3 ERROR
r-release-windows-ix86+x86_64 1.3 3.00 41.00 44.00 OK
r-oldrel-windows-ix86+x86_64 1.3 4.00 43.00 47.00 OK

Check Details

Version: 1.3
Check: package dependencies
Result: NOTE
    Package suggested but not available for checking: ‘lme4’
Flavor: r-release-osx-x86_64-mavericks

Version: 1.3
Check: Rd cross-references
Result: NOTE
    Package unavailable to check Rd xrefs: ‘lme4’
Flavor: r-release-osx-x86_64-mavericks

Version: 1.3
Check: examples
Result: ERROR
    Running examples in ‘aod-Ex.R’ failed
    The error most likely occurred in:
    
    > ### Name: iccbin
    > ### Title: Intra-Cluster Correlation for Binomial Data
    > ### Aliases: iccbin show,iccbin-method
    > ### Keywords: htest
    >
    > ### ** Examples
    >
    >
    > data(rats)
    > tmp <- rats[rats$group == "TREAT", ]
    > # A: glmm (model linearization)
    > iccbin(n, y, data = tmp, method = "A")
    Error in loadNamespace(name) : there is no package called ‘lme4’
    Calls: iccbin ... tryCatch -> tryCatchList -> tryCatchOne -> <Anonymous>
    Execution halted
Flavor: r-release-osx-x86_64-mavericks