CRAN Package Check Results for Package aods3

Last updated on 2015-08-29 10:46:37.

Flavor Version Tinstall Tcheck Ttotal Status Flags
r-devel-linux-x86_64-debian-clang 0.4-1 4.03 37.22 41.25 NOTE
r-devel-linux-x86_64-debian-gcc 0.4-1 3.19 36.70 39.89 NOTE
r-devel-linux-x86_64-fedora-clang 0.4-1 84.82 NOTE
r-devel-linux-x86_64-fedora-gcc 0.4-1 82.26 NOTE
r-devel-osx-x86_64-clang 0.4-1 69.81 NOTE
r-devel-windows-ix86+x86_64 0.4-1 15.00 65.00 80.00 NOTE
r-patched-linux-x86_64 0.4-1 3.74 41.12 44.86 NOTE
r-patched-solaris-sparc 0.4-1 538.80 NOTE
r-patched-solaris-x86 0.4-1 123.10 NOTE
r-release-linux-x86_64 0.4-1 3.61 39.70 43.32 NOTE
r-release-osx-x86_64-mavericks 0.4-1 NOTE
r-release-windows-ix86+x86_64 0.4-1 14.00 62.00 76.00 NOTE
r-oldrel-windows-ix86+x86_64 0.4-1 20.00 80.00 100.00 NOTE

Check Details

Version: 0.4-1
Check: dependencies in R code
Result: NOTE
    'library' or 'require' call to ‘boot’ which was already attached by Depends.
     Please remove these calls from your code.
    Packages in Depends field not imported from:
     ‘boot’ ‘lme4’ ‘methods’
     These packages need to be imported from (in the NAMESPACE file)
     for when this namespace is loaded but not attached.
Flavors: r-devel-linux-x86_64-debian-clang, r-devel-linux-x86_64-debian-gcc, r-devel-linux-x86_64-fedora-clang, r-devel-linux-x86_64-fedora-gcc, r-devel-osx-x86_64-clang, r-devel-windows-ix86+x86_64, r-patched-linux-x86_64, r-patched-solaris-sparc, r-patched-solaris-x86, r-release-linux-x86_64, r-release-osx-x86_64-mavericks, r-release-windows-ix86+x86_64, r-oldrel-windows-ix86+x86_64

Version: 0.4-1
Check: S3 generic/method consistency
Result: NOTE
    Found the following apparent S3 methods exported but not registered:
     AIC.aodml anova.aodml anova.aodql coef.aodml coef.aodql
     deviance.aodml deviance.aodql df.residual.aodml df.residual.aodql
     fitted.aodml fitted.aodql logLik.aodml logLik.aodql predict.aodml
     predict.aodql print.anova.aodml print.aodml print.aodql print.drs
     print.gof print.iccbin print.summary.aodml print.varbin
     print.wald.test residuals.aodml residuals.aodql summary.aodml
     summary.aodql vcov.aodml vcov.aodql
    See section ‘Registering S3 methods’ in the ‘Writing R Extensions’
    manual.
Flavors: r-devel-linux-x86_64-debian-clang, r-devel-linux-x86_64-debian-gcc, r-devel-linux-x86_64-fedora-clang, r-devel-linux-x86_64-fedora-gcc, r-devel-osx-x86_64-clang, r-patched-linux-x86_64, r-patched-solaris-sparc, r-patched-solaris-x86, r-release-linux-x86_64

Version: 0.4-1
Check: R code for possible problems
Result: NOTE
    AIC.aodml: no visible binding for global variable ‘logLik’
    anova.aodml: no visible global function definition for ‘AIC’
    anova.aodml: no visible global function definition for ‘df.residual’
    anova.aodml: no visible global function definition for ‘pchisq’
    anova.aodql: no visible global function definition for ‘anova’
    aodml: no visible global function definition for ‘update.formula’
    aodml: no visible global function definition for ‘model.frame’
    aodml: no visible global function definition for ‘model.response’
    aodml: no visible global function definition for ‘model.offset’
    aodml: no visible global function definition for ‘model.matrix’
    aodml: no visible global function definition for ‘glm’
    aodml: no visible global function definition for ‘coef’
    aodml : m.logL: no visible global function definition for ‘dnbinom’
    aodml: no visible global function definition for ‘optim’
    aodml: no visible global function definition for ‘dnbinom’
    aodql: no visible global function definition for ‘model.frame’
    aodql: no visible global function definition for ‘model.response’
    aodql: no visible global function definition for ‘glm’
    aodql: no visible global function definition for ‘residuals’
    aodql: no visible global function definition for ‘deviance’
    aodql: no visible global function definition for ‘df.residual’
    aodql: no visible global function definition for ‘logLik’
    coef.aodql: no visible global function definition for ‘coef’
    deviance.aodql: no visible global function definition for ‘deviance’
    df.residual.aodql: no visible global function definition for
     ‘df.residual’
    drs: no visible global function definition for ‘model.frame’
    drs: no visible global function definition for ‘model.response’
    drs: no visible global function definition for ‘terms’
    fitted.aodql: no visible global function definition for ‘fitted’
    gof: no visible global function definition for ‘deviance’
    gof: no visible global function definition for ‘residuals’
    gof: no visible global function definition for ‘df.residual’
    iccbin: no visible binding for global variable ‘binomial’
    iccbin: no visible global function definition for ‘rnorm’
    iccbin: no visible global function definition for ‘var’
    iccbin: no visible global function definition for ‘lm’
    iccbin: no visible global function definition for ‘anova’
    invlink: no visible global function definition for ‘plogis’
    invlink: no visible global function definition for ‘pnorm’
    link: no visible global function definition for ‘qlogis’
    link: no visible global function definition for ‘qnorm’
    logLik.aodql: no visible global function definition for ‘logLik’
    predict.aodml: no visible global function definition for ‘model.matrix’
    predict.aodml: no visible global function definition for ‘model.frame’
    predict.aodml: no visible global function definition for ‘model.offset’
    predict.aodml: no visible global function definition for ‘vcov’
    predict.aodml: no visible global function definition for ‘dnorm’
    predict.aodql: no visible global function definition for ‘predict’
    print.drs: no visible global function definition for ‘pchisq’
    print.gof: no visible global function definition for ‘pchisq’
    print.summary.aodml: no visible global function definition for ‘AIC’
    print.summary.aodml: no visible global function definition for
     ‘df.residual’
    print.summary.aodml: no visible global function definition for
     ‘deviance’
    residuals.aodml: no visible global function definition for ‘fitted’
    residuals.aodql: no visible global function definition for ‘residuals’
    splitbin : splitbin.w: no visible global function definition for
     ‘model.frame’
    splitbin : splitbin.w: no visible global function definition for
     ‘model.response’
    summary.aodml: no visible global function definition for ‘coef’
    summary.aodml: no visible global function definition for ‘pnorm’
    varbin: no visible global function definition for ‘var’
    varbin: no visible global function definition for ‘boot’
    varbin: no visible global function definition for ‘qnorm’
    vcov.aodml: no visible global function definition for ‘coef’
    vcov.aodql: no visible global function definition for ‘vcov’
    wald.test: no visible global function definition for ‘pchisq’
    wald.test: no visible global function definition for ‘pf’
    Undefined global functions or variables:
     AIC anova binomial boot coef deviance df.residual dnbinom dnorm
     fitted glm lm logLik model.frame model.matrix model.offset
     model.response optim pchisq pf plogis pnorm predict qlogis qnorm
     residuals rnorm terms update.formula var vcov
    Consider adding
     importFrom("stats", "AIC", "anova", "binomial", "coef", "deviance",
     "df.residual", "dnbinom", "dnorm", "fitted", "glm", "lm",
     "logLik", "model.frame", "model.matrix", "model.offset",
     "model.response", "optim", "pchisq", "pf", "plogis",
     "pnorm", "predict", "qlogis", "qnorm", "residuals", "rnorm",
     "terms", "update.formula", "var", "vcov")
    to your NAMESPACE.
Flavors: r-devel-linux-x86_64-debian-clang, r-devel-linux-x86_64-debian-gcc, r-devel-linux-x86_64-fedora-clang, r-devel-linux-x86_64-fedora-gcc, r-devel-windows-ix86+x86_64

Version: 0.4-1
Check: R code for possible problems
Result: NOTE
    varbin: no visible global function definition for ‘boot’
    Undefined global functions or variables:
     boot
Flavor: r-devel-osx-x86_64-clang

Version: 0.4-1
Check: R code for possible problems
Result: NOTE
    varbin: no visible global function definition for ‘boot’
Flavors: r-patched-linux-x86_64, r-patched-solaris-sparc, r-patched-solaris-x86, r-release-linux-x86_64, r-release-osx-x86_64-mavericks, r-release-windows-ix86+x86_64, r-oldrel-windows-ix86+x86_64