CRAN Package Check Results for Package aods3

Last updated on 2014-09-20 13:48:03.

Flavor Version Tinstall Tcheck Ttotal Status Flags
r-devel-linux-x86_64-debian-clang 0.4-1 4.76 49.69 54.45 NOTE
r-devel-linux-x86_64-debian-gcc 0.4-1 4.65 49.48 54.13 NOTE
r-devel-linux-x86_64-fedora-clang 0.4-1 128.05 NOTE
r-devel-linux-x86_64-fedora-gcc 0.4-1 119.94 NOTE
r-devel-osx-x86_64-clang 0.4-1 102.11 NOTE
r-devel-windows-ix86+x86_64 0.4-1 13.00 70.00 83.00 NOTE
r-patched-linux-x86_64 0.4-1 5.02 53.81 58.83 NOTE
r-patched-solaris-sparc 0.4-1 739.30 NOTE
r-patched-solaris-x86 0.4-1 171.90 NOTE
r-release-linux-ix86 0.4-1 5.89 66.44 72.33 NOTE
r-release-linux-x86_64 0.4-1 4.97 55.18 60.15 NOTE
r-release-osx-x86_64-mavericks 0.4-1 NOTE
r-release-osx-x86_64-snowleopard 0.4-1 NOTE
r-release-windows-ix86+x86_64 0.4-1 13.00 79.00 92.00 NOTE
r-oldrel-windows-ix86+x86_64 0.4-1 14.00 74.00 88.00 NOTE

Check Details

Version: 0.4-1
Check: dependencies in R code
Result: NOTE
    'library' or 'require' call to ‘boot’ which was already attached by Depends.
     Please remove these calls from your code.
    Packages in Depends field not imported from:
     ‘boot’ ‘lme4’ ‘methods’
     These packages need to be imported from (in the NAMESPACE file)
     for when this namespace is loaded but not attached.
    See the information on DESCRIPTION files in the chapter ‘Creating R
    packages’ of the ‘Writing R Extensions’ manual.
Flavors: r-devel-linux-x86_64-debian-clang, r-devel-linux-x86_64-debian-gcc, r-devel-linux-x86_64-fedora-clang, r-devel-linux-x86_64-fedora-gcc, r-devel-osx-x86_64-clang, r-devel-windows-ix86+x86_64, r-patched-linux-x86_64, r-patched-solaris-sparc, r-patched-solaris-x86, r-release-linux-ix86, r-release-linux-x86_64, r-release-osx-x86_64-mavericks, r-release-windows-ix86+x86_64, r-oldrel-windows-ix86+x86_64

Version: 0.4-1
Check: R code for possible problems
Result: NOTE
    varbin: no visible global function definition for ‘boot’
Flavors: r-devel-linux-x86_64-debian-clang, r-devel-linux-x86_64-debian-gcc, r-devel-linux-x86_64-fedora-clang, r-devel-linux-x86_64-fedora-gcc, r-devel-osx-x86_64-clang, r-devel-windows-ix86+x86_64

Version: 0.4-1
Check: dependencies in R code
Result: NOTE
    ‘library’ or ‘require’ call to ‘boot’ which was already attached by Depends.
     Please remove these calls from your code.
    See the information on DESCRIPTION files in the chapter ‘Creating R
    packages’ of the ‘Writing R Extensions’ manual.
Flavor: r-release-osx-x86_64-snowleopard