CRAN Package Check Results for Package aods3

Last updated on 2014-10-22 01:47:21.

Flavor Version Tinstall Tcheck Ttotal Status Flags
r-devel-linux-x86_64-debian-clang 0.4-1 4.84 49.35 54.18 NOTE
r-devel-linux-x86_64-debian-gcc 0.4-1 4.74 48.70 53.44 NOTE
r-devel-linux-x86_64-fedora-clang 0.4-1 128.05 NOTE
r-devel-linux-x86_64-fedora-gcc 0.4-1 133.07 NOTE
r-devel-osx-x86_64-clang 0.4-1 106.72 NOTE
r-devel-windows-ix86+x86_64 0.4-1 11.00 71.00 82.00 NOTE
r-patched-linux-x86_64 0.4-1 4.96 52.22 57.18 NOTE
r-patched-solaris-sparc 0.4-1 682.10 NOTE
r-patched-solaris-x86 0.4-1 163.90 NOTE
r-release-linux-ix86 0.4-1 5.78 68.84 74.62 NOTE
r-release-linux-x86_64 0.4-1 5.02 55.07 60.09 NOTE
r-release-osx-x86_64-mavericks 0.4-1 NOTE
r-release-osx-x86_64-snowleopard 0.4-1 NOTE
r-release-windows-ix86+x86_64 0.4-1 12.00 76.00 88.00 NOTE
r-oldrel-windows-ix86+x86_64 0.4-1 11.00 74.00 85.00 NOTE

Check Details

Version: 0.4-1
Check: dependencies in R code
Result: NOTE
    'library' or 'require' call to ‘boot’ which was already attached by Depends.
     Please remove these calls from your code.
    Packages in Depends field not imported from:
     ‘boot’ ‘lme4’ ‘methods’
     These packages need to be imported from (in the NAMESPACE file)
     for when this namespace is loaded but not attached.
    See the information on DESCRIPTION files in the chapter ‘Creating R
    packages’ of the ‘Writing R Extensions’ manual.
Flavors: r-devel-linux-x86_64-debian-clang, r-devel-linux-x86_64-debian-gcc, r-devel-linux-x86_64-fedora-clang, r-devel-linux-x86_64-fedora-gcc, r-devel-osx-x86_64-clang, r-devel-windows-ix86+x86_64, r-patched-linux-x86_64, r-patched-solaris-sparc, r-patched-solaris-x86, r-release-linux-ix86, r-release-linux-x86_64, r-release-osx-x86_64-mavericks, r-release-windows-ix86+x86_64, r-oldrel-windows-ix86+x86_64

Version: 0.4-1
Check: R code for possible problems
Result: NOTE
    varbin: no visible global function definition for ‘boot’
Flavors: r-devel-linux-x86_64-debian-clang, r-devel-linux-x86_64-debian-gcc, r-devel-linux-x86_64-fedora-clang, r-devel-linux-x86_64-fedora-gcc, r-devel-osx-x86_64-clang, r-devel-windows-ix86+x86_64, r-patched-linux-x86_64, r-patched-solaris-sparc, r-patched-solaris-x86

Version: 0.4-1
Check: dependencies in R code
Result: NOTE
    ‘library’ or ‘require’ call to ‘boot’ which was already attached by Depends.
     Please remove these calls from your code.
    See the information on DESCRIPTION files in the chapter ‘Creating R
    packages’ of the ‘Writing R Extensions’ manual.
Flavor: r-release-osx-x86_64-snowleopard