CRAN Package Check Results for Package aods3

Last updated on 2015-04-01 08:49:58.

Flavor Version Tinstall Tcheck Ttotal Status Flags
r-devel-linux-x86_64-debian-clang 0.4-1 3.64 41.63 45.26 NOTE
r-devel-linux-x86_64-debian-gcc 0.4-1 3.46 38.42 41.88 NOTE
r-devel-linux-x86_64-fedora-clang 0.4-1 91.90 NOTE
r-devel-linux-x86_64-fedora-gcc 0.4-1 87.58 NOTE
r-devel-osx-x86_64-clang 0.4-1 81.62 NOTE
r-prerel-windows-ix86+x86_64 0.4-1 10.00 56.00 66.00 NOTE
r-prerel-linux-x86_64 0.4-1 3.46 37.75 41.22 NOTE
r-prerel-solaris-sparc 0.4-1 550.30 NOTE
r-prerel-solaris-x86 0.4-1 117.90 NOTE
r-release-linux-x86_64 0.4-1 6.09 51.23 57.32 NOTE
r-release-osx-x86_64-mavericks 0.4-1 NOTE
r-release-osx-x86_64-snowleopard 0.4-1 NOTE
r-release-windows-ix86+x86_64 0.4-1 13.00 78.00 91.00 NOTE
r-oldrel-windows-ix86+x86_64 0.4-1 12.00 81.00 93.00 NOTE

Check Details

Version: 0.4-1
Check: dependencies in R code
Result: NOTE
    'library' or 'require' call to ‘boot’ which was already attached by Depends.
     Please remove these calls from your code.
    Packages in Depends field not imported from:
     ‘boot’ ‘lme4’ ‘methods’
     These packages need to be imported from (in the NAMESPACE file)
     for when this namespace is loaded but not attached.
Flavors: r-devel-linux-x86_64-debian-clang, r-devel-linux-x86_64-debian-gcc, r-devel-linux-x86_64-fedora-clang, r-devel-linux-x86_64-fedora-gcc, r-devel-osx-x86_64-clang, r-prerel-windows-ix86+x86_64, r-prerel-linux-x86_64, r-prerel-solaris-sparc, r-prerel-solaris-x86, r-release-linux-x86_64, r-release-windows-ix86+x86_64

Version: 0.4-1
Check: S3 generic/method consistency
Result: NOTE
    Found the following apparent S3 methods exported but not registered:
     AIC.aodml anova.aodml anova.aodql coef.aodml coef.aodql
     deviance.aodml deviance.aodql df.residual.aodml df.residual.aodql
     fitted.aodml fitted.aodql logLik.aodml logLik.aodql predict.aodml
     predict.aodql print.anova.aodml print.aodml print.aodql print.drs
     print.gof print.iccbin print.summary.aodml print.varbin
     print.wald.test residuals.aodml residuals.aodql summary.aodml
     summary.aodql vcov.aodml vcov.aodql
    See section ‘Registering S3 methods’ in the ‘Writing R Extensions’
    manual.
Flavors: r-devel-linux-x86_64-debian-clang, r-devel-linux-x86_64-debian-gcc, r-devel-linux-x86_64-fedora-clang, r-devel-linux-x86_64-fedora-gcc, r-devel-osx-x86_64-clang, r-prerel-linux-x86_64

Version: 0.4-1
Check: R code for possible problems
Result: NOTE
    varbin: no visible global function definition for ‘boot’
Flavors: r-devel-linux-x86_64-debian-clang, r-devel-linux-x86_64-debian-gcc, r-devel-linux-x86_64-fedora-clang, r-devel-linux-x86_64-fedora-gcc, r-devel-osx-x86_64-clang, r-prerel-windows-ix86+x86_64, r-prerel-linux-x86_64, r-prerel-solaris-sparc, r-prerel-solaris-x86, r-release-linux-x86_64, r-release-osx-x86_64-mavericks, r-release-windows-ix86+x86_64

Version: 0.4-1
Check: dependencies in R code
Result: NOTE
    'library' or 'require' call to ‘boot’ which was already attached by Depends.
     Please remove these calls from your code.
    Packages in Depends field not imported from:
     ‘boot’ ‘lme4’ ‘methods’
     These packages need to be imported from (in the NAMESPACE file)
     for when this namespace is loaded but not attached.
    See the information on DESCRIPTION files in the chapter ‘Creating R
    packages’ of the ‘Writing R Extensions’ manual.
Flavors: r-release-osx-x86_64-mavericks, r-oldrel-windows-ix86+x86_64

Version: 0.4-1
Check: dependencies in R code
Result: NOTE
    ‘library’ or ‘require’ call to ‘boot’ which was already attached by Depends.
     Please remove these calls from your code.
    See the information on DESCRIPTION files in the chapter ‘Creating R
    packages’ of the ‘Writing R Extensions’ manual.
Flavor: r-release-osx-x86_64-snowleopard