CRAN Package Check Results for Package aods3

Last updated on 2014-12-22 21:47:10.

Flavor Version Tinstall Tcheck Ttotal Status Flags
r-devel-linux-x86_64-debian-clang 0.4-1 5.43 50.71 56.14 NOTE
r-devel-linux-x86_64-debian-gcc 0.4-1 4.74 47.88 52.62 NOTE
r-devel-linux-x86_64-fedora-clang 0.4-1 130.99 NOTE
r-devel-linux-x86_64-fedora-gcc 0.4-1 125.39 NOTE
r-devel-osx-x86_64-clang 0.4-1 107.60 NOTE
r-devel-windows-ix86+x86_64 0.4-1 13.00 66.00 79.00 NOTE
r-patched-linux-x86_64 0.4-1 4.88 51.54 56.42 NOTE
r-patched-solaris-sparc 0.4-1 727.70 NOTE
r-patched-solaris-x86 0.4-1 162.00 NOTE
r-release-linux-ix86 0.4-1 5.60 59.79 65.40 NOTE
r-release-linux-x86_64 0.4-1 4.90 51.07 55.97 NOTE
r-release-osx-x86_64-mavericks 0.4-1 NOTE
r-release-osx-x86_64-snowleopard 0.4-1 NOTE
r-release-windows-ix86+x86_64 0.4-1 15.00 79.00 94.00 NOTE
r-oldrel-windows-ix86+x86_64 0.4-1 13.00 73.00 86.00 NOTE

Check Details

Version: 0.4-1
Check: dependencies in R code
Result: NOTE
    'library' or 'require' call to ‘boot’ which was already attached by Depends.
     Please remove these calls from your code.
    Packages in Depends field not imported from:
     ‘boot’ ‘lme4’ ‘methods’
     These packages need to be imported from (in the NAMESPACE file)
     for when this namespace is loaded but not attached.
    See the information on DESCRIPTION files in the chapter ‘Creating R
    packages’ of the ‘Writing R Extensions’ manual.
Flavors: r-devel-linux-x86_64-debian-clang, r-devel-linux-x86_64-debian-gcc, r-devel-linux-x86_64-fedora-clang, r-devel-linux-x86_64-fedora-gcc, r-devel-osx-x86_64-clang, r-devel-windows-ix86+x86_64, r-patched-linux-x86_64, r-patched-solaris-sparc, r-patched-solaris-x86, r-release-linux-ix86, r-release-linux-x86_64, r-release-osx-x86_64-mavericks, r-release-windows-ix86+x86_64, r-oldrel-windows-ix86+x86_64

Version: 0.4-1
Check: R code for possible problems
Result: NOTE
    varbin: no visible global function definition for ‘boot’
Flavors: r-devel-linux-x86_64-debian-clang, r-devel-linux-x86_64-debian-gcc, r-devel-linux-x86_64-fedora-clang, r-devel-linux-x86_64-fedora-gcc, r-devel-osx-x86_64-clang, r-devel-windows-ix86+x86_64, r-patched-linux-x86_64, r-patched-solaris-sparc, r-patched-solaris-x86, r-release-linux-ix86, r-release-linux-x86_64, r-release-windows-ix86+x86_64

Version: 0.4-1
Check: dependencies in R code
Result: NOTE
    ‘library’ or ‘require’ call to ‘boot’ which was already attached by Depends.
     Please remove these calls from your code.
    See the information on DESCRIPTION files in the chapter ‘Creating R
    packages’ of the ‘Writing R Extensions’ manual.
Flavor: r-release-osx-x86_64-snowleopard