CRAN Package Check Results for Package aods3

Last updated on 2014-04-24 07:52:23.

Flavor Version Tinstall Tcheck Ttotal Status Flags
r-devel-linux-x86_64-debian-clang 0.4-1 5.44 55.68 61.11 NOTE
r-devel-linux-x86_64-debian-gcc 0.4-1 5.16 56.76 61.92 NOTE
r-devel-linux-x86_64-fedora-clang 0.4-1 143.15 NOTE
r-devel-linux-x86_64-fedora-gcc 0.4-1 134.46 NOTE
r-devel-osx-x86_64-clang 0.4-1 103.78 NOTE
r-devel-osx-x86_64-gcc 0.4-1 NOTE
r-devel-windows-ix86+x86_64 0.4-1 12.00 74.00 86.00 NOTE
r-patched-linux-x86_64 0.4-1 5.25 55.21 60.46 NOTE
r-patched-solaris-sparc 0.4-1 730.40 NOTE
r-patched-solaris-x86 0.4-1 173.20 NOTE
r-release-linux-ix86 0.4-1 8.00 87.00 95.00 NOTE
r-release-linux-x86_64 0.4-1 5.10 56.07 61.17 NOTE
r-release-osx-x86_64-mavericks 0.4-1 NOTE
r-release-osx-x86_64-snowleopard 0.4-1 NOTE
r-release-windows-ix86+x86_64 0.4-1 13.00 82.00 95.00 NOTE
r-oldrel-windows-ix86+x86_64 0.4-1 11.00 73.00 84.00 NOTE

Check Details

Version: 0.4-1
Check: dependencies in R code
Result: NOTE
    'library' or 'require' call to ‘boot’ which was already attached by Depends.
     Please remove these calls from your code.
    Packages in Depends field not imported from:
     ‘boot’ ‘lme4’ ‘methods’
     These packages need to be imported from (in the NAMESPACE file)
     for when this namespace is loaded but not attached.
    See the information on DESCRIPTION files in the chapter ‘Creating R
    packages’ of the ‘Writing R Extensions’ manual.
Flavors: r-devel-linux-x86_64-debian-clang, r-devel-linux-x86_64-debian-gcc, r-devel-linux-x86_64-fedora-clang, r-devel-linux-x86_64-fedora-gcc, r-devel-osx-x86_64-clang, r-devel-osx-x86_64-gcc, r-devel-windows-ix86+x86_64, r-patched-linux-x86_64, r-patched-solaris-sparc, r-patched-solaris-x86, r-release-linux-ix86, r-release-linux-x86_64, r-release-osx-x86_64-mavericks, r-release-windows-ix86+x86_64, r-oldrel-windows-ix86+x86_64

Version: 0.4-1
Check: dependencies in R code
Result: NOTE
    ‘library’ or ‘require’ call to ‘boot’ which was already attached by Depends.
     Please remove these calls from your code.
    See the information on DESCRIPTION files in the chapter ‘Creating R
    packages’ of the ‘Writing R Extensions’ manual.
Flavor: r-release-osx-x86_64-snowleopard