CRAN Package Check Results for Package aoristic

Last updated on 2014-07-25 03:49:42.

Flavor Version Tinstall Tcheck Ttotal Status Flags
r-devel-linux-x86_64-debian-clang 0.4 6.00 70.79 76.79 OK
r-devel-linux-x86_64-debian-gcc 0.4 6.00 69.86 75.86 OK
r-devel-linux-x86_64-fedora-clang 0.4 195.14 OK
r-devel-linux-x86_64-fedora-gcc 0.4 186.46 OK
r-devel-osx-x86_64-clang 0.4 145.16 OK
r-devel-windows-ix86+x86_64 0.4 20.00 106.00 126.00 OK
r-patched-linux-x86_64 0.4 6.19 70.57 76.76 OK
r-patched-solaris-sparc 0.4 913.40 OK
r-patched-solaris-x86 0.4 235.40 OK
r-release-linux-ix86 0.4 7.40 84.89 92.29 OK
r-release-linux-x86_64 0.4 6.28 73.64 79.92 OK
r-release-osx-x86_64-mavericks 0.4 ERROR
r-release-osx-x86_64-snowleopard 0.4 OK
r-release-windows-ix86+x86_64 0.4 22.00 119.00 141.00 OK
r-oldrel-windows-ix86+x86_64 0.4 23.00 113.00 136.00 OK

Check Details

Version: 0.4
Check: package dependencies
Result: ERROR
    Package required but not available: ‘GISTools’
    
    See the information on DESCRIPTION files in the chapter ‘Creating R
    packages’ of the ‘Writing R Extensions’ manual.
Flavor: r-release-osx-x86_64-mavericks