CRAN Package Check Results for Package aoristic

Last updated on 2015-01-28 17:55:11.

Flavor Version Tinstall Tcheck Ttotal Status Flags
r-devel-linux-x86_64-debian-clang 0.6 10.82 99.74 110.56 OK
r-devel-linux-x86_64-debian-gcc 0.6 9.44 97.12 106.56 OK
r-devel-linux-x86_64-fedora-clang 0.6 336.32 OK
r-devel-linux-x86_64-fedora-gcc 0.6 287.54 OK
r-devel-osx-x86_64-clang 0.6 268.26 OK
r-devel-windows-ix86+x86_64 0.6 26.00 149.00 175.00 OK
r-patched-linux-x86_64 0.6 13.79 129.82 143.61 OK
r-patched-solaris-sparc 0.6 1690.70 OK
r-patched-solaris-x86 0.6 438.20 OK
r-release-linux-ix86 0.6 13.66 147.95 161.61 OK
r-release-linux-x86_64 0.6 14.71 131.83 146.54 OK
r-release-osx-x86_64-mavericks 0.6 ERROR
r-release-osx-x86_64-snowleopard 0.6 ERROR
r-release-windows-ix86+x86_64 0.6 41.00 226.00 267.00 OK
r-oldrel-windows-ix86+x86_64 0.6 37.00 219.00 256.00 OK

Check Details

Version: 0.6
Check: package dependencies
Result: ERROR
    Packages required but not available: ‘GISTools’ ‘rgdal’ ‘plotKML’
    
    See the information on DESCRIPTION files in the chapter ‘Creating R
    packages’ of the ‘Writing R Extensions’ manual.
Flavor: r-release-osx-x86_64-mavericks

Version: 0.6
Check: package dependencies
Result: ERROR
    Package required but not available: ‘plotKML’
    
    See the information on DESCRIPTION files in the chapter ‘Creating R
    packages’ of the ‘Writing R Extensions’ manual.
Flavor: r-release-osx-x86_64-snowleopard