CRAN Package Check Results for Package aoristic

Last updated on 2014-08-29 05:47:14.

Flavor Version Tinstall Tcheck Ttotal Status Flags
r-devel-linux-x86_64-debian-clang 0.5 11.72 126.40 138.12 NOTE
r-devel-linux-x86_64-debian-gcc 0.5 13.06 121.15 134.21 NOTE
r-devel-linux-x86_64-fedora-clang 0.5 350.67 NOTE
r-devel-linux-x86_64-fedora-gcc 0.5 324.89 NOTE
r-devel-osx-x86_64-clang 0.5 249.34 NOTE
r-devel-windows-ix86+x86_64 0.5 35.00 186.00 221.00 NOTE
r-patched-linux-x86_64 0.5 11.63 130.55 142.18 OK
r-patched-solaris-sparc 0.5 1629.50 OK
r-patched-solaris-x86 0.5 431.40 OK
r-release-linux-ix86 0.5 13.98 150.95 164.93 OK
r-release-linux-x86_64 0.5 12.01 136.85 148.86 OK
r-release-osx-x86_64-mavericks 0.5 ERROR
r-release-osx-x86_64-snowleopard 0.5 ERROR
r-release-windows-ix86+x86_64 0.5 35.00 204.00 239.00 OK
r-oldrel-windows-ix86+x86_64 0.5 39.00 200.00 239.00 OK

Check Details

Version: 0.5
Check: R code for possible problems
Result: NOTE
    aoristic.density: no visible global function definition for ‘kde2d’
    aoristic.density: no visible global function definition for ‘Polygon’
    aoristic.density: no visible global function definition for ‘Polygons’
    aoristic.density: no visible global function definition for
     ‘SpatialPolygons’
    aoristic.density: no visible global function definition for
     ‘proj4string<-’
    aoristic.density: no visible global function definition for ‘CRS’
    aoristic.density: no visible global function definition for
     ‘SpatialPolygonsDataFrame’
    aoristic.density: no visible global function definition for ‘spCbind’
    aoristic.density : <anonymous>: no visible global function definition
     for ‘kmlPolygon’
    aoristic.density: no visible global function definition for
     ‘kmlPolygon’
    aoristic.density: no visible global function definition for
     ‘GE_SpatialGrid’
    aoristic.density: no visible global function definition for
     ‘as.image.SpatialGridDataFrame’
    aoristic.density: no visible global function definition for
     ‘kmlOverlay’
    aoristic.grid: no visible global function definition for ‘Polygon’
    aoristic.grid: no visible global function definition for ‘Polygons’
    aoristic.grid: no visible global function definition for
     ‘SpatialPolygons’
    aoristic.grid: no visible global function definition for
     ‘proj4string<-’
    aoristic.grid: no visible global function definition for ‘CRS’
    aoristic.grid: no visible global function definition for ‘spCbind’
    aoristic.grid: no visible global function definition for ‘brewer.pal’
    aoristic.grid : <anonymous>: no visible global function definition for
     ‘kmlPolygon’
    aoristic.grid: no visible global function definition for ‘kmlPolygon’
    aoristic.shp: no visible global function definition for ‘spCbind’
    aoristic.shp: no visible global function definition for ‘brewer.pal’
    aoristic.shp : <anonymous>: no visible global function definition for
     ‘kmlPolygon’
    aoristic.shp: no visible global function definition for ‘kmlPolygon’
    aoristic.spdf: no visible global function definition for
     ‘SpatialPointsDataFrame’
Flavors: r-devel-linux-x86_64-debian-clang, r-devel-linux-x86_64-debian-gcc, r-devel-linux-x86_64-fedora-clang, r-devel-linux-x86_64-fedora-gcc, r-devel-osx-x86_64-clang, r-devel-windows-ix86+x86_64

Version: 0.5
Check: package dependencies
Result: ERROR
    Packages required but not available: ‘GISTools’ ‘rgdal’ ‘plotKML’
    
    See the information on DESCRIPTION files in the chapter ‘Creating R
    packages’ of the ‘Writing R Extensions’ manual.
Flavor: r-release-osx-x86_64-mavericks

Version: 0.5
Check: package dependencies
Result: ERROR
    Package required but not available: ‘plotKML’
    
    See the information on DESCRIPTION files in the chapter ‘Creating R
    packages’ of the ‘Writing R Extensions’ manual.
Flavor: r-release-osx-x86_64-snowleopard