CRAN Package Check Results for Package aoristic

Last updated on 2015-08-30 04:48:14.

Flavor Version Tinstall Tcheck Ttotal Status Flags
r-devel-linux-x86_64-debian-clang 0.6 8.33 88.62 96.95 NOTE
r-devel-linux-x86_64-debian-gcc 0.6 8.30 87.03 95.33 NOTE
r-devel-linux-x86_64-fedora-clang 0.6 199.48 NOTE
r-devel-linux-x86_64-fedora-gcc 0.6 191.24 NOTE
r-devel-osx-x86_64-clang 0.6 157.79 NOTE
r-devel-windows-ix86+x86_64 0.6 33.00 151.00 184.00 NOTE
r-patched-linux-x86_64 0.6 8.77 91.00 99.77 NOTE
r-patched-solaris-sparc 0.6 1252.70 NOTE
r-patched-solaris-x86 0.6 307.50 NOTE
r-release-linux-x86_64 0.6 8.66 94.81 103.47 NOTE
r-release-osx-x86_64-mavericks 0.6 NOTE
r-release-windows-ix86+x86_64 0.6 33.00 158.00 191.00 NOTE
r-oldrel-windows-ix86+x86_64 0.6 59.00 242.00 301.00 OK

Check Details

Version: 0.6
Check: DESCRIPTION meta-information
Result: NOTE
    Malformed Description field: should contain one or more complete sentences.
Flavors: r-devel-linux-x86_64-debian-clang, r-devel-linux-x86_64-debian-gcc, r-devel-linux-x86_64-fedora-clang, r-devel-linux-x86_64-fedora-gcc, r-devel-osx-x86_64-clang, r-devel-windows-ix86+x86_64, r-patched-linux-x86_64, r-patched-solaris-sparc, r-patched-solaris-x86, r-release-linux-x86_64, r-release-osx-x86_64-mavericks, r-release-windows-ix86+x86_64

Version: 0.6
Check: R code for possible problems
Result: NOTE
    aoristic.all.graph: no visible global function definition for
     ‘aggregate’
    aoristic.density: no visible global function definition for ‘as’
    aoristic.density: no visible global function definition for
     ‘contourLines’
    aoristic.density: no visible global function definition for ‘quantile’
    aoristic.density: no visible global function definition for ‘aggregate’
    aoristic.density: no visible global function definition for ‘slot’
    aoristic.density : <anonymous>: no visible global function definition
     for ‘as’
    aoristic.density : <anonymous>: no visible global function definition
     for ‘slot’
    aoristic.density: no visible global function definition for ‘png’
    aoristic.density: no visible global function definition for ‘par’
    aoristic.density: no visible global function definition for
     ‘colorRampPalette’
    aoristic.density: no visible global function definition for ‘image’
    aoristic.density: no visible global function definition for ‘dev.off’
    aoristic.density: no visible global function definition for ‘browseURL’
    aoristic.grid: no visible global function definition for ‘as’
    aoristic.grid: no visible global function definition for ‘aggregate’
    aoristic.grid: no visible global function definition for ‘slot’
    aoristic.grid : <anonymous>: no visible global function definition for
     ‘as’
    aoristic.grid : <anonymous>: no visible global function definition for
     ‘slot’
    aoristic.grid: no visible global function definition for ‘browseURL’
    aoristic.shp: no visible global function definition for ‘aggregate’
    aoristic.shp: no visible global function definition for ‘slot’
    aoristic.shp : <anonymous>: no visible global function definition for
     ‘as’
    aoristic.shp : <anonymous>: no visible global function definition for
     ‘slot’
    aoristic.shp: no visible global function definition for ‘browseURL’
    Undefined global functions or variables:
     aggregate as browseURL colorRampPalette contourLines dev.off image
     par png quantile slot
    Consider adding
     importFrom("grDevices", "colorRampPalette", "contourLines", "dev.off",
     "png")
     importFrom("graphics", "image", "par")
     importFrom("methods", "as", "slot")
     importFrom("stats", "aggregate", "quantile")
     importFrom("utils", "browseURL")
    to your NAMESPACE (and ensure that your DESCRIPTION Imports field
    contains 'methods').
Flavors: r-devel-linux-x86_64-debian-clang, r-devel-linux-x86_64-debian-gcc, r-devel-linux-x86_64-fedora-clang, r-devel-linux-x86_64-fedora-gcc, r-devel-windows-ix86+x86_64