CRAN Package Check Results for Package aoristic

Last updated on 2015-04-18 15:47:35.

Flavor Version Tinstall Tcheck Ttotal Status Flags
r-devel-linux-x86_64-debian-clang 0.6 8.99 87.85 96.84 NOTE
r-devel-linux-x86_64-debian-gcc 0.6 9.12 88.59 97.71 NOTE
r-devel-linux-x86_64-fedora-clang 0.6 203.33 NOTE
r-devel-linux-x86_64-fedora-gcc 0.6 194.08 NOTE
r-devel-osx-x86_64-clang 0.6 162.18 NOTE
r-patched-linux-x86_64 0.6 8.13 84.00 92.14 NOTE
r-patched-solaris-sparc 0.6 1280.50 NOTE
r-patched-solaris-x86 0.6 270.40 NOTE
r-release-linux-x86_64 0.6 8.27 87.41 95.68 NOTE
r-release-osx-x86_64-mavericks 0.6 ERROR
r-release-osx-x86_64-snowleopard 0.6 ERROR
r-release-windows-ix86+x86_64 0.6 25.00 164.00 189.00 NOTE
r-oldrel-windows-ix86+x86_64 0.6 58.00 312.00 370.00 OK

Check Details

Version: 0.6
Check: DESCRIPTION meta-information
Result: NOTE
    Malformed Description field: should contain one or more complete sentences.
Flavors: r-devel-linux-x86_64-debian-clang, r-devel-linux-x86_64-debian-gcc, r-devel-linux-x86_64-fedora-clang, r-devel-linux-x86_64-fedora-gcc, r-devel-osx-x86_64-clang, r-patched-linux-x86_64, r-patched-solaris-sparc, r-patched-solaris-x86, r-release-linux-x86_64, r-release-windows-ix86+x86_64

Version: 0.6
Check: package dependencies
Result: ERROR
    Packages required but not available: ‘GISTools’ ‘rgdal’ ‘plotKML’
    
    See section ‘The DESCRIPTION file’ in the ‘Writing R Extensions’
    manual.
Flavor: r-release-osx-x86_64-mavericks

Version: 0.6
Check: package dependencies
Result: ERROR
    Package required but not available: ‘plotKML’
    
    See section ‘The DESCRIPTION file’ in the ‘Writing R Extensions’
    manual.
Flavor: r-release-osx-x86_64-snowleopard