CRAN Package Check Results for Package aoristic

Last updated on 2015-05-28 23:47:19.

Flavor Version Tinstall Tcheck Ttotal Status Flags
r-devel-linux-x86_64-debian-clang 0.6 8.43 90.52 98.95 NOTE
r-devel-linux-x86_64-debian-gcc 0.6 8.80 88.31 97.11 NOTE
r-devel-linux-x86_64-fedora-clang 0.6 216.30 NOTE
r-devel-linux-x86_64-fedora-gcc 0.6 199.47 NOTE
r-devel-osx-x86_64-clang 0.6 162.42 NOTE
r-devel-windows-ix86+x86_64 0.6 22.00 135.00 157.00 NOTE
r-patched-linux-x86_64 0.6 8.26 87.02 95.28 NOTE
r-patched-solaris-sparc 0.6 1187.60 NOTE
r-patched-solaris-x86 0.6 279.20 NOTE
r-release-linux-x86_64 0.6 8.45 88.73 97.18 NOTE
r-release-osx-x86_64-mavericks 0.6 NOTE
r-release-osx-x86_64-snowleopard 0.6 ERROR
r-release-windows-ix86+x86_64 0.6 28.00 135.00 163.00 NOTE
r-oldrel-windows-ix86+x86_64 0.6 41.00 224.00 265.00 OK

Check Details

Version: 0.6
Check: DESCRIPTION meta-information
Result: NOTE
    Malformed Description field: should contain one or more complete sentences.
Flavors: r-devel-linux-x86_64-debian-clang, r-devel-linux-x86_64-debian-gcc, r-devel-linux-x86_64-fedora-clang, r-devel-linux-x86_64-fedora-gcc, r-devel-osx-x86_64-clang, r-devel-windows-ix86+x86_64, r-patched-linux-x86_64, r-patched-solaris-sparc, r-patched-solaris-x86, r-release-linux-x86_64, r-release-osx-x86_64-mavericks, r-release-windows-ix86+x86_64

Version: 0.6
Check: package dependencies
Result: ERROR
    Packages required but not available: ‘ggplot2’ ‘GISTools’ ‘plotKML’
    
    See section ‘The DESCRIPTION file’ in the ‘Writing R Extensions’
    manual.
Flavor: r-release-osx-x86_64-snowleopard