CRAN Package Check Results for Package aoristic

Last updated on 2014-10-25 17:46:37.

Flavor Version Tinstall Tcheck Ttotal Status Flags
r-devel-linux-x86_64-debian-clang 0.5 11.70 127.68 139.38 NOTE
r-devel-linux-x86_64-debian-gcc 0.5 11.40 132.36 143.76 NOTE
r-devel-linux-x86_64-fedora-clang 0.5 345.59 NOTE
r-devel-linux-x86_64-fedora-gcc 0.5 356.28 NOTE
r-devel-osx-x86_64-clang 0.5 268.51 NOTE
r-devel-windows-ix86+x86_64 0.5 35.00 198.00 233.00 NOTE
r-patched-linux-x86_64 0.5 12.69 131.16 143.86 NOTE
r-patched-solaris-sparc 0.5 1736.10 NOTE
r-patched-solaris-x86 0.5 447.40 NOTE
r-release-linux-ix86 0.5 14.47 155.54 170.01 OK
r-release-linux-x86_64 0.5 12.17 134.34 146.51 OK
r-release-osx-x86_64-mavericks 0.5 ERROR
r-release-osx-x86_64-snowleopard 0.5 ERROR
r-release-windows-ix86+x86_64 0.5 36.00 232.00 268.00 OK
r-oldrel-windows-ix86+x86_64 0.5 38.00 204.00 242.00 OK

Check Details

Version: 0.5
Check: R code for possible problems
Result: NOTE
    aoristic.density: no visible global function definition for ‘kde2d’
    aoristic.density: no visible global function definition for ‘Polygon’
    aoristic.density: no visible global function definition for ‘Polygons’
    aoristic.density: no visible global function definition for
     ‘SpatialPolygons’
    aoristic.density: no visible global function definition for
     ‘proj4string<-’
    aoristic.density: no visible global function definition for ‘CRS’
    aoristic.density: no visible global function definition for
     ‘SpatialPolygonsDataFrame’
    aoristic.density: no visible global function definition for ‘spCbind’
    aoristic.density : <anonymous>: no visible global function definition
     for ‘kmlPolygon’
    aoristic.density: no visible global function definition for
     ‘kmlPolygon’
    aoristic.density: no visible global function definition for
     ‘GE_SpatialGrid’
    aoristic.density: no visible global function definition for
     ‘as.image.SpatialGridDataFrame’
    aoristic.density: no visible global function definition for
     ‘kmlOverlay’
    aoristic.grid: no visible global function definition for ‘Polygon’
    aoristic.grid: no visible global function definition for ‘Polygons’
    aoristic.grid: no visible global function definition for
     ‘SpatialPolygons’
    aoristic.grid: no visible global function definition for
     ‘proj4string<-’
    aoristic.grid: no visible global function definition for ‘CRS’
    aoristic.grid: no visible global function definition for ‘spCbind’
    aoristic.grid: no visible global function definition for ‘brewer.pal’
    aoristic.grid : <anonymous>: no visible global function definition for
     ‘kmlPolygon’
    aoristic.grid: no visible global function definition for ‘kmlPolygon’
    aoristic.shp: no visible global function definition for ‘spCbind’
    aoristic.shp: no visible global function definition for ‘brewer.pal’
    aoristic.shp : <anonymous>: no visible global function definition for
     ‘kmlPolygon’
    aoristic.shp: no visible global function definition for ‘kmlPolygon’
    aoristic.spdf: no visible global function definition for
     ‘SpatialPointsDataFrame’
Flavors: r-devel-linux-x86_64-debian-clang, r-devel-linux-x86_64-debian-gcc, r-devel-linux-x86_64-fedora-clang, r-devel-linux-x86_64-fedora-gcc, r-devel-osx-x86_64-clang, r-devel-windows-ix86+x86_64, r-patched-linux-x86_64, r-patched-solaris-sparc, r-patched-solaris-x86

Version: 0.5
Check: package dependencies
Result: ERROR
    Packages required but not available: ‘GISTools’ ‘rgdal’ ‘plotKML’
    
    See the information on DESCRIPTION files in the chapter ‘Creating R
    packages’ of the ‘Writing R Extensions’ manual.
Flavor: r-release-osx-x86_64-mavericks

Version: 0.5
Check: package dependencies
Result: ERROR
    Package required but not available: ‘plotKML’
    
    See the information on DESCRIPTION files in the chapter ‘Creating R
    packages’ of the ‘Writing R Extensions’ manual.
Flavor: r-release-osx-x86_64-snowleopard