CRAN Package Check Results for Package aoristic

Last updated on 2014-12-19 03:47:28.

Flavor Version Tinstall Tcheck Ttotal Status Flags
r-devel-linux-x86_64-debian-clang 0.5 11.84 129.64 141.48 NOTE
r-devel-linux-x86_64-debian-gcc 0.5 11.28 123.76 135.04 NOTE
r-devel-linux-x86_64-fedora-clang 0.5 343.05 NOTE
r-devel-linux-x86_64-fedora-gcc 0.5 321.28 NOTE
r-devel-osx-x86_64-clang 0.5 271.41 NOTE
r-devel-windows-ix86+x86_64 0.5 35.00 197.00 232.00 NOTE
r-patched-linux-x86_64 0.5 12.18 131.26 143.44 NOTE
r-patched-solaris-sparc 0.5 1736.10 NOTE
r-patched-solaris-x86 0.5 444.20 NOTE
r-release-linux-ix86 0.5 13.44 148.88 162.32 NOTE
r-release-linux-x86_64 0.5 12.18 130.58 142.76 NOTE
r-release-osx-x86_64-mavericks 0.5 ERROR
r-release-osx-x86_64-snowleopard 0.5 ERROR
r-release-windows-ix86+x86_64 0.5 44.00 218.00 262.00 NOTE
r-oldrel-windows-ix86+x86_64 0.5 42.00 199.00 241.00 OK

Check Details

Version: 0.5
Check: R code for possible problems
Result: NOTE
    aoristic.density: no visible global function definition for ‘kde2d’
    aoristic.density: no visible global function definition for ‘Polygon’
    aoristic.density: no visible global function definition for ‘Polygons’
    aoristic.density: no visible global function definition for
     ‘SpatialPolygons’
    aoristic.density: no visible global function definition for
     ‘proj4string<-’
    aoristic.density: no visible global function definition for ‘CRS’
    aoristic.density: no visible global function definition for
     ‘SpatialPolygonsDataFrame’
    aoristic.density: no visible global function definition for ‘spCbind’
    aoristic.density : <anonymous>: no visible global function definition
     for ‘kmlPolygon’
    aoristic.density: no visible global function definition for
     ‘kmlPolygon’
    aoristic.density: no visible global function definition for
     ‘GE_SpatialGrid’
    aoristic.density: no visible global function definition for
     ‘as.image.SpatialGridDataFrame’
    aoristic.density: no visible global function definition for
     ‘kmlOverlay’
    aoristic.grid: no visible global function definition for ‘Polygon’
    aoristic.grid: no visible global function definition for ‘Polygons’
    aoristic.grid: no visible global function definition for
     ‘SpatialPolygons’
    aoristic.grid: no visible global function definition for
     ‘proj4string<-’
    aoristic.grid: no visible global function definition for ‘CRS’
    aoristic.grid: no visible global function definition for ‘spCbind’
    aoristic.grid: no visible global function definition for ‘brewer.pal’
    aoristic.grid : <anonymous>: no visible global function definition for
     ‘kmlPolygon’
    aoristic.grid: no visible global function definition for ‘kmlPolygon’
    aoristic.shp: no visible global function definition for ‘spCbind’
    aoristic.shp: no visible global function definition for ‘brewer.pal’
    aoristic.shp : <anonymous>: no visible global function definition for
     ‘kmlPolygon’
    aoristic.shp: no visible global function definition for ‘kmlPolygon’
    aoristic.spdf: no visible global function definition for
     ‘SpatialPointsDataFrame’
Flavors: r-devel-linux-x86_64-debian-clang, r-devel-linux-x86_64-debian-gcc, r-devel-linux-x86_64-fedora-clang, r-devel-linux-x86_64-fedora-gcc, r-devel-osx-x86_64-clang, r-devel-windows-ix86+x86_64, r-patched-linux-x86_64, r-patched-solaris-sparc, r-patched-solaris-x86, r-release-linux-ix86, r-release-linux-x86_64, r-release-windows-ix86+x86_64

Version: 0.5
Check: package dependencies
Result: ERROR
    Packages required but not available: ‘GISTools’ ‘rgdal’ ‘plotKML’
    
    See the information on DESCRIPTION files in the chapter ‘Creating R
    packages’ of the ‘Writing R Extensions’ manual.
Flavor: r-release-osx-x86_64-mavericks

Version: 0.5
Check: package dependencies
Result: ERROR
    Package required but not available: ‘plotKML’
    
    See the information on DESCRIPTION files in the chapter ‘Creating R
    packages’ of the ‘Writing R Extensions’ manual.
Flavor: r-release-osx-x86_64-snowleopard