CRAN Package Check Results for Package aoristic

Last updated on 2015-03-29 11:51:09.

Flavor Version Tinstall Tcheck Ttotal Status Flags
r-devel-linux-x86_64-debian-clang 0.6 8.36 86.85 95.21 NOTE
r-devel-linux-x86_64-debian-gcc 0.6 7.89 85.38 93.27 NOTE
r-devel-linux-x86_64-fedora-clang 0.6 201.75 NOTE
r-devel-linux-x86_64-fedora-gcc 0.6 194.07 NOTE
r-devel-osx-x86_64-clang 0.6 172.18 NOTE
r-prerel-windows-ix86+x86_64 0.6 32.00 132.00 164.00 NOTE
r-prerel-linux-x86_64 0.6 7.97 84.70 92.67 NOTE
r-prerel-solaris-sparc 0.6 1280.50 NOTE
r-prerel-solaris-x86 0.6 262.70 NOTE
r-release-linux-x86_64 0.6 14.60 132.98 147.58 OK
r-release-osx-x86_64-mavericks 0.6 ERROR
r-release-osx-x86_64-snowleopard 0.6 ERROR
r-release-windows-ix86+x86_64 0.6 43.00 215.00 258.00 OK
r-oldrel-windows-ix86+x86_64 0.6 42.00 213.00 255.00 OK

Check Details

Version: 0.6
Check: DESCRIPTION meta-information
Result: NOTE
    Malformed Description field: should contain one or more complete sentences.
Flavors: r-devel-linux-x86_64-debian-clang, r-devel-linux-x86_64-debian-gcc, r-devel-linux-x86_64-fedora-clang, r-devel-linux-x86_64-fedora-gcc, r-devel-osx-x86_64-clang, r-prerel-windows-ix86+x86_64, r-prerel-linux-x86_64, r-prerel-solaris-sparc, r-prerel-solaris-x86

Version: 0.6
Check: package dependencies
Result: ERROR
    Packages required but not available: ‘GISTools’ ‘rgdal’ ‘plotKML’
    
    See section ‘The DESCRIPTION file’ in the ‘Writing R Extensions’
    manual.
Flavor: r-release-osx-x86_64-mavericks

Version: 0.6
Check: package dependencies
Result: ERROR
    Package required but not available: ‘plotKML’
    
    See section ‘The DESCRIPTION file’ in the ‘Writing R Extensions’
    manual.
Flavor: r-release-osx-x86_64-snowleopard