CRAN Package Check Results for Package apaTables

Last updated on 2020-08-10 04:47:20 CEST.

Flavor Version Tinstall Tcheck Ttotal Status Flags
r-devel-linux-x86_64-debian-clang 2.0.5 8.51 68.52 77.03 NOTE
r-devel-linux-x86_64-debian-gcc 2.0.5 6.90 50.50 57.40 NOTE
r-devel-linux-x86_64-fedora-clang 2.0.5 98.20 NOTE
r-devel-linux-x86_64-fedora-gcc 2.0.5 87.94 NOTE
r-devel-windows-ix86+x86_64 2.0.5 16.00 106.00 122.00 OK
r-patched-linux-x86_64 2.0.5 6.84 65.48 72.32 NOTE
r-patched-solaris-x86 2.0.5 125.60 NOTE
r-release-linux-x86_64 2.0.5 8.35 64.87 73.22 NOTE
r-release-macos-x86_64 2.0.5 OK
r-release-windows-ix86+x86_64 2.0.5 23.00 113.00 136.00 OK
r-oldrel-macos-x86_64 2.0.5 OK
r-oldrel-windows-ix86+x86_64 2.0.5 13.00 76.00 89.00 OK

Check Details

Version: 2.0.5
Check: for non-standard things in the check directory
Result: NOTE
    Found the following files/directories:
     'ex.CorTable1.doc' 'ex1_anova_table.doc' 'ex1_d_table.doc'
     'ex1_desc_table.doc' 'ex1_ez_independent.doc' 'ex2_anova_table.doc'
     'ex2_desc_table.doc' 'ex2_repeated_table.doc' 'ex3_anova_table.doc'
     'ex3_desc_table.doc' 'ex3_mixed_table.doc' 'exInteraction1.doc'
     'exInteraction2.doc' 'exInteraction3.doc' 'exRegBlocksTable.doc'
     'exRegTable.doc'
Flavors: r-devel-linux-x86_64-debian-clang, r-devel-linux-x86_64-debian-gcc, r-devel-linux-x86_64-fedora-clang, r-devel-linux-x86_64-fedora-gcc, r-patched-linux-x86_64, r-patched-solaris-x86, r-release-linux-x86_64