CRAN Package Check Results for Package apaTables

Last updated on 2020-01-25 17:47:25 CET.

Flavor Version Tinstall Tcheck Ttotal Status Flags
r-devel-linux-x86_64-debian-clang 2.0.5 9.19 68.62 77.81 NOTE
r-devel-linux-x86_64-debian-gcc 2.0.5 7.79 52.02 59.81 NOTE
r-devel-linux-x86_64-fedora-clang 2.0.5 99.05 NOTE
r-devel-linux-x86_64-fedora-gcc 2.0.5 90.22 NOTE
r-devel-windows-ix86+x86_64 2.0.5 28.00 129.00 157.00 OK
r-devel-windows-ix86+x86_64-gcc8 2.0.5 33.00 113.00 146.00 OK
r-patched-linux-x86_64 2.0.5 8.14 60.38 68.52 OK
r-patched-solaris-x86 2.0.5 117.20 OK
r-release-linux-x86_64 2.0.5 6.19 59.93 66.12 OK
r-release-windows-ix86+x86_64 2.0.5 17.00 74.00 91.00 OK
r-release-osx-x86_64 2.0.5 OK
r-oldrel-windows-ix86+x86_64 2.0.5 9.00 70.00 79.00 OK
r-oldrel-osx-x86_64 2.0.5 OK

Check Details

Version: 2.0.5
Check: for non-standard things in the check directory
Result: NOTE
    Found the following files/directories:
     'ex.CorTable1.doc' 'ex1_anova_table.doc' 'ex1_d_table.doc'
     'ex1_desc_table.doc' 'ex1_ez_independent.doc' 'ex2_anova_table.doc'
     'ex2_desc_table.doc' 'ex2_repeated_table.doc' 'ex3_anova_table.doc'
     'ex3_desc_table.doc' 'ex3_mixed_table.doc' 'exInteraction1.doc'
     'exInteraction2.doc' 'exInteraction3.doc' 'exRegBlocksTable.doc'
     'exRegTable.doc'
Flavors: r-devel-linux-x86_64-debian-clang, r-devel-linux-x86_64-debian-gcc, r-devel-linux-x86_64-fedora-clang, r-devel-linux-x86_64-fedora-gcc