CRAN Package Check Results for Package apcf

Last updated on 2022-08-12 07:53:08 CEST.

Flavor Version Tinstall Tcheck Ttotal Status Flags
r-devel-linux-x86_64-debian-clang 0.2.0 51.45 43.04 94.49 OK
r-devel-linux-x86_64-debian-gcc 0.2.0 35.57 33.02 68.59 OK
r-devel-linux-x86_64-fedora-clang 0.2.0 142.63 OK
r-devel-linux-x86_64-fedora-gcc 0.2.0 129.06 OK
r-devel-windows-x86_64 0.2.0 121.00 118.00 239.00 OK
r-patched-linux-x86_64 0.2.0 40.38 40.34 80.72 OK
r-release-linux-x86_64 0.2.0 40.27 40.86 81.13 OK
r-release-macos-arm64 0.2.0 45.00 OK
r-release-macos-x86_64 0.2.0 57.00 OK
r-release-windows-x86_64 0.2.0 121.00 118.00 239.00 OK
r-oldrel-macos-arm64 0.2.0 42.00 OK
r-oldrel-macos-x86_64 0.2.0 61.00 NOTE
r-oldrel-windows-ix86+x86_64 0.2.0 120.00 108.00 228.00 NOTE

Check Details

Version: 0.2.0
Check: installed package size
Result: NOTE
     installed size is 33.6Mb
     sub-directories of 1Mb or more:
     libs 33.0Mb
Flavors: r-oldrel-macos-x86_64, r-oldrel-windows-ix86+x86_64