CRAN Package Check Results for Package apcluster

Last updated on 2016-07-02 10:48:00.

Flavor Version Tinstall Tcheck Ttotal Status Flags
r-devel-linux-x86_64-debian-gcc 1.4.3 27.71 74.54 102.25 OK
r-devel-linux-x86_64-fedora-clang 1.4.3 181.66 OK
r-devel-linux-x86_64-fedora-gcc 1.4.3 169.86 OK
r-devel-osx-x86_64-clang 1.4.3 125.72 OK
r-devel-windows-ix86+x86_64 1.4.3 94.00 197.00 291.00 OK
r-patched-linux-x86_64 1.4.3 21.76 77.95 99.71 OK
r-patched-solaris-sparc 1.4.3 842.60 NOTE --no-vignettes
r-patched-solaris-x86 1.4.3 171.30 WARN
r-release-linux-x86_64 1.4.3 19.05 69.17 88.22 OK
r-release-osx-x86_64-mavericks 1.4.3 OK
r-release-windows-ix86+x86_64 1.4.3 91.00 196.00 287.00 OK
r-oldrel-windows-ix86+x86_64 1.4.3 87.00 160.00 247.00 OK

Check Details

Version: 1.4.3
Flags: --no-vignettes
Check: package dependencies
Result: NOTE
    Package suggested but not available for checking: ‘kebabs’
Flavor: r-patched-solaris-sparc

Version: 1.4.3
Flags: --no-vignettes
Check: installed package size
Result: NOTE
     installed size is 6.9Mb
     sub-directories of 1Mb or more:
     doc 1.1Mb
     libs 5.0Mb
Flavor: r-patched-solaris-sparc

Version: 1.4.3
Check: package dependencies
Result: NOTE
    Package suggested but not available for checking: ‘kebabs’
Flavor: r-patched-solaris-x86

Version: 1.4.3
Check: installed package size
Result: NOTE
     installed size is 6.2Mb
     sub-directories of 1Mb or more:
     doc 1.1Mb
     libs 4.4Mb
Flavor: r-patched-solaris-x86

Version: 1.4.3
Check: re-building of vignette outputs
Result: WARN
    Error in re-building vignettes:
     ...
    Quitting from lines 31-44 (apcluster.Rnw)
    Error: processing vignette 'apcluster.Rnw' failed with diagnostics:
    there is no package called 'kebabs'
    Execution halted
Flavor: r-patched-solaris-x86