CRAN Package Check Results for Package apcluster

Last updated on 2016-02-06 02:49:37.

Flavor Version Tinstall Tcheck Ttotal Status Flags
r-devel-linux-x86_64-debian-gcc 1.4.2 18.39 67.69 86.08 OK
r-devel-linux-x86_64-fedora-clang 1.4.2 184.86 OK
r-devel-linux-x86_64-fedora-gcc 1.4.2 173.33 OK
r-devel-osx-x86_64-clang 1.4.2 165.53 OK
r-devel-windows-ix86+x86_64 1.4.2 88.00 162.00 250.00 OK
r-patched-linux-x86_64 1.4.2 19.06 72.61 91.67 OK
r-patched-solaris-sparc 1.4.2 863.50 NOTE --no-vignettes
r-patched-solaris-x86 1.4.2 175.70 NOTE
r-release-linux-x86_64 1.4.2 19.97 73.09 93.06 OK
r-release-osx-x86_64-mavericks 1.4.2 NOTE
r-release-windows-ix86+x86_64 1.4.2 82.00 202.00 284.00 OK
r-oldrel-windows-ix86+x86_64 1.4.2 89.00 194.00 283.00 OK

Check Details

Version: 1.4.2
Flags: --no-vignettes
Check: package dependencies
Result: NOTE
    Package suggested but not available for checking: ‘kebabs’
Flavor: r-patched-solaris-sparc

Version: 1.4.2
Check: package dependencies
Result: NOTE
    Package suggested but not available for checking: ‘kebabs’
Flavors: r-patched-solaris-x86, r-release-osx-x86_64-mavericks

Version: 1.4.2
Check: re-building of vignette outputs
Result: NOTE
    Error in re-building vignettes:
     ...
    Quitting from lines 31-44 (apcluster.Rnw)
    Error: processing vignette 'apcluster.Rnw' failed with diagnostics:
    there is no package called 'kebabs'
    Execution halted
Flavors: r-patched-solaris-x86, r-release-osx-x86_64-mavericks