CRAN Package Check Results for Package apcluster

Last updated on 2018-06-25 16:49:40 CEST.

Flavor Version Tinstall Tcheck Ttotal Status Flags
r-devel-linux-x86_64-debian-clang 1.4.7 51.12 114.36 165.48 OK
r-devel-linux-x86_64-debian-gcc 1.4.7 46.93 94.90 141.83 OK
r-devel-linux-x86_64-fedora-clang 1.4.7 225.77 OK
r-devel-linux-x86_64-fedora-gcc 1.4.7 212.20 OK
r-devel-windows-ix86+x86_64 1.4.7 140.00 178.00 318.00 OK
r-patched-linux-x86_64 1.4.7 60.39 105.87 166.26 OK
r-patched-solaris-x86 1.4.7 215.10 WARN
r-release-linux-x86_64 1.4.7 57.01 106.08 163.09 OK
r-release-windows-ix86+x86_64 1.4.7 132.00 172.00 304.00 OK
r-release-osx-x86_64 1.4.7 WARN
r-oldrel-windows-ix86+x86_64 1.4.7 96.00 199.00 295.00 OK
r-oldrel-osx-x86_64 1.4.7 WARN

Check Details

Version: 1.4.7
Check: package dependencies
Result: NOTE
    Package suggested but not available for checking: ‘kebabs’
Flavors: r-patched-solaris-x86, r-release-osx-x86_64, r-oldrel-osx-x86_64

Version: 1.4.7
Check: re-building of vignette outputs
Result: WARN
    Error in re-building vignettes:
     ...
    
    Attaching package: 'apcluster'
    
    The following object is masked from 'package:stats':
    
     heatmap
    
    Quitting from lines 387-408 (apcluster.Rnw)
    Error: processing vignette 'apcluster.Rnw' failed with diagnostics:
    object 'apres2c' not found
    Execution halted
Flavors: r-patched-solaris-x86, r-release-osx-x86_64, r-oldrel-osx-x86_64