CRAN Package Check Results for Package apcluster

Last updated on 2015-07-01 23:46:43.

Flavor Version Tinstall Tcheck Ttotal Status Flags
r-devel-linux-x86_64-debian-clang 1.4.1 17.95 95.59 113.54 NOTE
r-devel-linux-x86_64-debian-gcc 1.4.1 20.92 101.22 122.14 NOTE
r-devel-linux-x86_64-fedora-clang 1.4.1 234.15 NOTE
r-devel-linux-x86_64-fedora-gcc 1.4.1 238.15 NOTE
r-devel-osx-x86_64-clang 1.4.1 190.84 OK
r-devel-windows-ix86+x86_64 1.4.1 65.00 166.00 231.00 NOTE
r-patched-linux-x86_64 1.4.1 20.45 99.26 119.71 OK
r-patched-solaris-sparc 1.4.1 872.10 OK --no-vignettes
r-patched-solaris-x86 1.4.1 376.80 OK
r-release-linux-x86_64 1.4.1 20.79 100.51 121.30 OK
r-release-osx-x86_64-mavericks 1.4.1 OK
r-release-windows-ix86+x86_64 1.4.1 61.00 166.00 227.00 OK
r-oldrel-windows-ix86+x86_64 1.4.1 64.00 273.00 337.00 OK

Check Details

Version: 1.4.1
Check: R code for possible problems
Result: NOTE
    apcluster.dgTMatrix: no visible global function definition for ‘median’
    apcluster.dgTMatrix: no visible global function definition for
     ‘quantile’
    apcluster.dgTMatrix: no visible global function definition for ‘rnorm’
    apcluster.matrix: no visible global function definition for ‘median’
    apcluster.matrix: no visible global function definition for ‘quantile’
    apcluster.matrix: no visible global function definition for ‘rnorm’
    apclusterDemo: no visible global function definition for ‘runif’
    apclusterK.matrixOrDgT: no visible global function definition for
     ‘rnorm’
    apclusterL.matrix: no visible global function definition for ‘median’
    apclusterL.matrix: no visible global function definition for ‘quantile’
    apclusterL.matrix: no visible global function definition for ‘rnorm’
    corSimMat: no visible global function definition for ‘cor’
    heatmap.AggExResult.matrix: no visible global function definition for
     ‘order.dendrogram’
    heatmap.AggExResult.matrix: no visible global function definition for
     ‘rainbow’
    heatmap.AggExResult.matrix: no visible global function definition for
     ‘dev.hold’
    heatmap.AggExResult.matrix: no visible global function definition for
     ‘dev.flush’
    heatmap.AggExResult.matrix: no visible global function definition for
     ‘par’
    heatmap.AggExResult.matrix: no visible global function definition for
     ‘layout’
    heatmap.AggExResult.matrix: no visible global function definition for
     ‘axis’
    heatmap.AggExResult.matrix: no visible global function definition for
     ‘frame’
    heatmap.AggExResult.matrix: no visible global function definition for
     ‘title’
Flavors: r-devel-linux-x86_64-debian-clang, r-devel-linux-x86_64-debian-gcc, r-devel-linux-x86_64-fedora-clang, r-devel-linux-x86_64-fedora-gcc, r-devel-windows-ix86+x86_64