CRAN Package Check Results for Package apcluster

Last updated on 2016-08-25 06:47:22.

Flavor Version Tinstall Tcheck Ttotal Status Flags
r-devel-linux-x86_64-debian-clang 1.4.3 21.82 71.90 93.72 OK
r-devel-linux-x86_64-debian-gcc 1.4.3 22.35 69.87 92.23 OK
r-devel-linux-x86_64-fedora-clang 1.4.3 187.82 OK
r-devel-linux-x86_64-fedora-gcc 1.4.3 178.63 OK
r-devel-osx-x86_64-clang 1.4.3 129.06 OK
r-devel-windows-ix86+x86_64 1.4.3 90.00 147.00 237.00 OK
r-patched-linux-x86_64 1.4.3 19.05 69.26 88.31 OK
r-patched-solaris-sparc 1.4.3 847.00 NOTE --no-vignettes
r-patched-solaris-x86 1.4.3 170.10 WARN
r-release-linux-x86_64 1.4.3 19.10 69.72 88.82 OK
r-release-osx-x86_64-mavericks 1.4.3 OK
r-release-windows-ix86+x86_64 1.4.3 90.00 192.00 282.00 OK
r-oldrel-windows-ix86+x86_64 1.4.3 62.00 209.00 271.00 OK

Check Details

Version: 1.4.3
Flags: --no-vignettes
Check: package dependencies
Result: NOTE
    Package suggested but not available for checking: ‘kebabs’
Flavor: r-patched-solaris-sparc

Version: 1.4.3
Check: package dependencies
Result: NOTE
    Package suggested but not available for checking: ‘kebabs’
Flavor: r-patched-solaris-x86

Version: 1.4.3
Check: re-building of vignette outputs
Result: WARN
    Error in re-building vignettes:
     ...
    Quitting from lines 31-44 (apcluster.Rnw)
    Error: processing vignette 'apcluster.Rnw' failed with diagnostics:
    there is no package called 'kebabs'
    Execution halted
Flavor: r-patched-solaris-x86