CRAN Package Check Results for Package apcluster

Last updated on 2016-05-03 23:46:42.

Flavor Version Tinstall Tcheck Ttotal Status Flags
r-devel-linux-x86_64-debian-gcc 1.4.3 19.25 70.13 89.38 OK
r-devel-linux-x86_64-fedora-clang 1.4.3 183.95 OK
r-devel-linux-x86_64-fedora-gcc 1.4.3 170.71 OK
r-devel-osx-x86_64-clang 1.4.3 170.59 OK
r-devel-windows-ix86+x86_64 1.4.3 73.00 156.00 229.00 OK
r-patched-linux-x86_64 1.4.3 19.58 69.48 89.06 OK
r-patched-solaris-sparc 1.4.3 831.70 NOTE --no-vignettes
r-patched-solaris-x86 1.4.3 171.70 WARN
r-release-linux-x86_64 1.4.3 19.79 73.13 92.92 OK
r-release-osx-x86_64-mavericks 1.4.3 NOTE
r-release-windows-ix86+x86_64 1.4.3 63.00 163.00 226.00 OK
r-oldrel-windows-ix86+x86_64 1.4.3 86.00 185.00 271.00 OK

Check Details

Version: 1.4.3
Flags: --no-vignettes
Check: package dependencies
Result: NOTE
    Package suggested but not available for checking: ‘kebabs’
Flavor: r-patched-solaris-sparc

Version: 1.4.3
Check: package dependencies
Result: NOTE
    Package suggested but not available for checking: ‘kebabs’
Flavors: r-patched-solaris-x86, r-release-osx-x86_64-mavericks

Version: 1.4.3
Check: re-building of vignette outputs
Result: WARN
    Error in re-building vignettes:
     ...
    Quitting from lines 31-44 (apcluster.Rnw)
    Error: processing vignette 'apcluster.Rnw' failed with diagnostics:
    there is no package called 'kebabs'
    Execution halted
Flavor: r-patched-solaris-x86

Version: 1.4.3
Check: re-building of vignette outputs
Result: NOTE
    Error in re-building vignettes:
     ...
    Quitting from lines 31-44 (apcluster.Rnw)
    Error: processing vignette 'apcluster.Rnw' failed with diagnostics:
    there is no package called 'kebabs'
    Execution halted
Flavor: r-release-osx-x86_64-mavericks