CRAN Package Check Results for Package apcluster

Last updated on 2017-09-20 19:46:55.

Flavor Version Tinstall Tcheck Ttotal Status Flags
r-devel-linux-x86_64-debian-clang 1.4.4 27.40 74.94 102.34 OK
r-devel-linux-x86_64-debian-gcc 1.4.4 28.74 73.57 102.31 OK
r-devel-linux-x86_64-fedora-clang 1.4.4 216.90 OK
r-devel-linux-x86_64-fedora-gcc 1.4.4 210.42 OK
r-devel-windows-ix86+x86_64 1.4.4 87.00 220.00 307.00 OK
r-patched-linux-x86_64 1.4.4 28.52 74.10 102.62 OK
r-patched-solaris-x86 1.4.4 206.70 WARN
r-release-linux-x86_64 1.4.4 28.20 74.34 102.55 OK
r-release-windows-ix86+x86_64 1.4.4 84.00 164.00 248.00 OK
r-release-osx-x86_64 1.4.4 ERROR
r-oldrel-windows-ix86+x86_64 1.4.4 86.00 148.00 234.00 OK
r-oldrel-osx-x86_64 1.4.4 OK

Check Details

Version: 1.4.4
Check: package dependencies
Result: NOTE
    Package suggested but not available for checking: ‘kebabs’
Flavor: r-patched-solaris-x86

Version: 1.4.4
Check: re-building of vignette outputs
Result: WARN
    Error in re-building vignettes:
     ...
    Quitting from lines 31-44 (apcluster.Rnw)
    Error: processing vignette 'apcluster.Rnw' failed with diagnostics:
    there is no package called 'kebabs'
    Execution halted
Flavor: r-patched-solaris-x86

Version: 1.4.4
Check: package dependencies
Result: NOTE
    Packages suggested but not available for checking: ‘Biostrings’ ‘kebabs’
Flavor: r-release-osx-x86_64

Version: 1.4.4
Check: examples
Result: ERROR
    Running examples in ‘apcluster-Ex.R’ failed
    The error most likely occurred in:
    
    > ### Name: ch22Promoters
    > ### Title: ch22Promoters Data Set
    > ### Aliases: ch22Promoters
    > ### Keywords: datasets
    >
    > ### ** Examples
    >
    > ## load Biostrings package
    > library(Biostrings)
    Error in library(Biostrings) : there is no package called ‘Biostrings’
    Execution halted
Flavor: r-release-osx-x86_64

Version: 1.4.4
Check: re-building of vignette outputs
Result: WARN
    Error in re-building vignettes:
     ...
    Warning: running command 'kpsewhich framed.sty' had status 1
    Warning in test_latex_pkg("framed", system.file("misc", "framed.sty", package = "knitr")) :
     unable to find LaTeX package 'framed'; will use a copy from knitr
    Quitting from lines 31-44 (apcluster.Rnw)
    Error: processing vignette 'apcluster.Rnw' failed with diagnostics:
    there is no package called 'kebabs'
    Execution halted
Flavor: r-release-osx-x86_64