CRAN Package Check Results for Package apcluster

Last updated on 2016-09-26 20:49:24.

Flavor Version Tinstall Tcheck Ttotal Status Flags
r-devel-linux-x86_64-debian-clang 1.4.3 20.70 64.61 85.30 OK
r-devel-linux-x86_64-debian-gcc 1.4.3 21.15 63.63 84.79 OK
r-devel-linux-x86_64-fedora-clang 1.4.3 180.21 OK
r-devel-linux-x86_64-fedora-gcc 1.4.3 171.30 OK
r-devel-macos-x86_64-clang 1.4.3 121.84 OK
r-devel-windows-ix86+x86_64 1.4.3 92.00 170.00 262.00 OK
r-patched-linux-x86_64 1.4.3 18.91 65.20 84.11 OK
r-patched-solaris-sparc 1.4.3 847.00 NOTE --no-vignettes
r-patched-solaris-x86 1.4.3 170.50 WARN
r-release-linux-x86_64 1.4.3 19.63 66.01 85.64 OK
r-release-osx-x86_64-mavericks 1.4.3 OK
r-release-windows-ix86+x86_64 1.4.3 83.00 185.00 268.00 OK
r-oldrel-windows-ix86+x86_64 1.4.3 90.00 208.00 298.00 OK

Check Details

Version: 1.4.3
Flags: --no-vignettes
Check: package dependencies
Result: NOTE
    Package suggested but not available for checking: ‘kebabs’
Flavor: r-patched-solaris-sparc

Version: 1.4.3
Check: package dependencies
Result: NOTE
    Package suggested but not available for checking: ‘kebabs’
Flavor: r-patched-solaris-x86

Version: 1.4.3
Check: re-building of vignette outputs
Result: WARN
    Error in re-building vignettes:
     ...
    Quitting from lines 31-44 (apcluster.Rnw)
    Error: processing vignette 'apcluster.Rnw' failed with diagnostics:
    there is no package called 'kebabs'
    Execution halted
Flavor: r-patched-solaris-x86