CRAN Package Check Results for Package apcluster

Last updated on 2017-07-27 14:46:51.

Flavor Version Tinstall Tcheck Ttotal Status Flags
r-devel-linux-x86_64-debian-clang 1.4.4 26.40 83.00 109.41 OK
r-devel-linux-x86_64-debian-gcc 1.4.4 28.61 80.38 108.99 OK
r-devel-linux-x86_64-fedora-clang 1.4.4 215.33 OK
r-devel-linux-x86_64-fedora-gcc 1.4.4 210.62 OK
r-devel-windows-ix86+x86_64 1.4.4 112.00 205.00 317.00 OK
r-patched-linux-x86_64 1.4.4 28.00 82.18 110.18 OK
r-patched-solaris-x86 1.4.4 207.70 WARN
r-release-linux-x86_64 1.4.4 28.43 82.72 111.14 OK
r-release-windows-ix86+x86_64 1.4.4 125.00 204.00 329.00 OK
r-release-osx-x86_64 1.4.4 ERROR
r-oldrel-windows-ix86+x86_64 1.4.4 85.00 165.00 250.00 OK
r-oldrel-osx-x86_64 1.4.4 OK

Check Details

Version: 1.4.4
Check: package dependencies
Result: NOTE
    Package suggested but not available for checking: ‘kebabs’
Flavor: r-patched-solaris-x86

Version: 1.4.4
Check: re-building of vignette outputs
Result: WARN
    Error in re-building vignettes:
     ...
    Quitting from lines 31-44 (apcluster.Rnw)
    Error: processing vignette 'apcluster.Rnw' failed with diagnostics:
    there is no package called 'kebabs'
    Execution halted
Flavor: r-patched-solaris-x86

Version: 1.4.4
Check: package dependencies
Result: NOTE
    Packages suggested but not available for checking: ‘Biostrings’ ‘kebabs’
Flavor: r-release-osx-x86_64

Version: 1.4.4
Check: examples
Result: ERROR
    Running examples in ‘apcluster-Ex.R’ failed
    The error most likely occurred in:
    
    > ### Name: ch22Promoters
    > ### Title: ch22Promoters Data Set
    > ### Aliases: ch22Promoters
    > ### Keywords: datasets
    >
    > ### ** Examples
    >
    > ## load Biostrings package
    > library(Biostrings)
    Error in library(Biostrings) : there is no package called ‘Biostrings’
    Execution halted
Flavor: r-release-osx-x86_64

Version: 1.4.4
Check: re-building of vignette outputs
Result: WARN
    Error in re-building vignettes:
     ...
    Warning: running command 'kpsewhich framed.sty' had status 1
    Warning in test_latex_pkg("framed", system.file("misc", "framed.sty", package = "knitr")) :
     unable to find LaTeX package 'framed'; will use a copy from knitr
    Quitting from lines 31-44 (apcluster.Rnw)
    Error: processing vignette 'apcluster.Rnw' failed with diagnostics:
    there is no package called 'kebabs'
    Execution halted
Flavor: r-release-osx-x86_64