CRAN Package Check Results for Package apcluster

Last updated on 2015-08-30 23:47:32.

Flavor Version Tinstall Tcheck Ttotal Status Flags
r-devel-linux-x86_64-debian-clang 1.4.1 18.77 97.60 116.37 NOTE
r-devel-linux-x86_64-debian-gcc 1.4.1 20.85 100.21 121.06 NOTE
r-devel-linux-x86_64-fedora-clang 1.4.1 236.37 NOTE
r-devel-linux-x86_64-fedora-gcc 1.4.1 240.06 NOTE
r-devel-osx-x86_64-clang 1.4.1 164.27 NOTE
r-devel-windows-ix86+x86_64 1.4.1 95.00 196.00 291.00 NOTE
r-patched-linux-x86_64 1.4.1 23.72 101.69 125.41 NOTE
r-patched-solaris-sparc 1.4.1 875.20 NOTE --no-vignettes
r-patched-solaris-x86 1.4.1 384.00 NOTE
r-release-linux-x86_64 1.4.1 22.30 103.78 126.08 NOTE
r-release-osx-x86_64-mavericks 1.4.1 OK
r-release-windows-ix86+x86_64 1.4.1 83.00 245.00 328.00 NOTE
r-oldrel-windows-ix86+x86_64 1.4.1 87.00 225.00 312.00 NOTE

Check Details

Version: 1.4.1
Check: R code for possible problems
Result: NOTE
    apcluster.dgTMatrix: no visible global function definition for ‘median’
    apcluster.dgTMatrix: no visible global function definition for
     ‘quantile’
    apcluster.dgTMatrix: no visible global function definition for ‘rnorm’
    apcluster.matrix: no visible global function definition for ‘median’
    apcluster.matrix: no visible global function definition for ‘quantile’
    apcluster.matrix: no visible global function definition for ‘rnorm’
    apclusterDemo: no visible global function definition for ‘runif’
    apclusterK.matrixOrDgT: no visible global function definition for
     ‘rnorm’
    apclusterL.matrix: no visible global function definition for ‘median’
    apclusterL.matrix: no visible global function definition for ‘quantile’
    apclusterL.matrix: no visible global function definition for ‘rnorm’
    corSimMat: no visible global function definition for ‘cor’
    heatmap.AggExResult.matrix: no visible global function definition for
     ‘order.dendrogram’
    heatmap.AggExResult.matrix: no visible global function definition for
     ‘rainbow’
    heatmap.AggExResult.matrix: no visible global function definition for
     ‘dev.hold’
    heatmap.AggExResult.matrix: no visible global function definition for
     ‘dev.flush’
    heatmap.AggExResult.matrix: no visible global function definition for
     ‘par’
    heatmap.AggExResult.matrix: no visible global function definition for
     ‘layout’
    heatmap.AggExResult.matrix: no visible global function definition for
     ‘axis’
    heatmap.AggExResult.matrix: no visible global function definition for
     ‘frame’
    heatmap.AggExResult.matrix: no visible global function definition for
     ‘title’
    apcluster,dgTMatrix-missing: no visible global function definition for
     ‘median’
    apcluster,dgTMatrix-missing: no visible global function definition for
     ‘quantile’
    apcluster,dgTMatrix-missing: no visible global function definition for
     ‘rnorm’
    apcluster,matrix-missing: no visible global function definition for
     ‘median’
    apcluster,matrix-missing: no visible global function definition for
     ‘quantile’
    apcluster,matrix-missing: no visible global function definition for
     ‘rnorm’
    apclusterK,dgTMatrix-missing: no visible global function definition for
     ‘rnorm’
    apclusterK,matrix-missing: no visible global function definition for
     ‘rnorm’
    as.dendrogram,ExClust: no visible binding for global variable ‘x’
    heatmap,AggExResult-matrix: no visible global function definition for
     ‘order.dendrogram’
    heatmap,AggExResult-matrix: no visible global function definition for
     ‘rainbow’
    heatmap,AggExResult-matrix: no visible global function definition for
     ‘dev.hold’
    heatmap,AggExResult-matrix: no visible global function definition for
     ‘dev.flush’
    heatmap,AggExResult-matrix: no visible global function definition for
     ‘par’
    heatmap,AggExResult-matrix: no visible global function definition for
     ‘layout’
    heatmap,AggExResult-matrix: no visible global function definition for
     ‘axis’
    heatmap,AggExResult-matrix: no visible global function definition for
     ‘frame’
    heatmap,AggExResult-matrix: no visible global function definition for
     ‘title’
    plot,APResult-missing: no visible global function definition for
     ‘lines’
    plot,APResult-missing: no visible global function definition for
     ‘legend’
    plot,AggExResult-missing: no visible global function definition for
     ‘axis’
    plot,ExClust-matrix: no visible global function definition for ‘points’
    plot,ExClust-matrix: no visible global function definition for
     ‘rainbow’
    plot,ExClust-matrix: no visible global function definition for
     ‘segments’
    plot,ExClust-matrix : clustPanel: no visible global function definition
     for ‘points’
    plot,ExClust-matrix : clustPanel: no visible global function definition
     for ‘segments’
    plot,ExClust-matrix: no visible global function definition for ‘pairs’
    Undefined global functions or variables:
     axis cor dev.flush dev.hold frame layout legend lines median
     order.dendrogram pairs par points quantile rainbow rnorm runif
     segments title x
    Consider adding
     importFrom("grDevices", "dev.flush", "dev.hold", "rainbow")
     importFrom("graphics", "axis", "frame", "layout", "legend", "lines",
     "pairs", "par", "points", "segments", "title")
     importFrom("stats", "cor", "median", "order.dendrogram", "quantile",
     "rnorm", "runif")
    to your NAMESPACE.
Flavors: r-devel-linux-x86_64-debian-clang, r-devel-linux-x86_64-debian-gcc, r-devel-linux-x86_64-fedora-clang, r-devel-linux-x86_64-fedora-gcc, r-devel-windows-ix86+x86_64

Version: 1.4.1
Check: R code for possible problems
Result: NOTE
    as.dendrogram,ExClust: no visible binding for global variable ‘x’
    Undefined global functions or variables:
     x
Flavor: r-devel-osx-x86_64-clang

Version: 1.4.1
Check: R code for possible problems
Result: NOTE
    as.dendrogram,ExClust : .local: no visible binding for global variable
     ‘x’
Flavors: r-patched-linux-x86_64, r-patched-solaris-x86, r-release-linux-x86_64, r-release-windows-ix86+x86_64, r-oldrel-windows-ix86+x86_64

Version: 1.4.1
Flags: --no-vignettes
Check: R code for possible problems
Result: NOTE
    as.dendrogram,ExClust : .local: no visible binding for global variable
     ‘x’
Flavor: r-patched-solaris-sparc