CRAN Package Check Results for Package apcluster

Last updated on 2017-01-19 08:46:49.

Flavor Version Tinstall Tcheck Ttotal Status Flags
r-devel-linux-x86_64-debian-clang 1.4.3 21.46 71.38 92.85 OK
r-devel-linux-x86_64-debian-gcc 1.4.3 22.12 70.40 92.52 OK
r-devel-linux-x86_64-fedora-clang 1.4.3 198.06 OK --no-stop-on-test-error
r-devel-linux-x86_64-fedora-gcc 1.4.3 193.33 OK --no-stop-on-test-error
r-devel-macos-x86_64-clang 1.4.3 136.30 OK --no-stop-on-test-error
r-devel-windows-ix86+x86_64 1.4.3 86.00 147.00 233.00 OK
r-patched-linux-x86_64 1.4.3 18.61 65.32 83.94 OK
r-patched-solaris-sparc 1.4.3 859.90 NOTE --no-vignettes
r-patched-solaris-x86 1.4.3 171.60 WARN
r-release-linux-x86_64 1.4.3 18.90 64.71 83.60 OK
r-release-osx-x86_64-mavericks 1.4.3 OK
r-release-windows-ix86+x86_64 1.4.3 63.00 192.00 255.00 OK
r-oldrel-windows-ix86+x86_64 1.4.3 63.00 157.00 220.00 OK

Check Details

Version: 1.4.3
Flags: --no-vignettes
Check: package dependencies
Result: NOTE
    Package suggested but not available for checking: ‘kebabs’
Flavor: r-patched-solaris-sparc

Version: 1.4.3
Check: package dependencies
Result: NOTE
    Package suggested but not available for checking: ‘kebabs’
Flavor: r-patched-solaris-x86

Version: 1.4.3
Check: re-building of vignette outputs
Result: WARN
    Error in re-building vignettes:
     ...
    Quitting from lines 31-44 (apcluster.Rnw)
    Error: processing vignette 'apcluster.Rnw' failed with diagnostics:
    there is no package called 'kebabs'
    Execution halted
Flavor: r-patched-solaris-x86