CRAN Package Check Results for Package apcluster

Last updated on 2017-03-29 23:52:52.

Flavor Version Tinstall Tcheck Ttotal Status Flags
r-devel-linux-x86_64-debian-clang 1.4.3 22.12 74.77 96.89 NOTE
r-devel-linux-x86_64-debian-gcc 1.4.3 22.60 72.68 95.28 NOTE
r-devel-linux-x86_64-fedora-clang 1.4.3 205.97 NOTE --no-stop-on-test-error
r-devel-linux-x86_64-fedora-gcc 1.4.3 137.77 NOTE --no-stop-on-test-error
r-devel-macos-x86_64-clang 1.4.3 136.73 NOTE --no-stop-on-test-error
r-devel-windows-ix86+x86_64 1.4.3 73.00 161.00 234.00 OK
r-patched-linux-x86_64 1.4.3 19.16 72.95 92.11 NOTE
r-patched-solaris-sparc 1.4.3 894.90 NOTE --no-vignettes
r-patched-solaris-x86 1.4.3 199.60 WARN
r-release-linux-x86_64 1.4.3 19.01 65.76 84.77 OK
r-release-osx-x86_64-mavericks 1.4.3 OK
r-release-windows-ix86+x86_64 1.4.3 130.00 200.00 330.00 OK
r-oldrel-windows-ix86+x86_64 1.4.3 116.00 181.00 297.00 OK

Check Details

Version: 1.4.3
Check: compiled code
Result: NOTE
    File ‘apcluster/libs/apcluster.so’:
     Found no calls to: ‘R_registerRoutines’, ‘R_useDynamicSymbols’
    
    It is good practice to register native routines and to disable symbol
    search.
    
    See ‘Writing portable packages’ in the ‘Writing R Extensions’ manual.
Flavors: r-devel-linux-x86_64-debian-clang, r-devel-linux-x86_64-debian-gcc, r-patched-linux-x86_64

Version: 1.4.3
Flags: --no-stop-on-test-error
Check: compiled code
Result: NOTE
    File ‘apcluster/libs/apcluster.so’:
     Found no calls to: ‘R_registerRoutines’, ‘R_useDynamicSymbols’
    
    It is good practice to register native routines and to disable symbol
    search.
    
    See ‘Writing portable packages’ in the ‘Writing R Extensions’ manual.
Flavors: r-devel-linux-x86_64-fedora-clang, r-devel-linux-x86_64-fedora-gcc, r-devel-macos-x86_64-clang

Version: 1.4.3
Flags: --no-vignettes
Check: package dependencies
Result: NOTE
    Package suggested but not available for checking: ‘kebabs’
Flavor: r-patched-solaris-sparc

Version: 1.4.3
Check: package dependencies
Result: NOTE
    Package suggested but not available for checking: ‘kebabs’
Flavor: r-patched-solaris-x86

Version: 1.4.3
Check: re-building of vignette outputs
Result: WARN
    Error in re-building vignettes:
     ...
    Quitting from lines 31-44 (apcluster.Rnw)
    Error: processing vignette 'apcluster.Rnw' failed with diagnostics:
    there is no package called 'kebabs'
    Execution halted
Flavor: r-patched-solaris-x86