CRAN Package Check Results for Package ape

Last updated on 2014-04-23 20:47:07.

Flavor Version Tinstall Tcheck Ttotal Status Flags
r-devel-linux-x86_64-debian-clang 3.1-1 7.16 82.44 89.60 OK
r-devel-linux-x86_64-debian-gcc 3.1-1 9.38 82.83 92.21 OK
r-devel-linux-x86_64-fedora-clang 3.1-1 183.49 OK
r-devel-linux-x86_64-fedora-gcc 3.1-1 179.02 OK
r-devel-osx-x86_64-clang 3.1-1 131.39 OK
r-devel-osx-x86_64-gcc 3.1-1 NOTE
r-devel-windows-ix86+x86_64 3.1-1 49.00 136.00 185.00 OK
r-patched-linux-x86_64 3.1-1 9.32 82.70 92.02 OK
r-patched-solaris-sparc 3.1-1 936.00 OK
r-patched-solaris-x86 3.1-1 203.50 OK
r-release-linux-ix86 3.1-1 15.00 124.00 139.00 OK
r-release-linux-x86_64 3.1-1 9.28 82.94 92.22 OK
r-release-osx-x86_64-mavericks 3.1-1 WARN
r-release-osx-x86_64-snowleopard 3.1-1 OK
r-release-windows-ix86+x86_64 3.1-1 46.00 139.00 185.00 OK
r-oldrel-windows-ix86+x86_64 3.1-1 45.00 142.00 187.00 OK

Check Details

Version: 3.1-1
Check: Rd cross-references
Result: NOTE
    Packages unavailable to check Rd xrefs: ‘ade4’, ‘pegas’, ‘phangorn’, ‘geiger’, ‘apTreeshape’
Flavor: r-devel-osx-x86_64-gcc

Version: 3.1-1
Check: Rd cross-references
Result: NOTE
    Package unavailable to check Rd xrefs: ‘pegas’
Flavor: r-release-osx-x86_64-mavericks

Version: 3.1-1
Check: PDF version of manual
Result: WARNING
    LaTeX errors when creating PDF version.
    This typically indicates Rd problems.
    LaTeX errors found:
    ! LaTeX Error: File `upquote.sty' not found.
    
    Type X to quit or <RETURN> to proceed,
    or enter new name. (Default extension: sty)
    
    49b29397/Rd2.tex:8: ==> Fatal error occurred, no output PDF file produced!
Flavor: r-release-osx-x86_64-mavericks