CRAN Package Check Results for Package ape

Last updated on 2014-09-21 23:47:13.

Flavor Version Tinstall Tcheck Ttotal Status Flags
r-devel-linux-x86_64-debian-clang 3.1-4 7.34 76.68 84.02 WARN
r-devel-linux-x86_64-debian-gcc 3.1-4 9.00 76.02 85.02 WARN
r-devel-linux-x86_64-fedora-clang 3.1-4 168.81 WARN
r-devel-linux-x86_64-fedora-gcc 3.1-4 158.63 WARN
r-devel-osx-x86_64-clang 3.1-4 137.57 WARN
r-devel-windows-ix86+x86_64 3.1-4 51.00 125.00 176.00 WARN
r-patched-linux-x86_64 3.1-4 9.30 81.15 90.45 WARN
r-patched-solaris-sparc 3.1-4 1002.60 WARN
r-patched-solaris-x86 3.1-4 206.80 WARN
r-release-linux-ix86 3.1-4 12.14 97.78 109.91 OK
r-release-linux-x86_64 3.1-4 9.15 81.48 90.64 OK
r-release-osx-x86_64-mavericks 3.1-4 OK
r-release-osx-x86_64-snowleopard 3.1-4 OK
r-release-windows-ix86+x86_64 3.1-4 47.00 149.00 196.00 OK
r-oldrel-windows-ix86+x86_64 3.1-4 51.00 148.00 199.00 OK

Check Details

Version: 3.1-4
Check: dependencies in R code
Result: WARN
    'library' or 'require' call not declared from: ‘parallel’
    See the information on DESCRIPTION files in the chapter ‘Creating R
    packages’ of the ‘Writing R Extensions’ manual.
Flavors: r-devel-linux-x86_64-debian-clang, r-devel-linux-x86_64-debian-gcc, r-devel-linux-x86_64-fedora-clang, r-devel-linux-x86_64-fedora-gcc, r-devel-osx-x86_64-clang, r-devel-windows-ix86+x86_64, r-patched-linux-x86_64, r-patched-solaris-sparc, r-patched-solaris-x86