CRAN Package Check Results for Package ape

Last updated on 2015-05-26 04:46:51.

Flavor Version Tinstall Tcheck Ttotal Status Flags
r-devel-linux-x86_64-debian-clang 3.2 7.57 76.56 84.13 NOTE
r-devel-linux-x86_64-debian-gcc 3.2 9.64 74.87 84.52 NOTE
r-devel-linux-x86_64-fedora-clang 3.2 162.54 NOTE
r-devel-linux-x86_64-fedora-gcc 3.2 157.42 NOTE
r-devel-osx-x86_64-clang 3.2 140.96 NOTE
r-devel-windows-ix86+x86_64 3.2 56.00 146.00 202.00 NOTE
r-patched-linux-x86_64 3.2 9.89 74.96 84.85 NOTE
r-patched-solaris-sparc 3.2 969.90 NOTE
r-patched-solaris-x86 3.2 186.00 NOTE
r-release-linux-x86_64 3.2 8.94 74.72 83.65 NOTE
r-release-osx-x86_64-mavericks 3.2 NOTE
r-release-osx-x86_64-snowleopard 3.2 NOTE
r-release-windows-ix86+x86_64 3.2 52.00 127.00 179.00 NOTE
r-oldrel-windows-ix86+x86_64 3.2 52.00 142.00 194.00 NOTE

Check Details

Version: 3.2
Check: dependencies in R code
Result: NOTE
    'library' or 'require' calls in package code:
     ‘expm’ ‘gee’
     Please use :: or requireNamespace() instead.
     See section 'Suggested packages' in the 'Writing R Extensions' manual.
Flavors: r-devel-linux-x86_64-debian-clang, r-devel-linux-x86_64-debian-gcc, r-devel-linux-x86_64-fedora-clang, r-devel-linux-x86_64-fedora-gcc, r-devel-osx-x86_64-clang, r-devel-windows-ix86+x86_64, r-patched-linux-x86_64, r-patched-solaris-sparc, r-patched-solaris-x86, r-release-linux-x86_64, r-release-osx-x86_64-mavericks, r-release-osx-x86_64-snowleopard, r-release-windows-ix86+x86_64, r-oldrel-windows-ix86+x86_64

Version: 3.2
Check: Rd cross-references
Result: NOTE
    Packages unavailable to check Rd xrefs: ‘pegas’, ‘phangorn’, ‘apTreeshape’
Flavor: r-release-osx-x86_64-snowleopard