CRAN Package Check Results for Package ape

Last updated on 2021-01-25 02:46:28 CET.

Flavor Version Tinstall Tcheck Ttotal Status Flags
r-devel-linux-x86_64-debian-clang 5.4-1 63.75 194.08 257.83 OK
r-devel-linux-x86_64-debian-gcc 5.4-1 44.70 144.90 189.60 OK
r-devel-linux-x86_64-fedora-clang 5.4-1 325.98 NOTE
r-devel-linux-x86_64-fedora-gcc 5.4-1 311.42 OK
r-devel-windows-ix86+x86_64 5.4-1 147.00 296.00 443.00 OK
r-patched-linux-x86_64 5.4-1 56.15 177.97 234.12 OK
r-patched-solaris-x86 5.4-1 350.80 OK
r-release-linux-x86_64 5.4-1 58.08 178.95 237.03 OK
r-release-macos-x86_64 5.4-1 OK
r-release-windows-ix86+x86_64 5.4-1 110.00 311.00 421.00 OK
r-oldrel-macos-x86_64 5.4-1 OK
r-oldrel-windows-ix86+x86_64 5.4-1 119.00 290.00 409.00 OK

Additional issues

valgrind

Check Details

Version: 5.4-1
Check: Rd cross-references
Result: NOTE
    Undeclared packages ‘phangorn’, ‘ade4’, ‘pegas’, ‘geiger’, ‘apTreeshape’ in Rd xrefs
Flavor: r-devel-linux-x86_64-fedora-clang