CRAN Package Check Results for Package ape

Last updated on 2023-02-06 13:54:52 CET.

Flavor Version Tinstall Tcheck Ttotal Status Flags
r-devel-linux-x86_64-debian-clang 5.6-2 79.10 293.23 372.33 WARN
r-devel-linux-x86_64-debian-gcc 5.6-2 56.18 210.38 266.56 WARN
r-devel-linux-x86_64-fedora-clang 5.6-2 452.03 WARN
r-devel-linux-x86_64-fedora-gcc 5.6-2 446.23 WARN
r-devel-windows-x86_64 5.6-2 172.00 443.00 615.00 OK
r-patched-linux-x86_64 5.6-2 65.94 271.19 337.13 OK
r-release-linux-x86_64 5.6-2 58.60 273.65 332.25 OK
r-release-macos-arm64 5.6-2 114.00 OK
r-release-macos-x86_64 5.6-2 164.00 OK
r-release-windows-x86_64 5.6-2 181.00 437.00 618.00 OK
r-oldrel-macos-arm64 5.6-2 139.00 NOTE
r-oldrel-macos-x86_64 5.6-2 177.00 OK
r-oldrel-windows-ix86+x86_64 5.6-2 153.00 406.00 559.00 NOTE

Check Details

Version: 5.6-2
Check: whether package can be installed
Result: WARN
    Found the following significant warnings:
     ./me.h:122:14: warning: a function declaration without a prototype is deprecated in all versions of C [-Wstrict-prototypes]
     me.c:234:14: warning: a function declaration without a prototype is deprecated in all versions of C [-Wstrict-prototypes]
    See ‘/home/hornik/tmp/R.check/r-devel-clang/Work/PKGS/ape.Rcheck/00install.out’ for details.
    * used C compiler: ‘Debian clang version 15.0.6’
    * used C++ compiler: ‘Debian clang version 15.0.6’
Flavor: r-devel-linux-x86_64-debian-clang

Version: 5.6-2
Check: whether package can be installed
Result: WARN
    Found the following significant warnings:
     me.h:122:1: warning: function declaration isn’t a prototype [-Wstrict-prototypes]
     me.c:234:7: warning: function declaration isn’t a prototype [-Wstrict-prototypes]
    See ‘/home/hornik/tmp/R.check/r-devel-gcc/Work/PKGS/ape.Rcheck/00install.out’ for details.
    * used C compiler: ‘gcc-12 (Debian 12.2.0-14) 12.2.0’
    * used C++ compiler: ‘g++-12 (Debian 12.2.0-14) 12.2.0’
Flavor: r-devel-linux-x86_64-debian-gcc

Version: 5.6-2
Check: whether package can be installed
Result: WARN
    Found the following significant warnings:
     ./me.h:122:14: warning: a function declaration without a prototype is deprecated in all versions of C [-Wstrict-prototypes]
     me.c:234:14: warning: a function declaration without a prototype is deprecated in all versions of C [-Wstrict-prototypes]
    See ‘/data/gannet/ripley/R/packages/tests-clang/ape.Rcheck/00install.out’ for details.
    * used C compiler: ‘clang version 15.0.7’
    * used C++ compiler: ‘clang version 15.0.7’
Flavor: r-devel-linux-x86_64-fedora-clang

Version: 5.6-2
Check: whether package can be installed
Result: WARN
    Found the following significant warnings:
     me.h:122:1: warning: function declaration isn’t a prototype [-Wstrict-prototypes]
     me.c:234:7: warning: function declaration isn’t a prototype [-Wstrict-prototypes]
    See ‘/data/gannet/ripley/R/packages/tests-devel/ape.Rcheck/00install.out’ for details.
    * used C compiler: ‘gcc (GCC) 12.2.1 20221121 (Red Hat 12.2.1-4)’
    * used C++ compiler: ‘g++ (GCC) 12.2.1 20221121 (Red Hat 12.2.1-4)’
Flavor: r-devel-linux-x86_64-fedora-gcc

Version: 5.6-2
Check: installed package size
Result: NOTE
     installed size is 5.2Mb
     sub-directories of 1Mb or more:
     R 1.1Mb
     doc 1.3Mb
     libs 1.9Mb
Flavors: r-oldrel-macos-arm64, r-oldrel-windows-ix86+x86_64