CRAN Package Check Results for Package ape

Last updated on 2015-04-01 13:48:09.

Flavor Version Tinstall Tcheck Ttotal Status Flags
r-devel-linux-x86_64-debian-clang 3.2 7.58 78.07 85.65 NOTE
r-devel-linux-x86_64-debian-gcc 3.2 10.24 76.01 86.24 NOTE
r-devel-linux-x86_64-fedora-clang 3.2 165.05 NOTE
r-devel-linux-x86_64-fedora-gcc 3.2 157.66 NOTE
r-devel-osx-x86_64-clang 3.2 152.13 NOTE
r-prerel-windows-ix86+x86_64 3.2 77.00 139.00 216.00 NOTE
r-prerel-linux-x86_64 3.2 9.20 74.04 83.24 NOTE
r-prerel-solaris-sparc 3.2 1004.00 NOTE
r-prerel-solaris-x86 3.2 190.40 NOTE
r-release-linux-x86_64 3.2 10.02 83.72 93.74 NOTE
r-release-osx-x86_64-mavericks 3.2 OK
r-release-osx-x86_64-snowleopard 3.2 OK
r-release-windows-ix86+x86_64 3.2 50.00 149.00 199.00 NOTE
r-oldrel-windows-ix86+x86_64 3.2 71.00 142.00 213.00 OK

Check Details

Version: 3.2
Check: dependencies in R code
Result: NOTE
    'library' or 'require' calls in package code:
     ‘expm’ ‘gee’
     Please use :: or requireNamespace() instead.
     See section 'Suggested packages' in the 'Writing R Extensions' manual.
Flavors: r-devel-linux-x86_64-debian-clang, r-devel-linux-x86_64-debian-gcc, r-devel-linux-x86_64-fedora-clang, r-devel-linux-x86_64-fedora-gcc, r-devel-osx-x86_64-clang, r-prerel-windows-ix86+x86_64, r-prerel-linux-x86_64, r-prerel-solaris-sparc, r-prerel-solaris-x86, r-release-linux-x86_64, r-release-windows-ix86+x86_64