CRAN Package Check Results for Package ape

Last updated on 2018-07-17 06:47:48 CEST.

Flavor Version Tinstall Tcheck Ttotal Status Flags
r-devel-linux-x86_64-debian-clang 5.1 52.83 135.27 188.10 OK
r-devel-linux-x86_64-debian-gcc 5.1 42.51 117.90 160.41 OK
r-devel-linux-x86_64-fedora-clang 5.1 252.18 OK
r-devel-linux-x86_64-fedora-gcc 5.1 240.35 WARN
r-devel-windows-ix86+x86_64 5.1 144.00 196.00 340.00 OK
r-patched-linux-x86_64 5.1 56.01 151.58 207.59 OK
r-patched-solaris-x86 5.1 288.90 OK
r-release-linux-x86_64 5.1 44.60 150.40 195.00 OK
r-release-windows-ix86+x86_64 5.1 151.00 273.00 424.00 OK
r-release-osx-x86_64 5.1 OK
r-oldrel-windows-ix86+x86_64 5.1 90.00 288.00 378.00 OK
r-oldrel-osx-x86_64 5.1 OK

Check Details

Version: 5.1
Check: whether package can be installed
Result: WARN
    Found the following significant warnings:
     me.c:226:3: warning: ‘strncpy’ specified bound 30 equals destination size [-Wstringop-truncation]
Flavor: r-devel-linux-x86_64-fedora-gcc