CRAN Package Check Results for Package ape

Last updated on 2015-01-30 11:49:05.

Flavor Version Tinstall Tcheck Ttotal Status Flags
r-devel-linux-x86_64-debian-clang 3.2 7.60 76.51 84.11 NOTE
r-devel-linux-x86_64-debian-gcc 3.2 9.02 77.87 86.89 NOTE
r-devel-linux-x86_64-fedora-clang 3.2 175.05 NOTE
r-devel-linux-x86_64-fedora-gcc 3.2 164.45 NOTE
r-devel-osx-x86_64-clang 3.2 151.74 NOTE
r-devel-windows-ix86+x86_64 3.2 75.00 128.00 203.00 NOTE
r-patched-linux-x86_64 3.2 9.54 82.17 91.70 OK
r-patched-solaris-sparc 3.2 1033.80 OK
r-patched-solaris-x86 3.2 200.70 OK
r-release-linux-ix86 3.2 11.54 94.26 105.80 OK
r-release-linux-x86_64 3.2 9.62 81.34 90.96 OK
r-release-osx-x86_64-mavericks 3.2 OK
r-release-osx-x86_64-snowleopard 3.2 OK
r-release-windows-ix86+x86_64 3.2 53.00 159.00 212.00 OK
r-oldrel-windows-ix86+x86_64 3.2 51.00 145.00 196.00 OK

Check Details

Version: 3.2
Check: dependencies in R code
Result: NOTE
    'library' or 'require' calls in package code:
     ‘expm’ ‘gee’
     Please use :: or requireNamespace() instead.
     See section 'Suggested packages' in the 'Writing R Extensions' manual.
Flavors: r-devel-linux-x86_64-debian-clang, r-devel-linux-x86_64-debian-gcc, r-devel-linux-x86_64-fedora-clang, r-devel-linux-x86_64-fedora-gcc, r-devel-osx-x86_64-clang, r-devel-windows-ix86+x86_64