CRAN Package Check Results for Package ape

Last updated on 2014-08-31 05:50:03.

Flavor Version Tinstall Tcheck Ttotal Status Flags
r-devel-linux-x86_64-debian-clang 3.1-4 7.42 75.34 82.76 WARN
r-devel-linux-x86_64-debian-gcc 3.1-4 9.23 74.84 84.07 WARN
r-devel-linux-x86_64-fedora-clang 3.1-4 176.87 WARN
r-devel-linux-x86_64-fedora-gcc 3.1-4 168.46 WARN
r-devel-osx-x86_64-clang 3.1-4 137.59 WARN
r-devel-windows-ix86+x86_64 3.1-4 50.00 141.00 191.00 WARN
r-patched-linux-x86_64 3.1-4 9.81 80.81 90.62 WARN
r-patched-solaris-sparc 3.1-4 1002.60 WARN
r-patched-solaris-x86 3.1-4 205.50 WARN
r-release-linux-ix86 3.1-4 12.04 96.11 108.15 OK
r-release-linux-x86_64 3.1-4 9.31 79.70 89.01 OK
r-release-osx-x86_64-mavericks 3.1-4 OK
r-release-osx-x86_64-snowleopard 3.1-4 OK
r-release-windows-ix86+x86_64 3.1-4 46.00 154.00 200.00 OK
r-oldrel-windows-ix86+x86_64 3.1-4 65.00 148.00 213.00 OK

Check Details

Version: 3.1-4
Check: dependencies in R code
Result: WARN
    'library' or 'require' call not declared from: ‘parallel’
    See the information on DESCRIPTION files in the chapter ‘Creating R
    packages’ of the ‘Writing R Extensions’ manual.
Flavors: r-devel-linux-x86_64-debian-clang, r-devel-linux-x86_64-debian-gcc, r-devel-linux-x86_64-fedora-clang, r-devel-linux-x86_64-fedora-gcc, r-devel-osx-x86_64-clang, r-devel-windows-ix86+x86_64, r-patched-linux-x86_64, r-patched-solaris-sparc, r-patched-solaris-x86