Last updated on 2025-01-13 17:50:24 CET.
Flavor | Version | Tinstall | Tcheck | Ttotal | Status | Flags |
---|---|---|---|---|---|---|
r-devel-linux-x86_64-debian-clang | 5.8-1 | 53.33 | 224.70 | 278.03 | OK | |
r-devel-linux-x86_64-debian-gcc | 5.8-1 | 35.53 | 139.43 | 174.96 | OK | |
r-devel-linux-x86_64-fedora-clang | 5.8-1 | 468.60 | OK | |||
r-devel-linux-x86_64-fedora-gcc | 5.8-1 | 447.40 | OK | |||
r-devel-windows-x86_64 | 5.8-1 | 66.00 | 331.00 | 397.00 | OK | |
r-patched-linux-x86_64 | 5.8-1 | 58.70 | 209.45 | 268.15 | OK | |
r-release-linux-x86_64 | 5.8-1 | 48.87 | 213.76 | 262.63 | OK | |
r-release-macos-arm64 | 5.8-1 | 108.00 | NOTE | |||
r-release-macos-x86_64 | 5.8-1 | 251.00 | NOTE | |||
r-release-windows-x86_64 | 5.8-1 | 66.00 | 309.00 | 375.00 | OK | |
r-oldrel-macos-arm64 | 5.8-1 | 106.00 | NOTE | |||
r-oldrel-macos-x86_64 | 5.8-1 | 245.00 | NOTE | |||
r-oldrel-windows-x86_64 | 5.8-1 | 77.00 | 381.00 | 458.00 | OK |
Version: 5.8-1
Check: installed package size
Result: NOTE
installed size is 5.7Mb
sub-directories of 1Mb or more:
R 2.0Mb
libs 1.7Mb
Flavors: r-release-macos-arm64, r-release-macos-x86_64, r-oldrel-macos-arm64, r-oldrel-macos-x86_64