CRAN Package Check Results for Package ape

Last updated on 2015-02-27 05:47:55.

Flavor Version Tinstall Tcheck Ttotal Status Flags
r-devel-linux-x86_64-debian-clang 3.2 7.36 78.47 85.83 NOTE
r-devel-linux-x86_64-debian-gcc 3.2 9.07 74.17 83.24 NOTE
r-devel-linux-x86_64-fedora-clang 3.2 162.65 NOTE
r-devel-linux-x86_64-fedora-gcc 3.2 154.46 NOTE
r-devel-osx-x86_64-clang 3.2 146.17 NOTE
r-devel-windows-ix86+x86_64 3.2 85.00 149.00 234.00 NOTE
r-patched-linux-x86_64 3.2 9.40 82.10 91.50 NOTE
r-patched-solaris-sparc 3.2 1048.60 NOTE
r-patched-solaris-x86 3.2 202.50 NOTE
r-release-linux-ix86 3.2 11.73 113.46 125.19 OK
r-release-linux-x86_64 3.2 9.67 87.06 96.73 OK
r-release-osx-x86_64-mavericks 3.2 OK
r-release-osx-x86_64-snowleopard 3.2 OK
r-release-windows-ix86+x86_64 3.2 53.00 152.00 205.00 OK
r-oldrel-windows-ix86+x86_64 3.2 54.00 156.00 210.00 OK

Check Details

Version: 3.2
Check: dependencies in R code
Result: NOTE
    'library' or 'require' calls in package code:
     ‘expm’ ‘gee’
     Please use :: or requireNamespace() instead.
     See section 'Suggested packages' in the 'Writing R Extensions' manual.
Flavors: r-devel-linux-x86_64-debian-clang, r-devel-linux-x86_64-debian-gcc, r-devel-linux-x86_64-fedora-clang, r-devel-linux-x86_64-fedora-gcc, r-devel-osx-x86_64-clang, r-devel-windows-ix86+x86_64, r-patched-linux-x86_64, r-patched-solaris-sparc, r-patched-solaris-x86