CRAN Package Check Results for Package apexcharter

Last updated on 2020-02-18 19:54:51 CET.

Flavor Version Tinstall Tcheck Ttotal Status Flags
r-devel-linux-x86_64-debian-clang 0.1.3 5.71 71.94 77.65 OK
r-devel-linux-x86_64-debian-gcc 0.1.3 4.18 55.10 59.28 OK
r-devel-linux-x86_64-fedora-clang 0.1.3 92.53 NOTE
r-devel-linux-x86_64-fedora-gcc 0.1.3 88.91 NOTE
r-devel-windows-ix86+x86_64 0.1.3 18.00 96.00 114.00 OK
r-devel-windows-ix86+x86_64-gcc8 0.1.3 19.00 140.00 159.00 OK
r-patched-linux-x86_64 0.1.3 4.52 62.54 67.06 OK
r-patched-solaris-x86 0.1.3 108.50 WARN
r-release-linux-x86_64 0.1.3 4.47 61.98 66.45 OK
r-release-windows-ix86+x86_64 0.1.3 14.00 91.00 105.00 OK
r-release-osx-x86_64 0.1.3 WARN
r-oldrel-windows-ix86+x86_64 0.1.3 10.00 92.00 102.00 OK
r-oldrel-osx-x86_64 0.1.3 WARN

Check Details

Version: 0.1.3
Check: dependencies in R code
Result: NOTE
    Namespace in Imports field not imported from: ‘scales’
     All declared Imports should be used.
Flavors: r-devel-linux-x86_64-fedora-clang, r-devel-linux-x86_64-fedora-gcc, r-patched-solaris-x86, r-release-osx-x86_64, r-oldrel-osx-x86_64

Version: 0.1.3
Check: data for non-ASCII characters
Result: NOTE
     Note: found 230 marked UTF-8 strings
Flavors: r-devel-linux-x86_64-fedora-clang, r-devel-linux-x86_64-fedora-gcc, r-patched-solaris-x86, r-release-osx-x86_64, r-oldrel-osx-x86_64

Version: 0.1.3
Check: re-building of vignette outputs
Result: WARN
    Error(s) in re-building vignettes:
     ...
    --- re-building ‘advanced-configuration.Rmd’ using rmarkdown
    Warning in engine$weave(file, quiet = quiet, encoding = enc) :
     Pandoc (>= 1.12.3) and/or pandoc-citeproc not available. Falling back to R Markdown v1.
    
    Attaching package: 'dplyr'
    
    The following objects are masked from 'package:stats':
    
     filter, lag
    
    The following objects are masked from 'package:base':
    
     intersect, setdiff, setequal, union
    
    Quitting from lines 106-107 (advanced-configuration.Rmd)
    Error: processing vignette 'advanced-configuration.Rmd' failed with diagnostics:
    there is no package called 'webshot'
    --- failed re-building ‘advanced-configuration.Rmd’
    
    --- re-building ‘labs.Rmd’ using rmarkdown
    Warning in engine$weave(file, quiet = quiet, encoding = enc) :
     Pandoc (>= 1.12.3) and/or pandoc-citeproc not available. Falling back to R Markdown v1.
    
    Attaching package: 'dplyr'
    
    The following objects are masked from 'package:stats':
    
     filter, lag
    
    The following objects are masked from 'package:base':
    
     intersect, setdiff, setequal, union
    
    Quitting from lines 32-34 (labs.Rmd)
    Error: processing vignette 'labs.Rmd' failed with diagnostics:
    there is no package called 'webshot'
    --- failed re-building ‘labs.Rmd’
    
    --- re-building ‘lines.Rmd’ using rmarkdown
    Warning in engine$weave(file, quiet = quiet, encoding = enc) :
     Pandoc (>= 1.12.3) and/or pandoc-citeproc not available. Falling back to R Markdown v1.
    
    Attaching package: 'dplyr'
    
    The following objects are masked from 'package:stats':
    
     filter, lag
    
    The following objects are masked from 'package:base':
    
     intersect, setdiff, setequal, union
    
    Quitting from lines 39-40 (lines.Rmd)
    Error: processing vignette 'lines.Rmd' failed with diagnostics:
    there is no package called 'webshot'
    --- failed re-building ‘lines.Rmd’
    
    --- re-building ‘starting-with-apexcharts.Rmd’ using rmarkdown
    Warning in engine$weave(file, quiet = quiet, encoding = enc) :
     Pandoc (>= 1.12.3) and/or pandoc-citeproc not available. Falling back to R Markdown v1.
    
    Attaching package: 'dplyr'
    
    The following objects are masked from 'package:stats':
    
     filter, lag
    
    The following objects are masked from 'package:base':
    
     intersect, setdiff, setequal, union
    
    Quitting from lines 37-41 (starting-with-apexcharts.Rmd)
    Error: processing vignette 'starting-with-apexcharts.Rmd' failed with diagnostics:
    there is no package called 'webshot'
    --- failed re-building ‘starting-with-apexcharts.Rmd’
    
    SUMMARY: processing the following files failed:
     ‘advanced-configuration.Rmd’ ‘labs.Rmd’ ‘lines.Rmd’
     ‘starting-with-apexcharts.Rmd’
    
    Error: Vignette re-building failed.
    Execution halted
Flavor: r-patched-solaris-x86

Version: 0.1.3
Check: re-building of vignette outputs
Result: WARN
    Error(s) in re-building vignettes:
    --- re-building ‘advanced-configuration.Rmd’ using rmarkdown
    Warning in engine$weave(file, quiet = quiet, encoding = enc) :
     Pandoc (>= 1.12.3) and/or pandoc-citeproc not available. Falling back to R Markdown v1.
    
    Attaching package: 'dplyr'
    
    The following objects are masked from 'package:stats':
    
     filter, lag
    
    The following objects are masked from 'package:base':
    
     intersect, setdiff, setequal, union
    
    Quitting from lines 106-107 (advanced-configuration.Rmd)
    Error: processing vignette 'advanced-configuration.Rmd' failed with diagnostics:
    cannot open the connection
    --- failed re-building ‘advanced-configuration.Rmd’
    
    --- re-building ‘labs.Rmd’ using rmarkdown
    Warning in engine$weave(file, quiet = quiet, encoding = enc) :
     Pandoc (>= 1.12.3) and/or pandoc-citeproc not available. Falling back to R Markdown v1.
    
    Attaching package: 'dplyr'
    
    The following objects are masked from 'package:stats':
    
     filter, lag
    
    The following objects are masked from 'package:base':
    
     intersect, setdiff, setequal, union
    
    Quitting from lines 32-34 (labs.Rmd)
    Error: processing vignette 'labs.Rmd' failed with diagnostics:
    cannot open the connection
    --- failed re-building ‘labs.Rmd’
    
    --- re-building ‘lines.Rmd’ using rmarkdown
    Warning in engine$weave(file, quiet = quiet, encoding = enc) :
     Pandoc (>= 1.12.3) and/or pandoc-citeproc not available. Falling back to R Markdown v1.
    
    Attaching package: 'dplyr'
    
    The following objects are masked from 'package:stats':
    
     filter, lag
    
    The following objects are masked from 'package:base':
    
     intersect, setdiff, setequal, union
    
    Quitting from lines 39-40 (lines.Rmd)
    Error: processing vignette 'lines.Rmd' failed with diagnostics:
    cannot open the connection
    --- failed re-building ‘lines.Rmd’
    
    --- re-building ‘starting-with-apexcharts.Rmd’ using rmarkdown
    Warning in engine$weave(file, quiet = quiet, encoding = enc) :
     Pandoc (>= 1.12.3) and/or pandoc-citeproc not available. Falling back to R Markdown v1.
    
    Attaching package: 'dplyr'
    
    The following objects are masked from 'package:stats':
    
     filter, lag
    
    The following objects are masked from 'package:base':
    
     intersect, setdiff, setequal, union
    
    Quitting from lines 37-41 (starting-with-apexcharts.Rmd)
    Error: processing vignette 'starting-with-apexcharts.Rmd' failed with diagnostics:
    cannot open the connection
    --- failed re-building ‘starting-with-apexcharts.Rmd’
    
    SUMMARY: processing the following files failed:
     ‘advanced-configuration.Rmd’ ‘labs.Rmd’ ‘lines.Rmd’
     ‘starting-with-apexcharts.Rmd’
    
    Error: Vignette re-building failed.
    Execution halted
Flavor: r-release-osx-x86_64

Version: 0.1.3
Check: re-building of vignette outputs
Result: WARN
    Error in re-building vignettes:
     ...
    Warning in engine$weave(file, quiet = quiet, encoding = enc) :
     Pandoc (>= 1.12.3) and/or pandoc-citeproc not available. Falling back to R Markdown v1.
    
    Attaching package: 'dplyr'
    
    The following objects are masked from 'package:stats':
    
     filter, lag
    
    The following objects are masked from 'package:base':
    
     intersect, setdiff, setequal, union
    
    Quitting from lines 106-107 (advanced-configuration.Rmd)
    Error: processing vignette 'advanced-configuration.Rmd' failed with diagnostics:
    cannot open the connection
    Execution halted
Flavor: r-oldrel-osx-x86_64