CRAN Package Check Results for Package apexcharter

Last updated on 2020-09-23 15:27:54 CEST.

Flavor Version Tinstall Tcheck Ttotal Status Flags
r-devel-linux-x86_64-debian-clang 0.1.6 7.16 105.29 112.45 OK
r-devel-linux-x86_64-debian-gcc 0.1.6 6.06 79.24 85.30 OK
r-devel-linux-x86_64-fedora-clang 0.1.6 137.15 NOTE
r-devel-linux-x86_64-fedora-gcc 0.1.6 128.93 NOTE
r-devel-windows-ix86+x86_64 0.1.6 19.00 166.00 185.00 OK
r-patched-linux-x86_64 0.1.6 7.99 99.17 107.16 OK
r-patched-solaris-x86 0.1.6 161.00 WARN
r-release-linux-x86_64 0.1.6 6.67 99.61 106.28 OK
r-release-macos-x86_64 0.1.6 WARN
r-release-windows-ix86+x86_64 0.1.6 27.00 158.00 185.00 OK
r-oldrel-macos-x86_64 0.1.6 WARN
r-oldrel-windows-ix86+x86_64 0.1.6 11.00 144.00 155.00 OK

Check Details

Version: 0.1.6
Check: data for non-ASCII characters
Result: NOTE
     Note: found 230 marked UTF-8 strings
Flavors: r-devel-linux-x86_64-fedora-clang, r-devel-linux-x86_64-fedora-gcc, r-patched-solaris-x86, r-release-macos-x86_64, r-oldrel-macos-x86_64

Version: 0.1.6
Check: installed package size
Result: NOTE
     installed size is 5.3Mb
     sub-directories of 1Mb or more:
     doc 3.4Mb
     htmlwidgets 1.1Mb
Flavor: r-patched-solaris-x86

Version: 0.1.6
Check: re-building of vignette outputs
Result: WARN
    Error(s) in re-building vignettes:
     ...
    --- re-building ‘apexcharter.Rmd’ using rmarkdown
    Warning in engine$weave(file, quiet = quiet, encoding = enc) :
     Pandoc (>= 1.12.3) and/or pandoc-citeproc not available. Falling back to R Markdown v1.
    
    Attaching package: 'dplyr'
    
    The following objects are masked from 'package:stats':
    
     filter, lag
    
    The following objects are masked from 'package:base':
    
     intersect, setdiff, setequal, union
    
    Quitting from lines 37-41 (apexcharter.Rmd)
    Error: processing vignette 'apexcharter.Rmd' failed with diagnostics:
    there is no package called 'webshot'
    --- failed re-building ‘apexcharter.Rmd’
    
    --- re-building ‘chart-options.Rmd’ using rmarkdown
    Warning in engine$weave(file, quiet = quiet, encoding = enc) :
     Pandoc (>= 1.12.3) and/or pandoc-citeproc not available. Falling back to R Markdown v1.
    
    Attaching package: 'dplyr'
    
    The following objects are masked from 'package:stats':
    
     filter, lag
    
    The following objects are masked from 'package:base':
    
     intersect, setdiff, setequal, union
    
    Quitting from lines 36-43 (chart-options.Rmd)
    Error: processing vignette 'chart-options.Rmd' failed with diagnostics:
    there is no package called 'webshot'
    --- failed re-building ‘chart-options.Rmd’
    
    --- re-building ‘shiny-integration.Rmd’ using rmarkdown
    Warning in engine$weave(file, quiet = quiet, encoding = enc) :
     Pandoc (>= 1.12.3) and/or pandoc-citeproc not available. Falling back to R Markdown v1.
    Quitting from lines 91-98 (shiny-integration.Rmd)
    Error: processing vignette 'shiny-integration.Rmd' failed with diagnostics:
    there is no package called 'webshot'
    --- failed re-building ‘shiny-integration.Rmd’
    
    --- re-building ‘spark-box.Rmd’ using rmarkdown
    Warning in engine$weave(file, quiet = quiet, encoding = enc) :
     Pandoc (>= 1.12.3) and/or pandoc-citeproc not available. Falling back to R Markdown v1.
    Quitting from lines 31-36 (spark-box.Rmd)
    Error: processing vignette 'spark-box.Rmd' failed with diagnostics:
    there is no package called 'webshot'
    --- failed re-building ‘spark-box.Rmd’
    
    --- re-building ‘sync-charts.Rmd’ using rmarkdown
    Warning in engine$weave(file, quiet = quiet, encoding = enc) :
     Pandoc (>= 1.12.3) and/or pandoc-citeproc not available. Falling back to R Markdown v1.
    Quitting from lines 45-46 (sync-charts.Rmd)
    Error: processing vignette 'sync-charts.Rmd' failed with diagnostics:
    there is no package called 'webshot'
    --- failed re-building ‘sync-charts.Rmd’
    
    SUMMARY: processing the following files failed:
     ‘apexcharter.Rmd’ ‘chart-options.Rmd’ ‘shiny-integration.Rmd’
     ‘spark-box.Rmd’ ‘sync-charts.Rmd’
    
    Error: Vignette re-building failed.
    Execution halted
Flavor: r-patched-solaris-x86

Version: 0.1.6
Check: re-building of vignette outputs
Result: WARN
    Error(s) in re-building vignettes:
    --- re-building ‘apexcharter.Rmd’ using rmarkdown
    Warning in engine$weave(file, quiet = quiet, encoding = enc) :
     Pandoc (>= 1.12.3) and/or pandoc-citeproc not available. Falling back to R Markdown v1.
    
    Attaching package: 'dplyr'
    
    The following objects are masked from 'package:stats':
    
     filter, lag
    
    The following objects are masked from 'package:base':
    
     intersect, setdiff, setequal, union
    
    Quitting from lines 37-41 (apexcharter.Rmd)
    Error: processing vignette 'apexcharter.Rmd' failed with diagnostics:
    cannot open the connection
    --- failed re-building ‘apexcharter.Rmd’
    
    --- re-building ‘chart-options.Rmd’ using rmarkdown
    Warning in engine$weave(file, quiet = quiet, encoding = enc) :
     Pandoc (>= 1.12.3) and/or pandoc-citeproc not available. Falling back to R Markdown v1.
    
    Attaching package: 'dplyr'
    
    The following objects are masked from 'package:stats':
    
     filter, lag
    
    The following objects are masked from 'package:base':
    
     intersect, setdiff, setequal, union
    
    Quitting from lines 36-43 (chart-options.Rmd)
    Error: processing vignette 'chart-options.Rmd' failed with diagnostics:
    cannot open the connection
    --- failed re-building ‘chart-options.Rmd’
    
    --- re-building ‘shiny-integration.Rmd’ using rmarkdown
    Warning in engine$weave(file, quiet = quiet, encoding = enc) :
     Pandoc (>= 1.12.3) and/or pandoc-citeproc not available. Falling back to R Markdown v1.
    Quitting from lines 91-98 (shiny-integration.Rmd)
    Error: processing vignette 'shiny-integration.Rmd' failed with diagnostics:
    cannot open the connection
    --- failed re-building ‘shiny-integration.Rmd’
    
    --- re-building ‘spark-box.Rmd’ using rmarkdown
    Warning in engine$weave(file, quiet = quiet, encoding = enc) :
     Pandoc (>= 1.12.3) and/or pandoc-citeproc not available. Falling back to R Markdown v1.
    Quitting from lines 31-36 (spark-box.Rmd)
    Error: processing vignette 'spark-box.Rmd' failed with diagnostics:
    cannot open the connection
    --- failed re-building ‘spark-box.Rmd’
    
    --- re-building ‘sync-charts.Rmd’ using rmarkdown
    Warning in engine$weave(file, quiet = quiet, encoding = enc) :
     Pandoc (>= 1.12.3) and/or pandoc-citeproc not available. Falling back to R Markdown v1.
    Quitting from lines 45-46 (sync-charts.Rmd)
    Error: processing vignette 'sync-charts.Rmd' failed with diagnostics:
    cannot open the connection
    --- failed re-building ‘sync-charts.Rmd’
    
    SUMMARY: processing the following files failed:
     ‘apexcharter.Rmd’ ‘chart-options.Rmd’ ‘shiny-integration.Rmd’
     ‘spark-box.Rmd’ ‘sync-charts.Rmd’
    
    Error: Vignette re-building failed.
    Execution halted
Flavors: r-release-macos-x86_64, r-oldrel-macos-x86_64