Last updated on 2023-03-27 21:54:13 CEST.
Flavor | Version | Tinstall | Tcheck | Ttotal | Status | Flags |
---|---|---|---|---|---|---|
r-devel-linux-x86_64-debian-clang | 1.3.5 | 54.39 | 110.55 | 164.94 | NOTE | |
r-devel-linux-x86_64-debian-gcc | 1.3.5 | 44.04 | 83.57 | 127.61 | NOTE | |
r-devel-linux-x86_64-fedora-clang | 1.3.5 | 223.54 | NOTE | |||
r-devel-linux-x86_64-fedora-gcc | 1.3.5 | 215.03 | NOTE | |||
r-devel-windows-x86_64 | 1.3.5 | 67.00 | 161.00 | 228.00 | NOTE | |
r-patched-linux-x86_64 | 1.3.5 | 48.26 | 104.38 | 152.64 | NOTE | |
r-release-linux-x86_64 | 1.3.5 | 47.26 | 103.66 | 150.92 | OK | |
r-release-macos-arm64 | 1.3.5 | 67.00 | OK | |||
r-release-macos-x86_64 | 1.3.5 | 75.00 | OK | |||
r-release-windows-x86_64 | 1.3.5 | 61.00 | 156.00 | 217.00 | OK | |
r-oldrel-macos-arm64 | 1.3.5 | 67.00 | OK | |||
r-oldrel-macos-x86_64 | 1.3.5 | 74.00 | OK | |||
r-oldrel-windows-ix86+x86_64 | 1.3.5 | 120.00 | 217.00 | 337.00 | OK |
Version: 1.3.5
Check: C++ specification
Result: NOTE
Specified C++11: please drop specification unless essential
Flavors: r-devel-linux-x86_64-debian-clang, r-devel-linux-x86_64-debian-gcc, r-devel-linux-x86_64-fedora-clang, r-devel-linux-x86_64-fedora-gcc, r-devel-windows-x86_64, r-patched-linux-x86_64